000
CXUS53 KGLD 010800
CF6GLD
PRELIMINARY LOCAL CLIMATOLOGICAL DATA (WS FORM: F-6)

                                          STATION:   GOODLAND KS
                                          MONTH:     AUGUST
                                          YEAR:      2012
                                          LATITUDE:   39 22 N
                                          LONGITUDE: 101 42 W

  TEMPERATURE IN F:       :PCPN:    SNOW:  WIND      :SUNSHINE: SKY     :PK WND
================================================================================
1   2   3   4   5  6A  6B    7    8   9   10  11  12  13   14  15   16   17  18
                                     12Z  AVG MX 2MIN
DY MAX MIN AVG DEP HDD CDD  WTR  SNW DPTH SPD SPD DIR MIN PSBL S-S WX    SPD DR
================================================================================

 1 102  67  85   9   0  20 0.02  0.0    0  9.3 21 330   M    M   0 3      27 330
 2  95  67  81   6   0  16 0.16  0.0    0  9.3 39 160   M    M   1 3      45 160
 3  97  65  81   6   0  16    T  0.0    0 11.6 32 150   M    M   0 3      39 150
 4  82  56  69  -6   0   4    T  0.0    0  9.9 26 350   M    M   1 3       M  M
 5  91  55  73  -2   0   8 0.00  0.0    0 13.6 25 170   M    M   0        35 160
 6 102  63  83   8   0  18 0.00  0.0    0 10.0 21 190   M    M   0        25 200
 7  94  63  79   4   0  14 0.44  0.0    0  9.0 25 200   M    M   0 3      35 240
 8  98  61  80   5   0  15 0.00  0.0    0  6.7 15  10   M    M   0        29 330
 9  88  54  71  -4   0   6 0.00  0.0    0  7.0 13 110   M    M   0        20  90
10  88  56  72  -3   0   7 0.00  0.0    0  9.6 18 150   M    M   0        30 160
11  95  61  78   3   0  13    T  0.0    0 10.6 31 330   M    M   1 3      52 320
12  89  57  73  -1   0   8 0.00  0.0    0 12.2 24 350   M    M   0        32  10
13  87  52  70  -4   0   5 0.15  0.0    0  9.0 24 180   M    M   2 3      28 180
14  87  58  73  -1   0   8 0.00  0.0    0 10.9 17 190   M    M   1        22 170
15  99  60  80   6   0  15    T  0.0    0 13.1 23  10   M    M   0 8      30  10
16  74  52  63 -11   2   0 0.00  0.0    0  8.7 25 360   M    M   0        31  30
17  82  50  66  -8   0   1 0.03  0.0    0 10.3 16 130   M    M   1        21 130
18  85  51  68  -6   0   3 0.06  0.0    0 12.5 25  10   M    M   0 13     32  10
19  80  44  62 -12   3   0 0.00  0.0    0  5.0 15 190   M    M   0        18 180
20  81  51  66  -7   0   1 0.00  0.0    0 12.7 23 170   M    M   0        32 160
21  90  60  75   2   0  10 0.00  0.0    0 13.2 24 130   M    M   1 3      32 130
22  94  59  77   4   0  12    T  0.0    0 13.8 26 220   M    M   0 138    35 230
23  89  58  74   1   0   9 0.02  0.0    0  8.3 22  90   M    M   2 138    31  90
24  77  63  70  -3   0   5 0.02  0.0    0  5.8 14 100   M    M   5 1      17  90
25  84  55  70  -2   0   5 0.00  0.0    0  7.6 21  30   M    M   2 1      28  10
26  94  62  78   6   0  13 0.00  0.0    0 11.3 18 160   M    M   0        26 150
27  98  59  79   7   0  14 0.00  0.0    0 12.6 22 160   M    M   0        28 150
28  98  61  80   8   0  15 0.00  0.0    0 13.7 21 170   M    M   0        25 180
29  98  65  82  10   0  17 0.00  0.0    0 16.0 28 180   M    M   0        33 190
30  98  65  82  11   0  17 0.00  0.0    0 14.0 25 190   M    M   0        33 170
31  96  59  78   7   0  13 0.00  0.0    0 10.2 21 130   M    M   0        30 160
================================================================================
SM 2812 1809         5 308  0.90     0.0 327.5          M       17
================================================================================
AV 90.7 58.4                              10.6 FASTST   M    M   1    MAX(MPH)
                                 MISC ---->  # 39 160               # 52  320
================================================================================
NOTES:
# LAST OF SEVERAL OCCURRENCES

COLUMN 17 PEAK WIND IN M.P.H.

PRELIMINARY LOCAL CLIMATOLOGICAL DATA (WS FORM: F-6) , PAGE 2

                                          STATION:  GOODLAND KS
                                          MONTH:    AUGUST
                                          YEAR:     2012
                                          LATITUDE:   39 22 N
                                          LONGITUDE: 101 42 W

[TEMPERATURE DATA]      [PRECIPITATION DATA]       SYMBOLS USED IN COLUMN 16

AVERAGE MONTHLY: 74.5   TOTAL FOR MONTH:   0.90    1 = FOG OR MIST
DPTR FM NORMAL:   0.8   DPTR FM NORMAL:   -1.80    2 = FOG REDUCING VISIBILITY
HIGHEST:   102 ON  6, 1 GRTST 24HR  0.44 ON  7- 7      TO 1/4 MILE OR LESS
LOWEST:     44 ON 19                               3 = THUNDER
                        SNOW, ICE PELLETS, HAIL    4 = ICE PELLETS
                        TOTAL MONTH:   0.0 INCH    5 = HAIL
                        GRTST 24HR     0.0         6 = FREEZING RAIN OR DRIZZLE
                        GRTST DEPTH:   0           7 = DUSTSTORM OR SANDSTORM:
                                                       VSBY 1/2 MILE OR LESS
                                                   8 = SMOKE OR HAZE
[NO. OF DAYS WITH]      [WEATHER - DAYS WITH]      9 = BLOWING SNOW
                                                   X = TORNADO
MAX 32 OR BELOW:   0    0.01 INCH OR MORE:   8
MAX 90 OR ABOVE:  17    0.10 INCH OR MORE:   3
MIN 32 OR BELOW:   0    0.50 INCH OR MORE:   0
MIN  0 OR BELOW:   0    1.00 INCH OR MORE:   0

[HDD (BASE 65) ]
TOTAL THIS MO.     5    CLEAR  (SCALE 0-3)  30
DPTR FM NORMAL    -3    PTCLDY (SCALE 4-7)   1
TOTAL FM JUL 1     5    CLOUDY (SCALE 8-10)  0
DPTR FM NORMAL    -7

[CDD (BASE 65) ]
TOTAL THIS MO.   308
DPTR FM NORMAL    29    [PRESSURE DATA]
TOTAL FM JAN 1  1248    HIGHEST SLP M ON M
DPTR FM NORMAL   415    LOWEST  SLP 29.67 ON  3

[REMARKS]
#FINAL-08-12#
