000
CXUS53 KGLD 010800
CF6GLD
PRELIMINARY LOCAL CLIMATOLOGICAL DATA (WS FORM: F-6)

                                          STATION:   GOODLAND KS
                                          MONTH:     JUNE
                                          YEAR:      2012
                                          LATITUDE:   39 22 N
                                          LONGITUDE: 101 42 W

  TEMPERATURE IN F:       :PCPN:    SNOW:  WIND      :SUNSHINE: SKY     :PK WND
================================================================================
1   2   3   4   5  6A  6B    7    8   9   10  11  12  13   14  15   16   17  18
                                     12Z  AVG MX 2MIN
DY MAX MIN AVG DEP HDD CDD  WTR  SNW DPTH SPD SPD DIR MIN PSBL S-S WX    SPD DR
================================================================================

 1  82  46  64  -1   1   0 0.00  0.0    0 12.8 24 180   M    M   1        30 170
 2  91  53  72   7   0   7 0.29  0.0    0 12.6 39 270   M    M   2 138    52 270
 3  93  56  75   9   0  10 0.00  0.0    0  7.2 23 360   M    M   1        28 360
 4  92  59  76  10   0  11    T  0.0    0  9.3 21 230   M    M   2 3      28 120
 5  91  55  73   7   0   8 0.00  0.0    0 12.0 31 150   M    M   0        37 150
 6  87  57  72   6   0   7 0.00  0.0    0 16.8 28 150   M    M   1        37 150
 7  83  60  72   5   0   7 0.00  0.0    0 19.2 30 170   M    M   6 1      39 150
 8  89  62  76   9   0  11 0.00  0.0    0 19.6 31 170   M    M   4        44 170
 9 101  65  83  15   0  18 0.00  0.0    0 21.7 33 160   M    M   1        47 170
10  80  53  67  -1   0   2 0.00  0.0    0 18.6 40 340   M    M   2        51 340
11  83  49  66  -2   0   1 0.00  0.0    0 10.1 24 360   M    M   1        33 360
12  88  50  69   0   0   4    T  0.0    0 21.2 39 170   M    M   0 3      48 180
13  98  52  75   6   0  10 0.00  0.0    0 16.9 30 170   M    M   0 3      35 180
14  95  63  79  10   0  14 0.00  0.0    0 12.9 39 110   M    M   1 38     52 120
15  89  58  74   4   0   9 0.61  0.0    0 12.7 26 310   M    M   2 13     33 200
16  84  57  71   1   0   6    T  0.0    0  9.1 22 280   M    M   2        25 340
17  97  61  79   9   0  14 0.00  0.0    0 12.3 18 190   M    M   0        25 160
18 104  60  82  11   0  17 0.00  0.0    0 15.5 31 160   M    M   0        39 160
19 102  69  86  15   0  21 0.00  0.0    0 20.0 36 170   M    M   0        45 180
20  81  56  69  -2   0   4 0.00  0.0    0 18.0 32 180   M    M   2        44 170
21  83  56  70  -2   0   5 0.00  0.0    0  8.3 22 160   M    M   2        29 130
22  94  58  76   4   0  11 0.00  0.0    0 26.7 38 170   M    M   3        47 160
23 106  60  83  11   0  18 0.00  0.0    0  9.3 33 170   M    M   0        43 180
24 109  72  91  18   0  26 0.00  0.0    0 13.9 25 170   M    M   0        31 220
25 107  67  87  14   0  22 0.00  0.0    0 14.9 30 180   M    M   0        46 160
26 110  62  86  13   0  21 0.00  0.0    0 15.8 26 190   M    M   0        35 210
27 110  73  92  19   0  27 0.00  0.0    0 11.9 38 310   M    M   0 8      54 310
28 103  63  83   9   0  18    T  0.0    0  7.4 35 250   M    M   1 3      43 160
29 102  59  81   7   0  16    T  0.0    0  6.8 26 280   M    M   0 3      32 270
30 103  69  86  12   0  21 0.09  0.0    0 11.5 31 150   M    M   0 3      40 150
================================================================================
SM 2837 1780         1 366  0.99     0.0 425.0          M       34
================================================================================
AV 94.6 59.3                              14.2 FASTST   M    M   1    MAX(MPH)
                                 MISC ---->  # 40 340               # 54  310
================================================================================
NOTES:
# LAST OF SEVERAL OCCURRENCES

COLUMN 17 PEAK WIND IN M.P.H.

PRELIMINARY LOCAL CLIMATOLOGICAL DATA (WS FORM: F-6) , PAGE 2

                                          STATION:  GOODLAND KS
                                          MONTH:    JUNE
                                          YEAR:     2012
                                          LATITUDE:   39 22 N
                                          LONGITUDE: 101 42 W

[TEMPERATURE DATA]      [PRECIPITATION DATA]       SYMBOLS USED IN COLUMN 16

AVERAGE MONTHLY: 76.9   TOTAL FOR MONTH:   0.99    1 = FOG OR MIST
DPTR FM NORMAL:   7.2   DPTR FM NORMAL:   -2.26    2 = FOG REDUCING VISIBILITY
HIGHEST:   110 ON 27,26 GRTST 24HR  0.61 ON 15-15      TO 1/4 MILE OR LESS
LOWEST:     46 ON  1                               3 = THUNDER
                        SNOW, ICE PELLETS, HAIL    4 = ICE PELLETS
                        TOTAL MONTH:   0.0 INCH    5 = HAIL
                        GRTST 24HR     0.0         6 = FREEZING RAIN OR DRIZZLE
                        GRTST DEPTH:   0           7 = DUSTSTORM OR SANDSTORM:
                                                       VSBY 1/2 MILE OR LESS
                                                   8 = SMOKE OR HAZE
[NO. OF DAYS WITH]      [WEATHER - DAYS WITH]      9 = BLOWING SNOW
                                                   X = TORNADO
MAX 32 OR BELOW:   0    0.01 INCH OR MORE:   3
MAX 90 OR ABOVE:  19    0.10 INCH OR MORE:   2
MIN 32 OR BELOW:   0    0.50 INCH OR MORE:   1
MIN  0 OR BELOW:   0    1.00 INCH OR MORE:   0

[HDD (BASE 65) ]
TOTAL THIS MO.     1    CLEAR  (SCALE 0-3)  28
DPTR FM NORMAL   -36    PTCLDY (SCALE 4-7)   2
TOTAL FM JUL 1  5042    CLOUDY (SCALE 8-10)  0
DPTR FM NORMAL  -861

[CDD (BASE 65) ]
TOTAL THIS MO.   366
DPTR FM NORMAL   187    [PRESSURE DATA]
TOTAL FM JAN 1   454    HIGHEST SLP M ON M
DPTR FM NORMAL   234    LOWEST  SLP 29.33 ON  9

[REMARKS]
#FINAL-06-12#
