000
CXUS53 KGLD 010800
CF6GLD
PRELIMINARY LOCAL CLIMATOLOGICAL DATA (WS FORM: F-6)

                                          STATION:   GOODLAND KS
                                          MONTH:     MAY
                                          YEAR:      2012
                                          LATITUDE:   39 22 N
                                          LONGITUDE: 101 42 W

  TEMPERATURE IN F:       :PCPN:    SNOW:  WIND      :SUNSHINE: SKY     :PK WND
================================================================================
1   2   3   4   5  6A  6B    7    8   9   10  11  12  13   14  15   16   17  18
                                     12Z  AVG MX 2MIN
DY MAX MIN AVG DEP HDD CDD  WTR  SNW DPTH SPD SPD DIR MIN PSBL S-S WX    SPD DR
================================================================================

 1  83  53  68  14   0   3 0.00  0.0    0  7.3 20 340   M    M   3 18     24 340
 2  83  44  64   9   1   0 0.00  0.0    0  7.6 24 360   M    M   0        31 360
 3  84  47  66  11   0   1 0.00  0.0    0  7.9 20 360   M    M   0        26 360
 4  91  55  73  18   0   8 0.00  0.0    0  8.3 15  10   M    M   0 12     20  40
 5  88  51  70  14   0   5 0.00  0.0    0 12.5 36 360   M    M   0        47 360
 6  69  43  56   0   9   0 0.00  0.0    0 18.5 36 360   M    M   4        47 360
 7  59  43  51  -5  14   0 0.06  0.0    0  8.4 20 350   M    M   8        25  20
 8  71  41  56  -1   9   0 0.00  0.0    0  7.9 20 330   M    M   2        23 330
 9  80  39  60   3   5   0 0.00  0.0    0 11.5 18 190   M    M   0        23 250
10  86  49  68  11   0   3 0.00  0.0    0 14.6 24 180   M    M   0 8      31 200
11  65  40  53  -5  12   0 0.00  0.0    0 15.3 26  30   M    M   2        36  10
12  49  40  45 -13  20   0 0.16  0.0    0  6.0 14  40   M    M  10 1      16  30
13  71  40  56  -2   9   0 0.00  0.0    0  3.8 12 160   M    M   5 1      18 180
14  80  44  62   3   3   0 0.00  0.0    0  6.1 12 230   M    M   0        20 340
15  88  47  68   9   0   3 0.00  0.0    0  7.4 14 360   M    M   0        28 320
16  89  43  66   7   0   1 0.00  0.0    0 15.8 30 170   M    M   0 8      37 180
17  90  51  71  11   0   6    T  0.0    0 13.0 35 170   M    M   1 38     44 180
18  94  47  71  11   0   6 0.00  0.0    0 14.8 33 150   M    M   0        41 150
19  64  41  53  -7  12   0 0.03  0.0    0 19.1 35 320   M    M   4        41  30
20  75  39  57  -4   8   0 0.00  0.0    0  7.0 16 160   M    M   0        22 150
21  83  47  65   4   0   0 0.00  0.0    0 18.3 30 170   M    M   0        38 180
22  96  57  77  16   0  12 0.00  0.0    0 19.4 28 150   M    M   0        36 150
23  81  50  66   4   0   1 0.07  0.0    0 19.6 33 360   M    M   0 135    43 360
24  74  47  61  -1   4   0 0.12  0.0    0  9.2 30 360   M    M   4 135    38 350
25  75  47  61  -1   4   0 0.00  0.0    0 15.1 24  90   M    M   7 1      32  90
26  97  58  78  15   0  13 0.00  0.0    0 25.1 49 170   M    M   0 18     61 180
27  88  49  69   6   0   4 0.00  0.0    0 13.1 25 160   M    M   0        35 160
28  81  40  61  -2   4   0 0.00  0.0    0  8.2 22 250   M    M   0        30 190
29  82  42  62  -2   3   0 0.00  0.0    0  8.9 18  40   M    M   0        24  90
30  91  48  70   6   0   5 0.01  0.0    0 12.9 36  20   M    M   2 3      45  10
31  77  42  60  -4   5   0 0.00  0.0    0 11.2 23  90   M    M   3        38 340
================================================================================
SM 2484 1424       122  71  0.45     0.0 373.8          M       55
================================================================================
AV 80.1 45.9                              12.1 FASTST   M    M   2    MAX(MPH)
                                 MISC ---->  # 49 170               # 61  180
================================================================================
NOTES:
# LAST OF SEVERAL OCCURRENCES

COLUMN 17 PEAK WIND IN M.P.H.

PRELIMINARY LOCAL CLIMATOLOGICAL DATA (WS FORM: F-6) , PAGE 2

                                          STATION:  GOODLAND KS
                                          MONTH:    MAY
                                          YEAR:     2012
                                          LATITUDE:   39 22 N
                                          LONGITUDE: 101 42 W

[TEMPERATURE DATA]      [PRECIPITATION DATA]       SYMBOLS USED IN COLUMN 16

AVERAGE MONTHLY: 63.0   TOTAL FOR MONTH:   0.45    1 = FOG OR MIST
DPTR FM NORMAL:   3.6   DPTR FM NORMAL:   -2.50    2 = FOG REDUCING VISIBILITY
HIGHEST:    97 ON 26    GRTST 24HR  0.16 ON 11-12      TO 1/4 MILE OR LESS
LOWEST:     39 ON 20, 9                            3 = THUNDER
                        SNOW, ICE PELLETS, HAIL    4 = ICE PELLETS
                        TOTAL MONTH:   0.0 INCH    5 = HAIL
                        GRTST 24HR     0.0         6 = FREEZING RAIN OR DRIZZLE
                        GRTST DEPTH:   0           7 = DUSTSTORM OR SANDSTORM:
                                                       VSBY 1/2 MILE OR LESS
                                                   8 = SMOKE OR HAZE
[NO. OF DAYS WITH]      [WEATHER - DAYS WITH]      9 = BLOWING SNOW
                                                   X = TORNADO
MAX 32 OR BELOW:   0    0.01 INCH OR MORE:   6
MAX 90 OR ABOVE:   6    0.10 INCH OR MORE:   2
MIN 32 OR BELOW:   0    0.50 INCH OR MORE:   0
MIN  0 OR BELOW:   0    1.00 INCH OR MORE:   0

[HDD (BASE 65) ]
TOTAL THIS MO.   122    CLEAR  (SCALE 0-3)  23
DPTR FM NORMAL   -89    PTCLDY (SCALE 4-7)   6
TOTAL FM JUL 1  5041    CLOUDY (SCALE 8-10)  2
DPTR FM NORMAL  -825

[CDD (BASE 65) ]
TOTAL THIS MO.    71
DPTR FM NORMAL    34    [PRESSURE DATA]
TOTAL FM JAN 1    88    HIGHEST SLP M ON M
DPTR FM NORMAL    47    LOWEST  SLP 29.29 ON 23

[REMARKS]
#FINAL-05-12#
