000
CXUS53 KGLD 010800
CF6GLD
PRELIMINARY LOCAL CLIMATOLOGICAL DATA (WS FORM: F-6)

                                          STATION:   GOODLAND KS
                                          MONTH:     JULY
                                          YEAR:      2012
                                          LATITUDE:   39 22 N
                                          LONGITUDE: 101 42 W

  TEMPERATURE IN F:       :PCPN:    SNOW:  WIND      :SUNSHINE: SKY     :PK WND
================================================================================
1   2   3   4   5  6A  6B    7    8   9   10  11  12  13   14  15   16   17  18
                                     12Z  AVG MX 2MIN
DY MAX MIN AVG DEP HDD CDD  WTR  SNW DPTH SPD SPD DIR MIN PSBL S-S WX    SPD DR
================================================================================

 1  96  67  82   8   0  17    T  0.0    0 15.5 28 160   M    M   0 3      35 160
 2 102  64  83   8   0  18 0.00  0.0    0 13.6 20 170   M    M   0        31 160
 3 100  68  84   9   0  19 0.00  0.0    0 12.7 26 160   M    M   0        31 160
 4 103  71  87  12   0  22 0.00  0.0    0 13.8 30 170   M    M   0        36 170
 5 100  69  85  10   0  20 0.00  0.0    0 16.2 29 160   M    M   1        38 160
 6 101  68  85  10   0  20 0.00  0.0    0 13.1 28 180   M    M   0        32 190
 7  94  67  81   6   0  16    T  0.0    0 11.0 24 150   M    M   3 3      33 150
 8  82  63  73  -3   0   8 1.22  0.0    0  9.3 21 330   M    M   8 13     26 330
 9  80  56  68  -8   0   3 0.00  0.0    0  8.3 20  60   M    M   6        24  90
10  85  53  69  -7   0   4 0.00  0.0    0  6.5 15 140   M    M   0        20 160
11  89  58  74  -2   0   9 0.00  0.0    0  8.9 15 130   M    M   0        20 130
12  95  63  79   3   0  14 0.00  0.0    0 11.7 17 170   M    M   0 3      22 160
13  97  66  82   6   0  17 0.00  0.0    0  9.1 30 160   M    M   0        37 150
14  98  60  79   3   0  14 0.00  0.0    0  8.8 21 120   M    M   0        30 140
15 101  64  83   7   0  18 0.00  0.0    0 17.3 31 170   M    M   0        44 170
16  98  67  83   7   0  18 0.00  0.0    0 15.6 23 150   M    M   0        30 150
17  99  60  80   4   0  15    T  0.0    0  5.6 20  70   M    M   1 3      23  60
18 100  61  81   5   0  16 0.00  0.0    0  7.2 14 110   M    M   0        25  50
19 102  63  83   7   0  18 0.00  0.0    0  7.5 17 110   M    M   0        23 120
20 102  64  83   7   0  18 0.00  0.0    0  8.9 18 120   M    M   0        25 100
21 105  65  85   9   0  20 0.00  0.0    0 11.7 22 160   M    M   0        28 170
22 103  70  87  11   0  22 0.00  0.0    0 13.6 24 160   M    M   0        31 160
23 100  64  82   6   0  17 0.00  0.0    0 11.0 23 160   M    M   0        30 150
24 104  57  81   5   0  16 0.00  0.0    0  8.1 21 170   M    M   0        28 180
25  96  65  81   5   0  16 0.00  0.0    0 12.3 23  10   M    M   0        29  30
26  95  58  77   1   0  12 0.00  0.0    0  5.4 10 190   M    M   0        14  50
27  99  57  78   2   0  13 0.00  0.0    0  8.9 22 160   M    M   0        28 170
28 102  66  84   8   0  19    T  0.0    0  9.6 24 260   M    M   2 3      38 260
29  98  66  82   6   0  17 0.01  0.0    0 11.1 39 330   M    M   1 3      53 320
30  93  63  78   2   0  13 0.62  0.0    0  8.6 46 280   M    M   2 13     55 280
31  96  68  82   6   0  17 0.00  0.0    0  9.0 30 280   M    M   0        38 280
================================================================================
SM 3015 1971         0 486  1.85     0.0 329.9          M       24
================================================================================
AV 97.3 63.6                              10.6 FASTST   M    M   1    MAX(MPH)
                                 MISC ---->  # 46 280               # 55  280
================================================================================
NOTES:
# LAST OF SEVERAL OCCURRENCES

COLUMN 17 PEAK WIND IN M.P.H.

PRELIMINARY LOCAL CLIMATOLOGICAL DATA (WS FORM: F-6) , PAGE 2

                                          STATION:  GOODLAND KS
                                          MONTH:    JULY
                                          YEAR:     2012
                                          LATITUDE:   39 22 N
                                          LONGITUDE: 101 42 W

[TEMPERATURE DATA]      [PRECIPITATION DATA]       SYMBOLS USED IN COLUMN 16

AVERAGE MONTHLY: 80.4   TOTAL FOR MONTH:   1.85    1 = FOG OR MIST
DPTR FM NORMAL:   4.7   DPTR FM NORMAL:   -1.62    2 = FOG REDUCING VISIBILITY
HIGHEST:   105 ON 21    GRTST 24HR  1.22 ON  8- 8      TO 1/4 MILE OR LESS
LOWEST:     53 ON 10                               3 = THUNDER
                        SNOW, ICE PELLETS, HAIL    4 = ICE PELLETS
                        TOTAL MONTH:   0.0 INCH    5 = HAIL
                        GRTST 24HR     0.0         6 = FREEZING RAIN OR DRIZZLE
                        GRTST DEPTH:   0           7 = DUSTSTORM OR SANDSTORM:
                                                       VSBY 1/2 MILE OR LESS
                                                   8 = SMOKE OR HAZE
[NO. OF DAYS WITH]      [WEATHER - DAYS WITH]      9 = BLOWING SNOW
                                                   X = TORNADO
MAX 32 OR BELOW:   0    0.01 INCH OR MORE:   3
MAX 90 OR ABOVE:  27    0.10 INCH OR MORE:   2
MIN 32 OR BELOW:   0    0.50 INCH OR MORE:   2
MIN  0 OR BELOW:   0    1.00 INCH OR MORE:   1

[HDD (BASE 65) ]
TOTAL THIS MO.     0    CLEAR  (SCALE 0-3)  29
DPTR FM NORMAL    -4    PTCLDY (SCALE 4-7)   2
TOTAL FM JUL 1     0    CLOUDY (SCALE 8-10)  0
DPTR FM NORMAL    -4

[CDD (BASE 65) ]
TOTAL THIS MO.   486
DPTR FM NORMAL   152    [PRESSURE DATA]
TOTAL FM JAN 1   940    HIGHEST SLP M ON M
DPTR FM NORMAL   386    LOWEST  SLP 29.61 ON 24

[REMARKS]
#FINAL-07-12#
