000
CXUS53 KGLD 010800
CF6GLD
PRELIMINARY LOCAL CLIMATOLOGICAL DATA (WS FORM: F-6)

                                          STATION:   GOODLAND KS
                                          MONTH:     FEBRUARY
                                          YEAR:      2012
                                          LATITUDE:   39 22 N
                                          LONGITUDE: 101 42 W

  TEMPERATURE IN F:       :PCPN:    SNOW:  WIND      :SUNSHINE: SKY     :PK WND
================================================================================
1   2   3   4   5  6A  6B    7    8   9   10  11  12  13   14  15   16   17  18
                                     12Z  AVG MX 2MIN
DY MAX MIN AVG DEP HDD CDD  WTR  SNW DPTH SPD SPD DIR MIN PSBL S-S WX    SPD DR
================================================================================

 1  56  20  38   8  27   0 0.00  0.0    0  8.4 22 330   M    M   0 8      26 330
 2  56  28  42  12  23   0 0.10    T    0 12.9 28 160   M    M   4 1      33 160
 3  35  29  32   2  33   0 0.18  3.1    0 16.2 24 360   M    M  10 1      30 360
 4  33  18  26  -4  39   0    T    T    2 16.1 26 340   M    M   4 1      32 340
 5  41  13  27  -3  38   0 0.00  0.0    1  5.5 12 280   M    M   0        13 280
 6  41  15  28  -2  37   0    T    T    T  6.5 22 360   M    M   2 18     28 360
 7  29  21  25  -6  40   0    T    T    T 14.7 28 360   M    M  10 1      35  10
 8  32  19  26  -5  39   0 0.00  0.0    T  9.6 17 200   M    M   7        22 210
 9  47  25  36   5  29   0 0.00  0.0    0 10.9 24 310   M    M   4        29 310
10  30  13  22  -9  43   0 0.03  0.6    0  8.8 18  60   M    M   7 18     22  60
11  19   1  10 -21  55   0 0.03  1.0    2  7.5 17 150   M    M   8 1      22 160
12  35  16  26  -6  39   0 0.00  0.0    T 21.9 33 180   M    M   5        40 180
13  42  22  32   0  33   0 0.04  0.4    T 13.1 28 320   M    M   5 1      33 340
14  54  24  39   7  26   0 0.00  0.0    0  8.1 18 170   M    M   2 1      24 190
15  43  20  32   0  33   0 0.00  0.0    0 13.0 28 360   M    M   2        36 360
16  50  17  34   2  31   0 0.00  0.0    0  8.1 20 190   M    M   1        25 190
17  52  20  36   3  29   0 0.00  0.0    0  8.6 20  10   M    M   1        23 360
18  45  17  31  -2  34   0 0.00  0.0    0  9.2 20 190   M    M   2 1      25 200
19  48  28  38   5  27   0 0.00  0.0    0 18.9 28 150   M    M   6 1      37 160
20  38  22  30  -4  35   0 0.04  0.3    0 23.8 46 330   M    M   6 1      59 320
21  54  19  37   3  28   0 0.00  0.0    0  9.4 21 260   M    M   0        25 290
22  67  32  50  16  15   0 0.00  0.0    0 14.3 31 280   M    M   2        43 320
23  46  23  35   1  30   0 0.00  0.0    0 22.4 39 330   M    M   4        47 320
24  46  17  32  -3  33   0 0.00  0.0    0 14.3 32 310   M    M   1        53 320
25  64  15  40   5  25   0 0.00  0.0    0 18.7 33 330   M    M   0        46 310
26  49  17  33  -2  32   0 0.00  0.0    0 15.4 35 330   M    M   0        48 310
27  45  12  29  -7  36   0 0.00  0.0    0 16.0 32 160   M    M   4        39 160
28  66  26  46  10  19   0    T  0.0    0 22.0 44 270   M    M   7 1238   54 220
29  60  27  44   8  21   0 0.00  0.0    0 13.3 23 280   M    M   0        26 290
================================================================================
SM 1323  576       929   0  0.42     5.4 387.6          M      104
================================================================================
AV 45.6 19.9                              13.4 FASTST   M    M   4    MAX(MPH)
                                 MISC ---->  # 46 330               # 59  320
================================================================================
NOTES:
# LAST OF SEVERAL OCCURRENCES

COLUMN 17 PEAK WIND IN M.P.H.

PRELIMINARY LOCAL CLIMATOLOGICAL DATA (WS FORM: F-6) , PAGE 2

                                          STATION:  GOODLAND KS
                                          MONTH:    FEBRUARY
                                          YEAR:     2012
                                          LATITUDE:   39 22 N
                                          LONGITUDE: 101 42 W

[TEMPERATURE DATA]      [PRECIPITATION DATA]       SYMBOLS USED IN COLUMN 16

AVERAGE MONTHLY: 32.7   TOTAL FOR MONTH:   0.42    1 = FOG OR MIST
DPTR FM NORMAL:   0.4   DPTR FM NORMAL:   -0.07    2 = FOG REDUCING VISIBILITY
HIGHEST:    67 ON 22    GRTST 24HR  0.19 ON  2- 3      TO 1/4 MILE OR LESS
LOWEST:      1 ON 11                               3 = THUNDER
                        SNOW, ICE PELLETS, HAIL    4 = ICE PELLETS
                        TOTAL MONTH:   5.4 INCHES  5 = HAIL
                        GRTST 24HR   3.1 ON   M    6 = FREEZING RAIN OR DRIZZLE
                        GRTST DEPTH:   2 ON 11, 4  7 = DUSTSTORM OR SANDSTORM:
                                                       VSBY 1/2 MILE OR LESS
                                                   8 = SMOKE OR HAZE
[NO. OF DAYS WITH]      [WEATHER - DAYS WITH]      9 = BLOWING SNOW
                                                   X = TORNADO
MAX 32 OR BELOW:   4    0.01 INCH OR MORE:   6
MAX 90 OR ABOVE:   0    0.10 INCH OR MORE:   2
MIN 32 OR BELOW:  29    0.50 INCH OR MORE:   0
MIN  0 OR BELOW:   0    1.00 INCH OR MORE:   0

[HDD (BASE 65) ]
TOTAL THIS MO.   929    CLEAR  (SCALE 0-3)  14
DPTR FM NORMAL    15    PTCLDY (SCALE 4-7)  13
TOTAL FM JUL 1  4160    CLOUDY (SCALE 8-10)  2
DPTR FM NORMAL  -286

[CDD (BASE 65) ]
TOTAL THIS MO.     0
DPTR FM NORMAL     0    [PRESSURE DATA]
TOTAL FM JAN 1     0    HIGHEST SLP M ON M
DPTR FM NORMAL     0    LOWEST  SLP 29.29 ON M

[REMARKS]
#FINAL-02-12#
