000
CXUS53 KGLD 010800
CF6GLD
PRELIMINARY LOCAL CLIMATOLOGICAL DATA (WS FORM: F-6)

                                          STATION:   GOODLAND KS
                                          MONTH:     APRIL
                                          YEAR:      2012
                                          LATITUDE:   39 22 N
                                          LONGITUDE: 101 42 W

  TEMPERATURE IN F:       :PCPN:    SNOW:  WIND      :SUNSHINE: SKY     :PK WND
================================================================================
1   2   3   4   5  6A  6B    7    8   9   10  11  12  13   14  15   16   17  18
                                     12Z  AVG MX 2MIN
DY MAX MIN AVG DEP HDD CDD  WTR  SNW DPTH SPD SPD DIR MIN PSBL S-S WX    SPD DR
================================================================================

 1  89  49  69  24   0   4 0.00  0.0    0 11.3 23 190   M    M   0        29 190
 2  65  39  52   7  13   0 0.08  0.0    0 25.6 38 360   M    M   2 1      45 360
 3  42  38  40  -5  25   0 1.19    T    0 15.8 33  10   M    M  10 1      44  20
 4  49  38  44  -2  21   0 0.32  0.0    0 10.2 22 360   M    M  10 12     25  10
 5  61  45  53   7  12   0 0.00  0.0    0  8.5 22 160   M    M   7 1      26 160
 6  63  45  54   8  11   0    T  0.0    0 25.1 39 180   M    M   6 1      47 180
 7  63  33  48   2  17   0 0.00  0.0    0 13.6 29 360   M    M   0        36  10
 8  73  37  55   8  10   0 0.00  0.0    0 10.2 22 200   M    M   0        29 200
 9  64  32  48   1  17   0 0.00  0.0    0  6.0 17 120   M    M   4 128    22 110
10  60  36  48   1  17   0 0.00  0.0    0 11.8 22 150   M    M   9        26 160
11  57  45  51   3  14   0 0.00  0.0    0 19.0 30 160   M    M  10 1      37 160
12  75  46  61  13   4   0 0.03  0.0    0 19.8 33 170   M    M   7 13     40 190
13  68  38  53   5  12   0 0.01  0.0    0 11.2 37 320   M    M   1        44 310
14  78  44  61  13   4   0    T  0.0    0 15.1 37 180   M    M   2 12     45 180
15  53  37  45  -4  20   0 0.15  0.0    0 23.4 43 330   M    M   6 1      53 330
16  54  30  42  -7  23   0 0.17  0.0    0  8.2 16 190   M    M   3 3      20 290
17  73  39  56   6   9   0 0.00  0.0    0 13.6 25 190   M    M   0        31 180
18  73  39  56   6   9   0 0.00  0.0    0  8.3 17 160   M    M   0        22 170
19  66  41  54   4  11   0 0.00  0.0    0 15.3 29 340   M    M   2        35 360
20  65  36  51   1  14   0 0.19  0.0    0  9.5 24  10   M    M   3 13     35 360
21  73  43  58   7   7   0 0.00  0.0    0 13.5 26  10   M    M   0        35  10
22  65  39  52   1  13   0    T  0.0    0  7.0 15 180   M    M   4        21  60
23  81  43  62  10   3   0 0.00  0.0    0 10.6 24 190   M    M   0        30 190
24  93  50  72  20   0   7    T  0.0    0 12.3 46 330   M    M   0 3      56 340
25  86  48  67  15   0   2 0.00  0.0    0  9.9 18  10   M    M   0        24 340
26  77  56  67  14   0   2 0.15  0.0    0 15.9 31 190   M    M   4 13     40 150
27  67  48  58   5   7   0 0.56  0.0    0 15.0 30 190   M    M   6 13     38 190
28  64  37  51  -2  14   0 0.01  0.0    0 11.5 25 350   M    M   3        30 350
29  70  42  56   2   9   0 0.00  0.0    0  9.7 23 120   M    M   5 1      30 120
30  72  42  57   3   8   0 0.00  0.0    0 10.5 20 170   M    M   3 12     24 170
================================================================================
SM 2039 1235       324  15  2.86    T    397.4          M      107
================================================================================
AV 68.0 41.2                              13.2 FASTST   M    M   4    MAX(MPH)
                                 MISC ---->  # 46 330               # 56  340
================================================================================
NOTES:
# LAST OF SEVERAL OCCURRENCES

COLUMN 17 PEAK WIND IN M.P.H.

PRELIMINARY LOCAL CLIMATOLOGICAL DATA (WS FORM: F-6) , PAGE 2

                                          STATION:  GOODLAND KS
                                          MONTH:    APRIL
                                          YEAR:     2012
                                          LATITUDE:   39 22 N
                                          LONGITUDE: 101 42 W

[TEMPERATURE DATA]      [PRECIPITATION DATA]       SYMBOLS USED IN COLUMN 16

AVERAGE MONTHLY: 54.6   TOTAL FOR MONTH:   2.86    1 = FOG OR MIST
DPTR FM NORMAL:   5.4   DPTR FM NORMAL:    1.27    2 = FOG REDUCING VISIBILITY
HIGHEST:    93 ON 24    GRTST 24HR  1.19 ON  3- 3      TO 1/4 MILE OR LESS
LOWEST:     30 ON 16                               3 = THUNDER
                        SNOW, ICE PELLETS, HAIL    4 = ICE PELLETS
                        TOTAL MONTH:    T          5 = HAIL
                        GRTST 24HR    T  ON  3- 3  6 = FREEZING RAIN OR DRIZZLE
                        GRTST DEPTH:   0           7 = DUSTSTORM OR SANDSTORM:
                                                       VSBY 1/2 MILE OR LESS
                                                   8 = SMOKE OR HAZE
[NO. OF DAYS WITH]      [WEATHER - DAYS WITH]      9 = BLOWING SNOW
                                                   X = TORNADO
MAX 32 OR BELOW:   0    0.01 INCH OR MORE:  11
MAX 90 OR ABOVE:   1    0.10 INCH OR MORE:   7
MIN 32 OR BELOW:   2    0.50 INCH OR MORE:   2
MIN  0 OR BELOW:   0    1.00 INCH OR MORE:   1

[HDD (BASE 65) ]
TOTAL THIS MO.   324    CLEAR  (SCALE 0-3)  15
DPTR FM NORMAL  -156    PTCLDY (SCALE 4-7)  11
TOTAL FM JUL 1  4919    CLOUDY (SCALE 8-10)  4
DPTR FM NORMAL  -736

[CDD (BASE 65) ]
TOTAL THIS MO.    15
DPTR FM NORMAL    11    [PRESSURE DATA]
TOTAL FM JAN 1    17    HIGHEST SLP M ON M
DPTR FM NORMAL    13    LOWEST  SLP 29.20 ON  1

[REMARKS]
#FINAL-04-12#
