000
CXUS53 KGLD 010800
CF6GLD
PRELIMINARY LOCAL CLIMATOLOGICAL DATA (WS FORM: F-6)

                                          STATION:   GOODLAND KS
                                          MONTH:     JANUARY
                                          YEAR:      2012
                                          LATITUDE:   39 22 N
                                          LONGITUDE: 101 42 W

  TEMPERATURE IN F:       :PCPN:    SNOW:  WIND      :SUNSHINE: SKY     :PK WND
================================================================================
1   2   3   4   5  6A  6B    7    8   9   10  11  12  13   14  15   16   17  18
                                     12Z  AVG MX 2MIN
DY MAX MIN AVG DEP HDD CDD  WTR  SNW DPTH SPD SPD DIR MIN PSBL S-S WX    SPD DR
================================================================================

 1  41  19  30   0  35   0 0.00  0.0    0 10.3 20 320   M    M   2        24 320
 2  52  14  33   3  32   0 0.00  0.0    0  8.2 21 220   M    M   0        24 230
 3  60  29  45  15  20   0 0.00  0.0    0 12.8 22 230   M    M   0        28 220
 4  62  25  44  14  21   0 0.00  0.0    0 10.7 20 250   M    M   0        23 250
 5  73  33  53  23  12   0 0.00  0.0    0 10.4 20 220   M    M   0        23 230
 6  48  21  35   5  30   0 0.00  0.0    0 11.1 26  20   M    M   0        33  20
 7  42  18  30   0  35   0 0.02  0.2    0  9.7 25 150   M    M   2 1      32 150
 8  40  22  31   1  34   0    T    T    T  7.7 15 240   M    M   3 1      18 210
 9  53  21  37   7  28   0 0.00  0.0    0 10.4 20 340   M    M   0        25 330
10  61  26  44  14  21   0 0.00  0.0    0  9.4 14 270   M    M   0        18 280
11  40  12  26  -4  39   0    T    T    0 24.2 41 360   M    M   5 18     49 360
12  39  11  25  -5  40   0 0.00  0.0    0 19.7 35 330   M    M   3        44 330
13  47  19  33   3  32   0 0.00  0.0    0 11.5 21 310   M    M   2        25 310
14  50  18  34   4  31   0 0.00  0.0    0 13.8 24 200   M    M   0        33 200
15  65  25  45  15  20   0 0.00  0.0    0  8.4 20 240   M    M   0        26 240
16  36  14  25  -5  40   0 0.01  0.1    0 11.6 23 350   M    M   1 1      29  20
17  30  -1  15 -15  50   0 0.00  0.0    T 11.9 26 200   M    M   0        33 210
18  53  15  34   4  31   0 0.00  0.0    0 11.4 25 210   M    M   0        35 200
19  39  10  25  -5  40   0 0.00  0.0    0 10.2 24 160   M    M   0        30 160
20  61  12  37   7  28   0 0.00  0.0    0  9.8 30 340   M    M   0        38 350
21  54  13  34   4  31   0 0.00  0.0    0 19.2 38 190   M    M   0        46 180
22  49  24  37   7  28   0 0.06    T    0 20.3 45 340   M    M   4 1      58 340
23  50  17  34   4  31   0 0.00  0.0    0 10.7 20 180   M    M   0        24 170
24  45  16  31   1  34   0 0.00  0.0    0 10.6 25 340   M    M   3        31 350
25  54  16  35   5  30   0 0.00  0.0    0 11.0 22 230   M    M   0        25 220
26  52  22  37   7  28   0 0.00  0.0    0   M  35 340   M    M   0        46 340
27  44  13  29  -1  36   0    T    T    0 18.1 35 360   M    M   3        43 340
28  45  14  30   0  35   0 0.00  0.0    0 10.8 22 330   M    M   0        30 320
29  62  20  41  11  24   0 0.00  0.0    0 11.3 21 300   M    M   0        25 300
30  68  31  50  20  15   0 0.00  0.0    0  8.0 16 230   M    M   0 8      20 200
31  54  25  40  10  25   0 0.00  0.0    0 11.2 21 340   M    M   0 8      26 330
================================================================================
SM 1569  574       936   0  0.09     0.3 364.4          M       28
================================================================================
AV 50.6 18.5                              12.1 FASTST   M    M   1    MAX(MPH)
                                 MISC ---->  # 45 340               # 58  340
================================================================================
NOTES:
# LAST OF SEVERAL OCCURRENCES

COLUMN 17 PEAK WIND IN M.P.H.

PRELIMINARY LOCAL CLIMATOLOGICAL DATA (WS FORM: F-6) , PAGE 2

                                          STATION:  GOODLAND KS
                                          MONTH:    JANUARY
                                          YEAR:     2012
                                          LATITUDE:   39 22 N
                                          LONGITUDE: 101 42 W

[TEMPERATURE DATA]      [PRECIPITATION DATA]       SYMBOLS USED IN COLUMN 16

AVERAGE MONTHLY: 34.6   TOTAL FOR MONTH:   0.09    1 = FOG OR MIST
DPTR FM NORMAL:   5.0   DPTR FM NORMAL:   -0.29    2 = FOG REDUCING VISIBILITY
HIGHEST:    73 ON  5    GRTST 24HR  0.06 ON 22-22      TO 1/4 MILE OR LESS
LOWEST:     -1 ON 17                               3 = THUNDER
                        SNOW, ICE PELLETS, HAIL    4 = ICE PELLETS
                        TOTAL MONTH:   0.3 INCH    5 = HAIL
                        GRTST 24HR   0.2 ON   M    6 = FREEZING RAIN OR DRIZZLE
                        GRTST DEPTH:   0           7 = DUSTSTORM OR SANDSTORM:
                                                       VSBY 1/2 MILE OR LESS
                                                   8 = SMOKE OR HAZE
[NO. OF DAYS WITH]      [WEATHER - DAYS WITH]      9 = BLOWING SNOW
                                                   X = TORNADO
MAX 32 OR BELOW:   1    0.01 INCH OR MORE:   3
MAX 90 OR ABOVE:   0    0.10 INCH OR MORE:   0
MIN 32 OR BELOW:  30    0.50 INCH OR MORE:   0
MIN  0 OR BELOW:   1    1.00 INCH OR MORE:   0

[HDD (BASE 65) ]
TOTAL THIS MO.   936    CLEAR  (SCALE 0-3)  28
DPTR FM NORMAL  -160    PTCLDY (SCALE 4-7)   3
TOTAL FM JUL 1  3231    CLOUDY (SCALE 8-10)  0
DPTR FM NORMAL  -272

[CDD (BASE 65) ]
TOTAL THIS MO.     0
DPTR FM NORMAL     0    [PRESSURE DATA]
TOTAL FM JAN 1     0    HIGHEST SLP M ON M
DPTR FM NORMAL     0    LOWEST  SLP 29.21 ON 22

[REMARKS]
#FINAL-01-12#
