000
CXUS53 KGLD 310800
CF6GLD
PRELIMINARY LOCAL CLIMATOLOGICAL DATA (WS FORM: F-6)

                                          STATION:   GOODLAND KS
                                          MONTH:     DECEMBER
                                          YEAR:      2011
                                          LATITUDE:   39 22 N
                                          LONGITUDE: 101 42 W

  TEMPERATURE IN F:       :PCPN:    SNOW:  WIND      :SUNSHINE: SKY     :PK WND
================================================================================
1   2   3   4   5  6A  6B    7    8   9   10  11  12  13   14  15   16   17  18
                                     12Z  AVG MX 2MIN
DY MAX MIN AVG DEP HDD CDD  WTR  SNW DPTH SPD SPD DIR MIN PSBL S-S WX    SPD DR
================================================================================

 1  34  13  24  -8  41   0    T  0.0    0 19.0 33  10   M    M   6        43  10
 2  44  13  29  -3  36   0 0.00  0.0    0 16.2 36 190   M    M   0        46 190
 3  33  12  23  -9  42   0 0.34  6.5    1 15.9 35  20   M    M   9 12     45  20
 4  30   7  19 -12  46   0 0.00  0.0    7  9.8 22  30   M    M   4        29  40
 5  14  -6   4 -27  61   0 0.00  0.0    6  9.6 20 350   M    M   1        23 350
 6  21  -8   7 -24  58   0 0.00  0.0    5 11.3 18 230   M    M   0        22 230
 7  40  17  29  -2  36   0 0.00  0.0    5  9.6 17 270   M    M   0        21 290
 8  33  16  25  -5  40   0 0.00  0.0    5  6.1 17  40   M    M   3 1      21  40
 9  37  20  29  -1  36   0 0.00  0.0    4  8.3 16 230   M    M   5 1      18 230
10  40  18  29  -1  36   0 0.00  0.0    4  7.4 14 240   M    M   0 8      17 240
11  35  14  25  -5  40   0 0.00  0.0    3  8.2 16 180   M    M   0        18 180
12  37  18  28  -2  37   0 0.00  0.0    2  6.6 12 270   M    M   1 12     13 280
13  37  25  31   1  34   0    T  0.0    2  4.8 12 150   M    M  10 12     16 150
14  48  28  38   8  27   0 0.00  0.0    2 10.6 18 330   M    M   4 128    22 330
15  42  20  31   2  34   0 0.00  0.0    1  8.5 17 310   M    M   0        21 310
16  45  21  33   4  32   0 0.00  0.0    1  9.1 17 360   M    M   0        21 330
17  51  19  35   6  30   0 0.00  0.0    T  8.4 16 230   M    M   0        21 220
18  57  20  39  10  26   0 0.00  0.0    T  5.9 13 280   M    M   0        15 270
19  33  25  29   0  36   0    T    T    T 20.0 31  20   M    M   7 1      38  10
20  43  24  34   5  31   0 0.00  0.0    T 12.1 21 240   M    M   5        26 240
21  49  22  36   7  29   0 0.01  0.2    0 10.5 21  40   M    M   3 1      26  40
22  31   6  19 -10  46   0 0.06  1.1    1 14.9 26  40   M    M   5 1      36  30
23  39   7  23  -6  42   0 0.00  0.0    1 11.5 18 240   M    M   0        22 240
24  44  19  32   3  33   0 0.00  0.0    1  8.8 14 300   M    M   0        16 300
25  47  20  34   5  31   0 0.00  0.0    T  7.8 18 220   M    M   0        22 220
26  51  23  37   8  28   0 0.00  0.0    T 13.4 28 350   M    M   0        36 350
27  49  20  35   6  30   0 0.00  0.0    0 10.3 23 210   M    M   0        29 200
28  56  24  40  11  25   0 0.00  0.0    0 10.2 20 240   M    M   0        23 240
29  68  33  51  22  14   0 0.00  0.0    0 13.8 40 340   M    M   2        51 340
30  58  24  41  12  24   0 0.00  0.0    0 13.8 25 200   M    M   0        32 200
================================================================================
SM 1246  514      1061   0  0.41     7.8 322.4          M       65
================================================================================
AV 41.5 17.1                              10.7 FASTST   M    M   2    MAX(MPH)
                                 MISC ---->  # 40 340               # 51  340
================================================================================
NOTES:
# LAST OF SEVERAL OCCURRENCES

COLUMN 17 PEAK WIND IN M.P.H.

PRELIMINARY LOCAL CLIMATOLOGICAL DATA (WS FORM: F-6) , PAGE 2

                                          STATION:  GOODLAND KS
                                          MONTH:    DECEMBER
                                          YEAR:     2011
                                          LATITUDE:   39 22 N
                                          LONGITUDE: 101 42 W

[TEMPERATURE DATA]      [PRECIPITATION DATA]       SYMBOLS USED IN COLUMN 16

AVERAGE MONTHLY: 29.3   TOTAL FOR MONTH:   0.41    1 = FOG OR MIST
DPTR FM NORMAL:  -0.5   DPTR FM NORMAL:   -0.04    2 = FOG REDUCING VISIBILITY
HIGHEST:    68 ON 29    GRTST 24HR  0.37 ON  2- 3      TO 1/4 MILE OR LESS
LOWEST:     -8 ON  6                               3 = THUNDER
                        SNOW, ICE PELLETS, HAIL    4 = ICE PELLETS
                        TOTAL MONTH:   7.8 INCHES  5 = HAIL
                        GRTST 24HR   6.5 ON  3- 3  6 = FREEZING RAIN OR DRIZZLE
                        GRTST DEPTH:   7 ON  4     7 = DUSTSTORM OR SANDSTORM:
                                                       VSBY 1/2 MILE OR LESS
                                                   8 = SMOKE OR HAZE
[NO. OF DAYS WITH]      [WEATHER - DAYS WITH]      9 = BLOWING SNOW
                                                   X = TORNADO
MAX 32 OR BELOW:   4    0.01 INCH OR MORE:   3
MAX 90 OR ABOVE:   0    0.10 INCH OR MORE:   1
MIN 32 OR BELOW:  29    0.50 INCH OR MORE:   0
MIN  0 OR BELOW:   2    1.00 INCH OR MORE:   0

[HDD (BASE 65) ]
TOTAL THIS MO.  1061    CLEAR  (SCALE 0-3)  20
DPTR FM NORMAL     5    PTCLDY (SCALE 4-7)   8
TOTAL FM JUL 1  2270    CLOUDY (SCALE 8-10)  2
DPTR FM NORMAL  -105

[CDD (BASE 65) ]
TOTAL THIS MO.     0
DPTR FM NORMAL     0    [PRESSURE DATA]
TOTAL FM JAN 1  1116    HIGHEST SLP M ON M
DPTR FM NORMAL   175    LOWEST  SLP 29.57 ON 29

[REMARKS]
