003
CXUS53 KGLD 010800
CF6GLD
PRELIMINARY LOCAL CLIMATOLOGICAL DATA (WS FORM: F-6)

                                          STATION:   GOODLAND KS
                                          MONTH:     MARCH
                                          YEAR:      2016
                                          LATITUDE:   39 22 N
                                          LONGITUDE: 101 42 W

  TEMPERATURE IN F:       :PCPN:    SNOW:  WIND      :SUNSHINE: SKY     :PK WND
================================================================================
1   2   3   4   5  6A  6B    7    8   9   10  11  12  13   14  15   16   17  18
                                     12Z  AVG MX 2MIN
DY MAX MIN AVG DEP HDD CDD  WTR  SNW DPTH SPD SPD DIR MIN PSBL S-S WX    SPD DR
================================================================================

 1  56  25  41   5  24   0 0.00  0.0    0 12.5 21 330   M    M   1        32 330
 2  68  32  50  14  15   0    T  0.0    0 12.7 33 320   M    M   2        41 320
 3  62  29  46   9  19   0 0.00  0.0    0 11.0 20 360   M    M   0        24 360
 4  69  27  48  11  17   0 0.00  0.0    0 12.1 29 360   M    M   0        37 350
 5  67  29  48  11  17   0 0.00  0.0    0 17.7 32 180   M    M   0        41 170
 6  76  37  57  19   8   0 0.00  0.0    0 11.2 21 190   M    M   0        26 200
 7  72  38  55  17  10   0 0.00  0.0    0 17.2 32 210   M    M   0        44 200
 8  61  29  45   7  20   0 0.00  0.0    0 12.0 24 330   M    M   0        33 350
 9  66  22  44   5  21   0 0.01  0.0    0  9.7 25 330   M    M   5        33 320
10  65  30  48   9  17   0 0.00  0.0    0  8.1 17 320   M    M   1        21 310
11  71  35  53  14  12   0 0.00  0.0    0 17.4 28 180   M    M   0        35 170
12  70  34  52  12  13   0 0.00  0.0    0 18.8 32 170   M    M   2        38 160
13  73  36  55  15  10   0 0.00  0.0    0 11.6 28 350   M    M   3        35 330
14  77  34  56  16   9   0 0.00  0.0    0 12.6 32 340   M    M   1        40 350
15  53  23  38  -2  27   0 0.00  0.0    0 20.4 44 330   M    M   4        55 330
16  55  27  41   0  24   0 0.00  0.0    0 14.7 30 300   M    M   4        39 300
17  54  30  42   1  23   0 0.01    T    0 12.6 28 360   M    M   5 1      34 360
18  38  21  30 -11  35   0 0.07  0.8    T 12.1 21  20   M    M   7 18     27  30
19  45  13  29 -13  36   0 0.00  0.0    0 12.7 31 350   M    M   4        39 330
20  55  12  34  -8  31   0 0.00  0.0    0 10.6 20 190   M    M   0        28 200
21  81  30  56  14   9   0 0.00  0.0    0 11.8 22 250   M    M   0        29 250
22  80  35  58  16   7   0 0.00  0.0    0 10.9 24 250   M    M   0        34 220
23  49  25  37  -5  28   0 0.46  3.6    0 27.6 49 340   M    M   8 128    60 340
24  50  19  35  -8  30   0 0.00  0.0    0 10.5 21 330   M    M   0        27 320
25  60  34  47   4  18   0 0.00  0.0    0 14.5 26 340   M    M   3        35 360
26  41  21  31 -12  34   0 0.00  0.0    0 15.6 28 350   M    M   7        35 340
27  60  20  40  -4  25   0 0.00  0.0    0  9.9 16 250   M    M   0        20 280
28  68  26  47   3  18   0 0.00  0.0    0 13.2 25 170   M    M   0        31 160
29  76  44  60  16   5   0 0.00  0.0    0 24.0 43 170   M    M   1        49 170
30  62  35  49   5  16   0    T    T    0 19.6 35 290   M    M   3 8      40 300
31  50  26  38  -6  27   0 0.00  0.0    0 18.2 30 340   M    M   4        41 340
================================================================================
SM 1930  878       605   0  0.55     4.4 443.5          M       65
================================================================================
AV 62.3 28.3                              14.3 FASTST   M    M   2    MAX(MPH)
                                 MISC ---->  # 49 340               # 60  340
================================================================================
NOTES:
# LAST OF SEVERAL OCCURRENCES

COLUMN 17 PEAK WIND IN M.P.H.

PRELIMINARY LOCAL CLIMATOLOGICAL DATA (WS FORM: F-6) , PAGE 2

                                          STATION:  GOODLAND KS
                                          MONTH:    MARCH
                                          YEAR:     2016
                                          LATITUDE:   39 22 N
                                          LONGITUDE: 101 42 W

[TEMPERATURE DATA]      [PRECIPITATION DATA]       SYMBOLS USED IN COLUMN 16

AVERAGE MONTHLY: 45.3   TOTAL FOR MONTH:   0.55    1 = FOG OR MIST
DPTR FM NORMAL:   4.8   DPTR FM NORMAL:   -0.52    2 = FOG REDUCING VISIBILITY
HIGHEST:    81 ON 21    GRTST 24HR  0.46 ON 23-23      TO 1/4 MILE OR LESS
LOWEST:     12 ON 20                               3 = THUNDER
                        SNOW, ICE PELLETS, HAIL    4 = ICE PELLETS
                        TOTAL MONTH:   4.4 INCHES  5 = HAIL
                        GRTST 24HR   3.6 ON   M    6 = FREEZING RAIN OR DRIZZLE
                        GRTST DEPTH:   T           7 = DUSTSTORM OR SANDSTORM:
                                                       VSBY 1/2 MILE OR LESS
                                                   8 = SMOKE OR HAZE
[NO. OF DAYS WITH]      [WEATHER - DAYS WITH]      9 = BLOWING SNOW
                                                   X = TORNADO
MAX 32 OR BELOW:   0    0.01 INCH OR MORE:   4
MAX 90 OR ABOVE:   0    0.10 INCH OR MORE:   1
MIN 32 OR BELOW:  21    0.50 INCH OR MORE:   0
MIN  0 OR BELOW:   0    1.00 INCH OR MORE:   0

[HDD (BASE 65) ]
TOTAL THIS MO.   605    CLEAR  (SCALE 0-3)  21
DPTR FM NORMAL  -153    PTCLDY (SCALE 4-7)   9
TOTAL FM JUL 1  4451    CLOUDY (SCALE 8-10)  1
DPTR FM NORMAL  -724

[CDD (BASE 65) ]
TOTAL THIS MO.     0
DPTR FM NORMAL     0    [PRESSURE DATA]
TOTAL FM JAN 1     0    HIGHEST SLP M ON M
DPTR FM NORMAL     0    LOWEST  SLP 29.25 ON 22

[REMARKS]
#FINAL-03-16#
