000
CXUS53 KGLD 030751
CF6GLD
PRELIMINARY LOCAL CLIMATOLOGICAL DATA (WS FORM: F-6)

                                          STATION:   GOODLAND KS
                                          MONTH:     OCTOBER
                                          YEAR:      2016
                                          LATITUDE:   39 22 N
                                          LONGITUDE: 101 42 W

  TEMPERATURE IN F:       :PCPN:    SNOW:  WIND      :SUNSHINE: SKY     :PK WND
================================================================================
1   2   3   4   5  6A  6B    7    8   9   10  11  12  13   14  15   16   17  18
                                     12Z  AVG MX 2MIN
DY MAX MIN AVG DEP HDD CDD  WTR  SNW DPTH SPD SPD DIR MIN PSBL S-S WX    SPD DR
================================================================================

 1  76  44  60   2   5   0 0.00  0.0    0  8.4 18 150   M    M   0        24 150
 2  81  41  61   4   4   0 0.00  0.0    0  9.1 17 170   M    M   0 1      23 150
 3  87  55  71  14   0   6 0.00  0.0    0 22.7 43 170   M    M   1        53 170
 4  71  35  53  -3  12   0 0.00  0.0    0  8.4 22  10   M    M   2 8      31 360
 5  75  32  54  -2  11   0 0.00  0.0    0  8.7 21 170   M    M   0        30 170
 6  58  34  46 -10  19   0    T  0.0    0 15.8 32 350   M    M   8 18     40 350
 7  67  30  49  -6  16   0 0.00  0.0    0 10.9 18 190   M    M   0        23 190
 8  78  39  59   4   6   0 0.00  0.0    0  7.8 21 190   M    M   0 8      25 190
 9  79  41  60   6   5   0    T  0.0    0 15.3 30 170   M    M   0 8      38 160
10  85  53  69  15   0   4 0.00  0.0    0  9.2 16 200   M    M   0 8      21 190
11  76  41  59   5   6   0 0.04  0.0    0 10.0 23  50   M    M   1 3      32  50
12  52  35  44  -9  21   0 0.00  0.0    0 10.3 26  10   M    M   6        32 360
13  68  35  52  -1  13   0 0.00  0.0    0 16.2 26 180   M    M   0        33 180
14  87  46  67  15   0   2 0.00  0.0    0 14.2 22 180   M    M   0 8      29 190
15  87  51  69  17   0   4 0.00  0.0    0 10.6 17 300   M    M   0 8      20 300
16  92  49  71  19   0   6 0.00  0.0    0  9.9 24 250   M    M   0        30 260
17  84  44  64  12   1   0 0.00  0.0    0 12.8 32 330   M    M   0        40 330
18  68  37  53   2  12   0 0.00  0.0    0  7.4 15 330   M    M   0        18 320
19  65  35  50  -1  15   0 0.00  0.0    0 10.1 22 320   M    M   3        29 320
20  62  34  48  -2  17   0 0.00  0.0    0  9.9 16 200   M    M   0        21 330
21  79  34  57   7   8   0 0.00  0.0    0  9.4 17 340   M    M   0 8      24 190
22  85  36  61  11   4   0 0.00  0.0    0  9.6 24 190   M    M   0        31 190
23  71  38  55   6  10   0 0.00  0.0    0  9.2 18  10   M    M   0 8      24  10
24  73  29  51   2  14   0 0.00  0.0    0  8.5 20 160   M    M   0        23 170
25  77  43  60  11   5   0 0.00  0.0    0  8.5 24 350   M    M   1 128    29  10
26  77  41  59  11   6   0 0.00  0.0    0  8.7 17 220   M    M   0        22 210
27  83  54  69  21   0   4 0.00  0.0    0 14.2 21 220   M    M   0        28 220
28  86  51  69  22   0   4 0.00  0.0    0  7.5 20 210   M    M   0        25 200
29  80  46  63  16   2   0 0.00  0.0    0 13.1 26  10   M    M   1 1      32  10
30  70  43  57  10   8   0 0.00  0.0    0 12.7 23 170   M    M   5 12     29 170
31  89  45  67  21   0   2 0.00  0.0    0 14.0 26  30   M    M   0        31  20
================================================================================
SM 2368 1271       220  32  0.04     0.0 343.1          M       28
================================================================================
AV 76.4 41.0                              11.1 FASTST   M    M   1    MAX(MPH)
                                 MISC ---->  # 43 170               # 53  170
================================================================================
NOTES:
# LAST OF SEVERAL OCCURRENCES

COLUMN 17 PEAK WIND IN M.P.H.

PRELIMINARY LOCAL CLIMATOLOGICAL DATA (WS FORM: F-6) , PAGE 2

                                          STATION:  GOODLAND KS
                                          MONTH:    OCTOBER
                                          YEAR:     2016
                                          LATITUDE:   39 22 N
                                          LONGITUDE: 101 42 W

[TEMPERATURE DATA]      [PRECIPITATION DATA]       SYMBOLS USED IN COLUMN 16

AVERAGE MONTHLY: 58.7   TOTAL FOR MONTH:   0.04    1 = FOG OR MIST
DPTR FM NORMAL:   6.8   DPTR FM NORMAL:   -1.33    2 = FOG REDUCING VISIBILITY
HIGHEST:    92 ON 16    GRTST 24HR  0.04 ON 11-11      TO 1/4 MILE OR LESS
LOWEST:     29 ON 24                               3 = THUNDER
                        SNOW, ICE PELLETS, HAIL    4 = ICE PELLETS
                        TOTAL MONTH:   0.0 INCH    5 = HAIL
                        GRTST 24HR     0.0         6 = FREEZING RAIN OR DRIZZLE
                        GRTST DEPTH:   0           7 = DUSTSTORM OR SANDSTORM:
                                                       VSBY 1/2 MILE OR LESS
                                                   8 = SMOKE OR HAZE
[NO. OF DAYS WITH]      [WEATHER - DAYS WITH]      9 = BLOWING SNOW
                                                   X = TORNADO
MAX 32 OR BELOW:   0    0.01 INCH OR MORE:   1
MAX 90 OR ABOVE:   1    0.10 INCH OR MORE:   0
MIN 32 OR BELOW:   3    0.50 INCH OR MORE:   0
MIN  0 OR BELOW:   0    1.00 INCH OR MORE:   0

[HDD (BASE 65) ]
TOTAL THIS MO.   220    CLEAR  (SCALE 0-3)  27
DPTR FM NORMAL  -196    PTCLDY (SCALE 4-7)   4
TOTAL FM JUL 1   285    CLOUDY (SCALE 8-10)  0
DPTR FM NORMAL  -255

[CDD (BASE 65) ]
TOTAL THIS MO.    32
DPTR FM NORMAL    24    [PRESSURE DATA]
TOTAL FM JAN 1  1103    HIGHEST SLP 30.50 ON 20
DPTR FM NORMAL   162    LOWEST  SLP 29.32 ON  3

[REMARKS]
#FINAL-10-16#
