000
CXUS53 KGLD 010800
CF6GLD
PRELIMINARY LOCAL CLIMATOLOGICAL DATA (WS FORM: F-6)

                                          STATION:   GOODLAND KS
                                          MONTH:     JULY
                                          YEAR:      2017
                                          LATITUDE:   39 22 N
                                          LONGITUDE: 101 42 W

  TEMPERATURE IN F:       :PCPN:    SNOW:  WIND      :SUNSHINE: SKY     :PK WND
================================================================================
1   2   3   4   5  6A  6B    7    8   9   10  11  12  13   14  15   16   17  18
                                     12Z  AVG MX 2MIN
DY MAX MIN AVG DEP HDD CDD  WTR  SNW DPTH SPD SPD DIR MIN PSBL S-S WX    SPD DR
================================================================================

 1  86  57  72  -2   0   7 0.00  0.0    0 15.6 24 220   M    M   1        30 190
 2  94  61  78   3   0  13 0.00  0.0    0 13.5 41  30   M    M   0 38     50  30
 3  83  59  71  -4   0   6 0.04  0.0    0 11.5 35 330   M    M   1 13     43 330
 4  87  56  72  -3   0   7 0.00  0.0    0  8.1 15 240   M    M   0        21 250
 5  90  62  76   1   0  11 0.00  0.0    0  8.7 15 190   M    M   0        19 160
 6  97  66  82   7   0  17 0.06  0.0    0 12.8 37  40   M    M   1 3      46  50
 7  90  61  76   1   0  11    T  0.0    0  9.1 21  90   M    M   1 3      26  80
 8  95  59  77   1   0  12 0.00  0.0    0  9.5 23 220   M    M   2        28 230
 9  94  66  80   4   0  15 0.00  0.0    0 10.9 17 190   M    M   0        24 180
10  96  67  82   6   0  17 0.00  0.0    0 12.0 20 160   M    M   0        27 150
11  99  64  82   6   0  17 0.07  0.0    0  8.1 24 230   M    M   1 3      32 260
12  92  66  79   3   0  14 0.57  0.0    0 11.9 28  60   M    M   2 13     35  50
13  83  65  74  -2   0   9 0.03  0.0    0  5.8 17 360   M    M   5 1      20 350
14  86  62  74  -2   0   9 0.00  0.0    0  6.8 15 150   M    M   1 1      24 150
15  86  65  76   0   0  11 0.11  0.0    0  7.3 22 280   M    M   4 13     29 260
16  84  65  75  -1   0  10    T  0.0    0 10.9 22 210   M    M   3        28 220
17  91  65  78   2   0  13 0.06  0.0    0  9.8 20 180   M    M   2 13     25 180
18  95  65  80   4   0  15 0.00  0.0    0  7.8 21  40   M    M   0        27  30
19  98  69  84   8   0  19 0.00  0.0    0 12.9 26 180   M    M   0 8      31 170
20  96  62  79   3   0  14 0.00  0.0    0  8.1 16 190   M    M   0        21 180
21  99  67  83   7   0  18 0.00  0.0    0 10.0 30 310   M    M   0        39 320
22  87  61  74  -2   0   9 0.00  0.0    0 10.7 24  30   M    M   2        30  70
23  91  57  74  -2   0   9 0.00  0.0    0  7.6 18 110   M    M   0        24 130
24  93  65  79   3   0  14 0.00  0.0    0 14.6 24 160   M    M   0        35 150
25  98  68  83   7   0  18 0.00  0.0    0 15.4 28 160   M    M   1        34 160
26  85  70  78   2   0  13 0.00  0.0    0 14.1 26 330   M    M   5        32 330
27  85  65  75  -1   0  10 0.00  0.0    0  8.3 14 140   M    M   7 1      18 150
28  89  63  76   0   0  11 0.18  0.0    0 12.4 29 180   M    M   3 3      36 190
29  85  63  74  -2   0   9 2.13  0.0    0  8.4 21 350   M    M   2 13     26 330
30  80  65  73  -3   0   8 0.13  0.0    0  9.7 16 160   M    M   6 1      21 160
31  84  65  75  -1   0  10 0.00  0.0    0  6.9 17 170   M    M   5 8      20 170
================================================================================
SM 2798 1971         0 376  3.38     0.0 319.2          M       55
================================================================================
AV 90.3 63.6                              10.3 FASTST   M    M   2    MAX(MPH)
                                 MISC ---->  # 41  30               # 50   30
================================================================================
NOTES:
# LAST OF SEVERAL OCCURRENCES

COLUMN 17 PEAK WIND IN M.P.H.

PRELIMINARY LOCAL CLIMATOLOGICAL DATA (WS FORM: F-6) , PAGE 2

                                          STATION:  GOODLAND KS
                                          MONTH:    JULY
                                          YEAR:     2017
                                          LATITUDE:   39 22 N
                                          LONGITUDE: 101 42 W

[TEMPERATURE DATA]      [PRECIPITATION DATA]       SYMBOLS USED IN COLUMN 16

AVERAGE MONTHLY: 76.9   TOTAL FOR MONTH:   3.38    1 = FOG OR MIST
DPTR FM NORMAL:   1.2   DPTR FM NORMAL:   -0.09    2 = FOG REDUCING VISIBILITY
HIGHEST:    99 ON 21,11 GRTST 24HR  2.13 ON 29-29      TO 1/4 MILE OR LESS
LOWEST:     56 ON  4                               3 = THUNDER
                        SNOW, ICE PELLETS, HAIL    4 = ICE PELLETS
                        TOTAL MONTH:   0.0 INCH    5 = HAIL
                        GRTST 24HR     0.0         6 = FREEZING RAIN OR DRIZZLE
                        GRTST DEPTH:   0           7 = DUSTSTORM OR SANDSTORM:
                                                       VSBY 1/2 MILE OR LESS
                                                   8 = SMOKE OR HAZE
[NO. OF DAYS WITH]      [WEATHER - DAYS WITH]      9 = BLOWING SNOW
                                                   X = TORNADO
MAX 32 OR BELOW:   0    0.01 INCH OR MORE:  10
MAX 90 OR ABOVE:  17    0.10 INCH OR MORE:   5
MIN 32 OR BELOW:   0    0.50 INCH OR MORE:   2
MIN  0 OR BELOW:   0    1.00 INCH OR MORE:   1

[HDD (BASE 65) ]
TOTAL THIS MO.     0    CLEAR  (SCALE 0-3)  25
DPTR FM NORMAL    -4    PTCLDY (SCALE 4-7)   6
TOTAL FM JUL 1     0    CLOUDY (SCALE 8-10)  0
DPTR FM NORMAL    -4

[CDD (BASE 65) ]
TOTAL THIS MO.   376
DPTR FM NORMAL    42    [PRESSURE DATA]
TOTAL FM JAN 1   629    HIGHEST SLP M ON M
DPTR FM NORMAL    75    LOWEST  SLP 29.65 ON 11

[REMARKS]
#FINAL-07-17#
