000
CXUS53 KGLD 010800
CF6GLD
PRELIMINARY LOCAL CLIMATOLOGICAL DATA (WS FORM: F-6)

                                          STATION:   GOODLAND KS
                                          MONTH:     MAY
                                          YEAR:      2014
                                          LATITUDE:   39 22 N
                                          LONGITUDE: 101 42 W

  TEMPERATURE IN F:       :PCPN:    SNOW:  WIND      :SUNSHINE: SKY     :PK WND
================================================================================
1   2   3   4   5  6A  6B    7    8   9   10  11  12  13   14  15   16   17  18
                                     12Z  AVG MX 2MIN
DY MAX MIN AVG DEP HDD CDD  WTR  SNW DPTH SPD SPD DIR MIN PSBL S-S WX    SPD DR
================================================================================

 1  60  30  45  -9  20   0 0.00  0.0    0 15.7 28 350   M    M   3        40 360
 2  77  29  53  -2  12   0 0.00  0.0    0 10.6 22 300   M    M   1        28 300
 3  86  37  62   7   3   0 0.00  0.0    0 10.6 22 150   M    M   0        27 280
 4  81  48  65  10   0   0 0.00  0.0    0 10.1 18  70   M    M   0        22  60
 5  79  41  60   4   5   0 0.00  0.0    0  8.8 21 120   M    M   0 1      25 130
 6  81  40  61   5   4   0 0.00  0.0    0  6.9 18 100   M    M   0        22 100
 7  83  45  64   8   1   0 0.00  0.0    0 12.5 29  30   M    M   0 1      37 180
 8  59  36  48  -9  17   0 0.00  0.0    0 19.2 31 340   M    M   4        38 310
 9  74  33  54  -3  11   0 0.00  0.0    0  9.5 23 240   M    M   1        30 240
10  78  43  61   4   4   0 0.00  0.0    0 10.8 25  50   M    M   3        31  50
11  56  37  47 -11  18   0 0.04    T    0 23.2 36 350   M    M  10 1      43 340
12  46  32  39 -19  26   0 0.12    T    T 23.7 39 350   M    M   7 1      52 350
13  58  30  44 -14  21   0    T  0.0    0 14.1 26 310   M    M   4        32 310
14  65  32  49 -10  16   0    T  0.0    0 12.5 30  10   M    M   2        36 360
15  64  32  48 -11  17   0 0.00  0.0    0  9.3 24 350   M    M   3 8      32 360
16  69  40  55  -4  10   0    T  0.0    0 13.6 31 350   M    M   4        38 350
17  63  36  50 -10  15   0 0.04  0.0    0 11.9 28 150   M    M   6 3      36 150
18  79  45  62   2   3   0 0.00  0.0    0 25.7 37 180   M    M   1        45 170
19  89  50  70  10   0   5 0.00  0.0    0 11.0 24 170   M    M   0        30 170
20  81  53  67   6   0   2 0.00  0.0    0 14.3 23  30   M    M   2 3      32  40
21  81  51  66   5   0   1 0.01  0.0    0 13.5 24  70   M    M   3 3      30  80
22  78  53  66   5   0   1 0.88  0.0    0 11.2 31 250   M    M   6 123    38 250
23  71  55  63   1   2   0 0.04  0.0    0  8.5 18 160   M    M   7 1      22 160
24  73  51  62   0   3   0 0.16  0.0    0 11.6 21 120   M    M   5 123    27 120
25  76  52  64   2   1   0 0.00  0.0    0  9.9 21 180   M    M   1        26 180
26  79  51  65   2   0   0 0.00  0.0    0  6.4 22 130   M    M   1 3      25 120
27  84  50  67   4   0   2 0.00  0.0    0  6.0 14  30   M    M   0        22 330
28  88  56  72   9   0   7 0.00  0.0    0  7.3 15 150   M    M   0        21 150
29  90  56  73   9   0   8 0.00  0.0    0 11.4 20 160   M    M   0        27 150
30  89  57  73   9   0   8 0.46  0.0    0 12.7 28 130   M    M   2 13     35 130
31  84  59  72   8   0   7 0.00  0.0    0  6.9 22 270   M    M   3 13     30 260
================================================================================
SM 2321 1360       209  41  1.75    T    379.4          M       79
================================================================================
AV 74.9 43.9                              12.2 FASTST   M    M   3    MAX(MPH)
                                 MISC ---->  # 39 350               # 52  350
================================================================================
NOTES:
# LAST OF SEVERAL OCCURRENCES

COLUMN 17 PEAK WIND IN M.P.H.

PRELIMINARY LOCAL CLIMATOLOGICAL DATA (WS FORM: F-6) , PAGE 2

                                          STATION:  GOODLAND KS
                                          MONTH:    MAY
                                          YEAR:     2014
                                          LATITUDE:   39 22 N
                                          LONGITUDE: 101 42 W

[TEMPERATURE DATA]      [PRECIPITATION DATA]       SYMBOLS USED IN COLUMN 16

AVERAGE MONTHLY: 59.4   TOTAL FOR MONTH:   1.75    1 = FOG OR MIST
DPTR FM NORMAL:  -0.0   DPTR FM NORMAL:   -1.20    2 = FOG REDUCING VISIBILITY
HIGHEST:    90 ON 29    GRTST 24HR  0.92 ON 22-23      TO 1/4 MILE OR LESS
LOWEST:     29 ON  2                               3 = THUNDER
                        SNOW, ICE PELLETS, HAIL    4 = ICE PELLETS
                        TOTAL MONTH:    T          5 = HAIL
                        GRTST 24HR    T  ON 12-12  6 = FREEZING RAIN OR DRIZZLE
                        GRTST DEPTH:   T           7 = DUSTSTORM OR SANDSTORM:
                                                       VSBY 1/2 MILE OR LESS
                                                   8 = SMOKE OR HAZE
[NO. OF DAYS WITH]      [WEATHER - DAYS WITH]      9 = BLOWING SNOW
                                                   X = TORNADO
MAX 32 OR BELOW:   0    0.01 INCH OR MORE:   8
MAX 90 OR ABOVE:   1    0.10 INCH OR MORE:   4
MIN 32 OR BELOW:   6    0.50 INCH OR MORE:   1
MIN  0 OR BELOW:   0    1.00 INCH OR MORE:   0

[HDD (BASE 65) ]
TOTAL THIS MO.   209    CLEAR  (SCALE 0-3)  22
DPTR FM NORMAL    -2    PTCLDY (SCALE 4-7)   8
TOTAL FM JUL 1  5958    CLOUDY (SCALE 8-10)  1
DPTR FM NORMAL    92

[CDD (BASE 65) ]
TOTAL THIS MO.    41
DPTR FM NORMAL     4    [PRESSURE DATA]
TOTAL FM JAN 1    46    HIGHEST SLP M ON M
DPTR FM NORMAL     5    LOWEST  SLP 29.40 ON  7

[REMARKS]
#FINAL-05-14#
