000
CXUS53 KGLD 010800
CF6GLD
PRELIMINARY LOCAL CLIMATOLOGICAL DATA (WS FORM: F-6)

                                          STATION:   GOODLAND KS
                                          MONTH:     NOVEMBER
                                          YEAR:      2011
                                          LATITUDE:   39 22 N
                                          LONGITUDE: 101 42 W

  TEMPERATURE IN F:       :PCPN:    SNOW:  WIND      :SUNSHINE: SKY     :PK WND
================================================================================
1   2   3   4   5  6A  6B    7    8   9   10  11  12  13   14  15   16   17  18
                                     12Z  AVG MX 2MIN
DY MAX MIN AVG DEP HDD CDD  WTR  SNW DPTH SPD SPD DIR MIN PSBL S-S WX    SPD DR
================================================================================

 1  60  38  49   3  16   0 0.00  0.0    0 12.3 28  30   M    M   1        37  30
 2  39  21  30 -15  35   0 0.26  3.1    T 19.4 30 350   M    M   6 12     40  20
 3  45  16  31 -14  34   0 0.00  0.0    2 11.5 21 170   M    M   0        28 160
 4  59  26  43  -1  22   0 0.00  0.0    T 15.6 25 170   M    M   0        30 170
 5  61  36  49   5  16   0    T    T    0 24.2 49 310   M    M   2        62 310
 6  52  25  39  -5  26   0 0.00  0.0    0  9.1 18 320   M    M   1        23 320
 7  44  23  34  -9  31   0    T    T    0  8.4 18 100   M    M   6 1      22 110
 8  44  27  36  -7  29   0 0.02    T    0 11.6 18  10   M    M   7 1      24 360
 9  50  24  37  -5  28   0 0.00  0.0    0 11.2 22 310   M    M   0        25 310
10  61  24  43   1  22   0 0.00  0.0    0 10.3 22 230   M    M   0        26 220
11  65  29  47   6  18   0 0.00  0.0    0 10.4 18 190   M    M   0         M  M
12  71  29  50   9  15   0 0.00  0.0    0 12.7 22 230   M    M   0        30 320
13  58  28  43   3  22   0 0.00  0.0    0  8.9 21 160   M    M   0        26 320
14  60  27  44   4  21   0 0.00  0.0    0 12.7 23 220   M    M   0        30 230
15  59  24  42   3  23   0 0.00  0.0    0 10.3 31 330   M    M   1        38 330
16  42  15  29 -10  36   0    T    T    0  7.5 26 340   M    M   5        31 330
17  53  24  39   1  26   0 0.00  0.0    0 15.3 23 200   M    M   0        29 210
18  69  23  46   8  19   0 0.00  0.0    0  8.7 21 210   M    M   0        25 220
19  48  15  32  -5  33   0 0.00  0.0    0 11.2 29 340   M    M   3 1      36 340
20  37  14  26 -11  39   0 0.00  0.0    0  6.0 13 190   M    M   1        16 160
21  40  13  27  -9  38   0 0.00  0.0    0  6.4 16 170   M    M   0        20 160
22  61  20  41   5  24   0 0.00  0.0    0  9.9 25 340   M    M   0        30 340
23  66  30  48  13  17   0 0.00  0.0    0 11.3 22 190   M    M   0        28 180
24  72  33  53  18  12   0 0.00  0.0    0  7.7 17 210   M    M   0        22 170
25  57  34  46  11  19   0    T  0.0    0 13.7 40 330   M    M   5        52 340
26  43  22  33  -1  32   0 0.03  0.3    T 26.6 43 340   M    M   3 1      54 330
27  56  20  38   4  27   0 0.00  0.0    0 10.1 17 320   M    M   0        22 300
28  67  31  49  16  16   0 0.00  0.0    0 13.2 30 330   M    M   0        38 330
29  51  30  41   8  24   0 0.00  0.0    0  9.3 17 220   M    M   2        22 210
30  60  30  45  12  20   0 0.00  0.0    0 11.2 22 350   M    M   0        29 360
================================================================================
SM 1650  751       740   0  0.31     3.4 356.7          M       43
================================================================================
AV 55.0 25.0                              11.9 FASTST   M    M   1    MAX(MPH)
                                 MISC ---->  # 49 310               # 62  310
================================================================================
NOTES:
# LAST OF SEVERAL OCCURRENCES

COLUMN 17 PEAK WIND IN M.P.H.

PRELIMINARY LOCAL CLIMATOLOGICAL DATA (WS FORM: F-6) , PAGE 2

                                          STATION:  GOODLAND KS
                                          MONTH:    NOVEMBER
                                          YEAR:     2011
                                          LATITUDE:   39 22 N
                                          LONGITUDE: 101 42 W

[TEMPERATURE DATA]      [PRECIPITATION DATA]       SYMBOLS USED IN COLUMN 16

AVERAGE MONTHLY: 40.0   TOTAL FOR MONTH:   0.31    1 = FOG OR MIST
DPTR FM NORMAL:   1.0   DPTR FM NORMAL:   -0.40    2 = FOG REDUCING VISIBILITY
HIGHEST:    72 ON 24    GRTST 24HR  0.26 ON  2- 2      TO 1/4 MILE OR LESS
LOWEST:     13 ON 21                               3 = THUNDER
                        SNOW, ICE PELLETS, HAIL    4 = ICE PELLETS
                        TOTAL MONTH:   3.4 INCHES  5 = HAIL
                        GRTST 24HR   3.1 ON   M    6 = FREEZING RAIN OR DRIZZLE
                        GRTST DEPTH:   2 ON  3     7 = DUSTSTORM OR SANDSTORM:
                                                       VSBY 1/2 MILE OR LESS
                                                   8 = SMOKE OR HAZE
[NO. OF DAYS WITH]      [WEATHER - DAYS WITH]      9 = BLOWING SNOW
                                                   X = TORNADO
MAX 32 OR BELOW:   0    0.01 INCH OR MORE:   3
MAX 90 OR ABOVE:   0    0.10 INCH OR MORE:   1
MIN 32 OR BELOW:  26    0.50 INCH OR MORE:   0
MIN  0 OR BELOW:   0    1.00 INCH OR MORE:   0

[HDD (BASE 65) ]
TOTAL THIS MO.   740    CLEAR  (SCALE 0-3)  24
DPTR FM NORMAL   -39    PTCLDY (SCALE 4-7)   6
TOTAL FM JUL 1  1209    CLOUDY (SCALE 8-10)  0
DPTR FM NORMAL  -110

[CDD (BASE 65) ]
TOTAL THIS MO.     0
DPTR FM NORMAL     0    [PRESSURE DATA]
TOTAL FM JAN 1  1116    HIGHEST SLP M ON M
DPTR FM NORMAL   175    LOWEST  SLP 29.24 ON  5

[REMARKS]
#FINAL-11-11#
