000
CXUS53 KGLD 010800
CF6GLD
PRELIMINARY LOCAL CLIMATOLOGICAL DATA (WS FORM: F-6)

                                          STATION:   GOODLAND KS
                                          MONTH:     OCTOBER
                                          YEAR:      2011
                                          LATITUDE:   39 22 N
                                          LONGITUDE: 101 42 W

  TEMPERATURE IN F:       :PCPN:    SNOW:  WIND      :SUNSHINE: SKY     :PK WND
================================================================================
1   2   3   4   5  6A  6B    7    8   9   10  11  12  13   14  15   16   17  18
                                     12Z  AVG MX 2MIN
DY MAX MIN AVG DEP HDD CDD  WTR  SNW DPTH SPD SPD DIR MIN PSBL S-S WX    SPD DR
================================================================================

 1  80  44  62   4   3   0 0.00  0.0    0 14.5 24 160   M    M   0        30 150
 2  84  39  62   5   3   0 0.00  0.0    0  9.2 17 150   M    M   0        22 160
 3  90  44  67  10   0   2 0.00  0.0    0  8.3 18 150   M    M   0        25 160
 4  86  56  71  15   0   6 0.00  0.0    0 19.5 36 170   M    M   0        48 170
 5  79  55  67  11   0   2 0.00  0.0    0 25.6 38 170   M    M   2        48 180
 6  83  55  69  13   0   4 0.63  0.0    0 28.2 46 180   M    M   7 13     61 180
 7  75  46  61   6   4   0 0.06  0.0    0 11.3 24 160   M    M   4 13     32 170
 8  64  43  54  -1  11   0 0.85  0.0    0 15.5 33 120   M    M   5 13     39 120
 9  59  39  49  -5  16   0 0.00  0.0    0  9.9 17 300   M    M   6        23 260
10  68  33  51  -3  14   0 0.00  0.0    0  6.9 20 170   M    M   0 1      23 170
11  70  48  59   5   6   0 0.00  0.0    0  8.3 28 310   M    M   5 12     38 300
12  66  39  53   0  12   0 0.00  0.0    0 16.7 32 330   M    M   1        40 340
13  76  36  56   3   9   0 0.00  0.0    0  6.9 16 220   M    M   0        21 230
14  65  35  50  -2  15   0 0.00  0.0    0  6.2 14 200   M    M   0        17 200
15  86  47  67  15   0   2 0.00  0.0    0 15.8 24 210   M    M   0        35 210
16  64  38  51  -1  14   0 0.00  0.0    0  9.9 23 350   M    M   0        30 350
17  54  34  44  -8  21   0 0.33  0.0    0 13.0 29 350   M    M   5 1      39 330
18  57  33  45  -6  20   0 0.00  0.0    0 14.5 29 340   M    M   0        37 360
19  60  30  45  -6  20   0 0.00  0.0    0  8.6 15 340   M    M   0        21 310
20  64  29  47  -3  18   0 0.00  0.0    0  7.9 16 190   M    M   0        18 160
21  75  38  57   7   8   0 0.00  0.0    0  6.5 16 190   M    M   0        21 190
22  72  38  55   5  10   0 0.00  0.0    0  6.1 18 350   M    M   2        25 360
23  74  39  57   8   8   0 0.00  0.0    0 11.0 22 330   M    M   0 8      29 330
24  83  48  66  17   0   1 0.00  0.0    0 11.6 23 190   M    M   0        30 190
25  65  44  55   6  10   0 0.00  0.0    0 16.4 28 330   M    M   2        32 330
26  44  28  36 -12  29   0 0.29  0.2    0 10.4 23  10   M    M   9 1      30  10
27  49  22  36 -12  29   0 0.00  0.0    T  6.6 13 270   M    M   0        16 270
28  56  26  41  -6  24   0 0.00  0.0    0  7.3 17 310   M    M   0        22 310
29  72  32  52   5  13   0 0.00  0.0    0 11.0 26 340   M    M   1        33 350
30  62  33  48   1  17   0 0.00  0.0    0  8.8 18 270   M    M   0        22 280
31  75  32  54   8  11   0 0.00  0.0    0 10.4 25 160   M    M   0        30 160
================================================================================
SM 2157 1203       345  17  2.16     0.2 362.8          M       49
================================================================================
AV 69.6 38.8                              11.7 FASTST   M    M   2    MAX(MPH)
                                 MISC ---->  # 46 180               # 61  180
================================================================================
NOTES:
# LAST OF SEVERAL OCCURRENCES

COLUMN 17 PEAK WIND IN M.P.H.

PRELIMINARY LOCAL CLIMATOLOGICAL DATA (WS FORM: F-6) , PAGE 2

                                          STATION:  GOODLAND KS
                                          MONTH:    OCTOBER
                                          YEAR:     2011
                                          LATITUDE:   39 22 N
                                          LONGITUDE: 101 42 W

[TEMPERATURE DATA]      [PRECIPITATION DATA]       SYMBOLS USED IN COLUMN 16

AVERAGE MONTHLY: 54.2   TOTAL FOR MONTH:   2.16    1 = FOG OR MIST
DPTR FM NORMAL:   2.3   DPTR FM NORMAL:    0.79    2 = FOG REDUCING VISIBILITY
HIGHEST:    90 ON  3    GRTST 24HR  0.91 ON  7- 8      TO 1/4 MILE OR LESS
LOWEST:     22 ON 27                               3 = THUNDER
                        SNOW, ICE PELLETS, HAIL    4 = ICE PELLETS
                        TOTAL MONTH:   0.2 INCH    5 = HAIL
                        GRTST 24HR   0.2 ON   M    6 = FREEZING RAIN OR DRIZZLE
                        GRTST DEPTH:   T           7 = DUSTSTORM OR SANDSTORM:
                                                       VSBY 1/2 MILE OR LESS
                                                   8 = SMOKE OR HAZE
[NO. OF DAYS WITH]      [WEATHER - DAYS WITH]      9 = BLOWING SNOW
                                                   X = TORNADO
MAX 32 OR BELOW:   0    0.01 INCH OR MORE:   5
MAX 90 OR ABOVE:   1    0.10 INCH OR MORE:   4
MIN 32 OR BELOW:   7    0.50 INCH OR MORE:   2
MIN  0 OR BELOW:   0    1.00 INCH OR MORE:   0

[HDD (BASE 65) ]
TOTAL THIS MO.   345    CLEAR  (SCALE 0-3)  24
DPTR FM NORMAL   -71    PTCLDY (SCALE 4-7)   6
TOTAL FM JUL 1   469    CLOUDY (SCALE 8-10)  1
DPTR FM NORMAL   -71

[CDD (BASE 65) ]
TOTAL THIS MO.    17
DPTR FM NORMAL     9    [PRESSURE DATA]
TOTAL FM JAN 1  1116    HIGHEST SLP M ON M
DPTR FM NORMAL   175    LOWEST  SLP 29.41 ON  6

[REMARKS]
#FINAL-10-11#
