000
CXUS53 KGLD 010800
CF6GLD
PRELIMINARY LOCAL CLIMATOLOGICAL DATA (WS FORM: F-6)

                                          STATION:   GOODLAND KS
                                          MONTH:     AUGUST
                                          YEAR:      2011
                                          LATITUDE:   39 22 N
                                          LONGITUDE: 101 42 W

  TEMPERATURE IN F:       :PCPN:    SNOW:  WIND      :SUNSHINE: SKY     :PK WND
================================================================================
1   2   3   4   5  6A  6B    7    8   9   10  11  12  13   14  15   16   17  18
                                     12Z  AVG MX 2MIN
DY MAX MIN AVG DEP HDD CDD  WTR  SNW DPTH SPD SPD DIR MIN PSBL S-S WX    SPD DR
================================================================================

 1 101  64  83   7   0  18 0.00  0.0    0 12.7 25 180   M    M   0        32 190
 2  92  72  82   7   0  17 0.00  0.0    0 10.7 22 220   M    M   1        28 220
 3  81  65  73  -2   0   8 1.00  0.0    0  6.7 17 250   M    M   5 13     24  70
 4  92  64  78   3   0  13 0.90  0.0    0  9.1 32 350   M    M   3 13     43 190
 5  86  62  74  -1   0   9 0.00  0.0    0  5.7 18 280   M    M   2 1      24 270
 6  93  65  79   4   0  14 0.00  0.0    0  6.7 16 220   M    M   0        20 200
 7  90  62  76   1   0  11 1.10    T    0  9.5 32 280   M    M   1 3      48 260
 8  89  61  75   0   0  10 0.00  0.0    0  7.7 23  30   M    M   1        39 360
 9  88  57  73  -2   0   8 0.00  0.0    0 12.8 32  80   M    M   0        39  90
10  82  58  70  -5   0   5    T  0.0    0 12.8 28 100   M    M   3 3      36  60
11  88  62  75   0   0  10 0.00  0.0    0 13.2 31 200   M    M   3        41 200
12  81  58  70  -4   0   5 0.00  0.0    0 10.8 22  40   M    M   0 3      29 230
13  84  60  72  -2   0   7    T  0.0    0  7.8 17 160   M    M   4 1      22 170
14  91  62  77   3   0  12 0.01  0.0    0 17.3 36 310   M    M   0 3      44 320
15  91  62  77   3   0  12 0.00  0.0    0  7.0 20 100   M    M   1        24 110
16  92  64  78   4   0  13    T  0.0    0  9.0 20  40   M    M   0 8      26  40
17  87  63  75   1   0  10    T  0.0    0  9.6 23 170   M    M   3 128    29 160
18 101  60  81   7   0  16 0.00  0.0    0  7.9 18 270   M    M   0        23 240
19  94  60  77   3   0  12 0.11  0.0    0  8.3 21  20   M    M   1 3      28  20
20  88  63  76   3   0  11 0.00  0.0    0  5.7 12  90   M    M   2 1      14 100
21  93  63  78   5   0  13 0.00  0.0    0 11.1 23 160   M    M   0        28 170
22  95  65  80   7   0  15 0.00  0.0    0  6.4 12 270   M    M   0        17 270
23 102  63  83  10   0  18 0.00  0.0    0  6.1 14 260   M    M   0        18 260
24  98  57  78   5   0  13 0.00  0.0    0 10.6 21 120   M    M   0        25 110
25  96  62  79   7   0  14    T  0.0    0 14.4 26 170   M    M   0        33 160
26  94  65  80   8   0  15    T  0.0    0  9.1 21 360   M    M   0        25 360
27  94  61  78   6   0  13 0.00  0.0    0  4.8 12 110   M    M   0        23 110
28 101  60  81   9   0  16    T  0.0    0  6.6 29  90   M    M   0 3      37  80
29  87  65  76   4   0  11 0.20  0.0    0  9.9 22 120   M    M   3 13     25 130
30  95  59  77   6   0  12 0.06  0.0    0  7.5 25 200   M    M   1 3      36 210
31  98  64  81  10   0  16 0.00  0.0    0  8.7 21 160   M    M   0        25 160
================================================================================
SM 2844 1928         0 377  3.38    T    286.2          M       34
================================================================================
AV 91.7 62.2                               9.2 FASTST   M    M   1    MAX(MPH)
                                 MISC ---->  # 36 310               # 48  260
================================================================================
NOTES:
# LAST OF SEVERAL OCCURRENCES

COLUMN 17 PEAK WIND IN M.P.H.

PRELIMINARY LOCAL CLIMATOLOGICAL DATA (WS FORM: F-6) , PAGE 2

                                          STATION:  GOODLAND KS
                                          MONTH:    AUGUST
                                          YEAR:     2011
                                          LATITUDE:   39 22 N
                                          LONGITUDE: 101 42 W

[TEMPERATURE DATA]      [PRECIPITATION DATA]       SYMBOLS USED IN COLUMN 16

AVERAGE MONTHLY: 77.0   TOTAL FOR MONTH:   3.38    1 = FOG OR MIST
DPTR FM NORMAL:   3.3   DPTR FM NORMAL:    0.68    2 = FOG REDUCING VISIBILITY
HIGHEST:   102 ON 23    GRTST 24HR  1.10 ON  7- 7      TO 1/4 MILE OR LESS
LOWEST:     57 ON 24, 9                            3 = THUNDER
                        SNOW, ICE PELLETS, HAIL    4 = ICE PELLETS
                        TOTAL MONTH:    T          5 = HAIL
                        GRTST 24HR    T  ON  7- 7  6 = FREEZING RAIN OR DRIZZLE
                        GRTST DEPTH:   0           7 = DUSTSTORM OR SANDSTORM:
                                                       VSBY 1/2 MILE OR LESS
                                                   8 = SMOKE OR HAZE
[NO. OF DAYS WITH]      [WEATHER - DAYS WITH]      9 = BLOWING SNOW
                                                   X = TORNADO
MAX 32 OR BELOW:   0    0.01 INCH OR MORE:   7
MAX 90 OR ABOVE:  20    0.10 INCH OR MORE:   5
MIN 32 OR BELOW:   0    0.50 INCH OR MORE:   3
MIN  0 OR BELOW:   0    1.00 INCH OR MORE:   2

[HDD (BASE 65) ]
TOTAL THIS MO.     0    CLEAR  (SCALE 0-3)  29
DPTR FM NORMAL    -8    PTCLDY (SCALE 4-7)   2
TOTAL FM JUL 1     0    CLOUDY (SCALE 8-10)  0
DPTR FM NORMAL   -12

[CDD (BASE 65) ]
TOTAL THIS MO.   377
DPTR FM NORMAL    98    [PRESSURE DATA]
TOTAL FM JAN 1  1052    HIGHEST SLP M ON M
DPTR FM NORMAL   219    LOWEST  SLP 29.67 ON  8

[REMARKS]
#FINAL-08-11#
