000
CXUS53 KGLD 010933
CF6GLD
PRELIMINARY LOCAL CLIMATOLOGICAL DATA (WS FORM: F-6)

                                          STATION:   GOODLAND KS
                                          MONTH:     APRIL
                                          YEAR:      2011
                                          LATITUDE:   39 22 N
                                          LONGITUDE: 101 42 W

  TEMPERATURE IN F:       :PCPN:    SNOW:  WIND      :SUNSHINE: SKY     :PK WND
================================================================================
1   2   3   4   5  6A  6B    7    8   9   10  11  12  13   14  15   16   17  18
                                     12Z  AVG MX 2MIN
DY MAX MIN AVG DEP HDD CDD  WTR  SNW DPTH SPD SPD DIR MIN PSBL S-S WX    SPD DR
================================================================================

 1  66  33  50   6  15   0 0.00  0.0    0 11.3 24  30   M    M   0        38 330
 2  86  34  60  15   5   0 0.00  0.0    0 14.2 25 210   M    M   0        35 200
 3  67  33  50   5  15   0 0.02    T    0 21.2 47 340   M    M   2 18     56 340
 4  52  26  39  -6  26   0 0.00  0.0    0 16.4 35 340   M    M   2        40 340
 5  79  32  56  10   9   0 0.00  0.0    0 12.4 24 220   M    M   0        31 220
 6  63  37  50   4  15   0 0.00  0.0    0   M   M   M   M    M   0         M  M
 7  65  42  54   8  11   0    T  0.0    0 12.8 22  80   M    M   6 12     28 100
 8  82  42  62  15   3   0 0.00  0.0    0 15.9 28 180   M    M   4 12     35 180
 9  87  46  67  20   0   2 0.00  0.0    0 18.2 40 210   M    M   0        55 220
10  60  37  49   2  16   0 0.13  0.0    0 17.1 32 320   M    M   6 1      40 340
11  64  35  50   3  15   0 0.00  0.0    0 14.3 23 350   M    M   0        32 340
12  79  34  57   9   8   0 0.00  0.0    0 13.6 29 190   M    M   0        32 190
13  66  38  52   3  13   0 0.00  0.0    0 17.8 29 360   M    M   0        36 350
14  38  30  34 -15  31   0 0.42  3.0    0 27.1 52 340   M    M   9 123    61 340
15  51  27  39 -10  26   0 0.10  0.1    3 28.5 51 340   M    M   2 12     61 330
16  69  26  48  -1  17   0 0.00  0.0    T  6.9 20 220   M    M   2        26 220
17  78  31  55   6  10   0    T  0.0    0  8.4 46 270   M    M   1        62 260
18  56  39  48  -2  17   0 0.01  0.0    0 13.1 24 100   M    M   6 128    29  60
19  56  36  46  -4  19   0 0.03  0.0    0  8.0 22  10   M    M   5 12     28  10
20  54  35  45  -5  20   0 0.01  0.0    0 11.7 22 150   M    M   8 1      30 150
21  69  36  53   3  12   0 0.00  0.0    0 14.2 20 130   M    M   3 1      24 120
22  70  36  53   2  12   0 0.00  0.0    0 11.4 28 290   M    M   6 12     41 270
23  49  35  42  -9  23   0 0.00  0.0    0 10.4 23 350   M    M   8        30 360
24  51  36  44  -7  21   0 0.06  0.0    0 11.1 18  90   M    M   9 1      22  80
25  48  37  43  -9  22   0 0.45  0.0    0  6.9 14  10   M    M  10 1      16  20
26  60  34  47  -5  18   0 0.60  0.0    0  7.0 25 320   M    M   4 135    31 310
27  54  37  46  -6  19   0 0.41  0.0    0 11.6 22 360   M    M   6 1      29  10
28  68  36  52  -1  13   0 0.00  0.0    0 14.2 22 300   M    M   0        28 180
29  83  39  61   8   4   0 0.00  0.0    0 20.1 39 350   M    M   0        47 350
30  57  33  45  -8  20   0 0.00  0.0    0 19.6 37 320   M    M   2        47 320
================================================================================
SM 1927 1052       455   2  2.24     3.1 415.4          M      101
================================================================================
AV 64.2 35.1                              14.3 FASTST   M    M   3    MAX(MPH)
                                 MISC ---->  # 52 340               # 62  260
================================================================================
NOTES:
# LAST OF SEVERAL OCCURRENCES

COLUMN 17 PEAK WIND IN M.P.H.

PRELIMINARY LOCAL CLIMATOLOGICAL DATA (WS FORM: F-6) , PAGE 2

                                          STATION:  GOODLAND KS
                                          MONTH:    APRIL
                                          YEAR:     2011
                                          LATITUDE:   39 22 N
                                          LONGITUDE: 101 42 W

[TEMPERATURE DATA]      [PRECIPITATION DATA]       SYMBOLS USED IN COLUMN 16

AVERAGE MONTHLY: 49.6   TOTAL FOR MONTH:   2.24    1 = FOG OR MIST
DPTR FM NORMAL:   0.8   DPTR FM NORMAL:    0.73    2 = FOG REDUCING VISIBILITY
HIGHEST:    87 ON  9    GRTST 24HR  1.01 ON 26-27      TO 1/4 MILE OR LESS
LOWEST:     26 ON 16, 4                            3 = THUNDER
                        SNOW, ICE PELLETS, HAIL    4 = ICE PELLETS
                        TOTAL MONTH:   3.1 INCHES  5 = HAIL
                        GRTST 24HR   3.0 ON 14-14  6 = FREEZING RAIN OR DRIZZLE
                        GRTST DEPTH:   3 ON 15     7 = DUSTSTORM OR SANDSTORM:
                                                       VSBY 1/2 MILE OR LESS
                                                   8 = SMOKE OR HAZE
[NO. OF DAYS WITH]      [WEATHER - DAYS WITH]      9 = BLOWING SNOW
                                                   X = TORNADO
MAX 32 OR BELOW:   0    0.01 INCH OR MORE:  11
MAX 90 OR ABOVE:   0    0.10 INCH OR MORE:   6
MIN 32 OR BELOW:   6    0.50 INCH OR MORE:   1
MIN  0 OR BELOW:   0    1.00 INCH OR MORE:   0

[HDD (BASE 65) ]
TOTAL THIS MO.   455    CLEAR  (SCALE 0-3)  17
DPTR FM NORMAL   -35    PTCLDY (SCALE 4-7)   8
TOTAL FM JUL 1  5523    CLOUDY (SCALE 8-10)  5
DPTR FM NORMAL  -241

[CDD (BASE 65) ]
TOTAL THIS MO.     2
DPTR FM NORMAL    -2    [PRESSURE DATA]
TOTAL FM JAN 1     2    HIGHEST SLP 30.26 ON 20
DPTR FM NORMAL    -2    LOWEST  SLP 29.25 ON 29

[REMARKS]
#FINAL-04-11#
