000
CXUS53 KGLD 010800
CF6GLD
PRELIMINARY LOCAL CLIMATOLOGICAL DATA (WS FORM: F-6)

                                          STATION:   GOODLAND KS
                                          MONTH:     JULY
                                          YEAR:      2011
                                          LATITUDE:   39 22 N
                                          LONGITUDE: 101 42 W

  TEMPERATURE IN F:       :PCPN:    SNOW:  WIND      :SUNSHINE: SKY     :PK WND
================================================================================
1   2   3   4   5  6A  6B    7    8   9   10  11  12  13   14  15   16   17  18
                                     12Z  AVG MX 2MIN
DY MAX MIN AVG DEP HDD CDD  WTR  SNW DPTH SPD SPD DIR MIN PSBL S-S WX    SPD DR
================================================================================

 1  92  60  76   3   0  11 0.00  0.0    0  7.9 15  40   M    M   0        20  50
 2  93  59  76   3   0  11 0.84  0.0    0 15.2 35 320   M    M   4 13     43 320
 3  92  58  75   1   0  10 0.00  0.0    0  7.0 15  80   M    M   0        18  70
 4  96  57  77   3   0  12 0.00  0.0    0  7.5 13 190   M    M   0        18 190
 5  98  65  82   8   0  17 0.01  0.0    0 10.7 31 360   M    M   0        40 360
 6  86  63  75   1   0  10 0.51  0.0    0  7.6 30 350   M    M   4 13     40 330
 7  87  61  74   0   0   9 0.00  0.0    0   M   M   M   M    M   0         M  M
 8  90  64  77   3   0  12    T  0.0    0 12.7 25 270   M    M   3 3      37 160
 9  93  64  79   4   0  14 0.27  0.0    0  8.9 36 260   M    M   1 39     44 250
10  99  65  82   7   0  17 0.59  0.0    0  9.4 35 260   M    M   2 3      47 210
11  93  65  79   4   0  14    T  0.0    0  8.2 23 320   M    M   1 8      30 320
12  87  63  75   0   0  10    T  0.0    0 10.3 22  70   M    M   3 1      25  80
13  87  64  76   1   0  11 0.04  0.0    0  9.3 20  70   M    M   6 1      23  70
14  96  63  80   5   0  15 0.01  0.0    0  9.3 23 310   M    M   1 3      29 320
15  96  68  82   7   0  17 0.00  0.0    0  5.7 22 160   M    M   1        26 160
16 100  64  82   7   0  17 0.00  0.0    0 12.4 24 170   M    M   0        31 180
17  99  70  85  10   0  20 0.00  0.0    0 13.4 24 170   M    M   0        32 180
18  99  65  82   6   0  17 0.00  0.0    0 11.3 22 180   M    M   0        31 190
19 102  70  86  10   0  21 0.00  0.0    0 15.0 24 160   M    M   0        33 170
20  99  64  82   6   0  17    T  0.0    0  9.2 22 260   M    M   1 3      28 240
21  92  66  79   3   0  14 0.57  0.0    0  9.4 28 190   M    M   2 13     33 130
22  93  64  79   3   0  14 0.00  0.0    0 11.3 20 160   M    M   0        24 160
23  97  70  84   8   0  19 0.00  0.0    0 10.3 28 120   M    M   0 3      32 130
24  90  69  80   4   0  15 0.00  0.0    0  8.7 22 180   M    M   1 1      29 180
25  95  65  80   4   0  15 0.00  0.0    0  9.2 17 150   M    M   0        22 150
26 100  67  84   8   0  19 0.00  0.0    0 15.1 26 160   M    M   0 3      33 320
27  97  65  81   5   0  16 0.05  0.0    0  8.4 20 330   M    M   1 3      25 340
28  92  65  79   3   0  14 0.25  0.0    0  9.8 31  20   M    M   2 3      39  20
29  85  63  74  -2   0   9 0.08  0.0    0  7.6 18 130   M    M   2        24 130
30  94  65  80   4   0  15 0.00  0.0    0  8.1 16 160   M    M   2 12     20 160
31  98  68  83   7   0  18 0.00  0.0    0 12.4 25 140   M    M   0        32 150
================================================================================
SM 2917 1999         0 450  3.22     0.0 301.3          M       37
================================================================================
AV 94.1 64.5                              10.0 FASTST   M    M   1    MAX(MPH)
                                 MISC ---->  # 36 260               # 47  210
================================================================================
NOTES:
# LAST OF SEVERAL OCCURRENCES

COLUMN 17 PEAK WIND IN M.P.H.

PRELIMINARY LOCAL CLIMATOLOGICAL DATA (WS FORM: F-6) , PAGE 2

                                          STATION:  GOODLAND KS
                                          MONTH:    JULY
                                          YEAR:     2011
                                          LATITUDE:   39 22 N
                                          LONGITUDE: 101 42 W

[TEMPERATURE DATA]      [PRECIPITATION DATA]       SYMBOLS USED IN COLUMN 16

AVERAGE MONTHLY: 79.3   TOTAL FOR MONTH:   3.22    1 = FOG OR MIST
DPTR FM NORMAL:   4.2   DPTR FM NORMAL:   -0.32    2 = FOG REDUCING VISIBILITY
HIGHEST:   102 ON 19    GRTST 24HR  0.84 ON  2- 2      TO 1/4 MILE OR LESS
LOWEST:     57 ON  4                               3 = THUNDER
                        SNOW, ICE PELLETS, HAIL    4 = ICE PELLETS
                        TOTAL MONTH:   0.0 INCH    5 = HAIL
                        GRTST 24HR     0.0         6 = FREEZING RAIN OR DRIZZLE
                        GRTST DEPTH:   0           7 = DUSTSTORM OR SANDSTORM:
                                                       VSBY 1/2 MILE OR LESS
                                                   8 = SMOKE OR HAZE
[NO. OF DAYS WITH]      [WEATHER - DAYS WITH]      9 = BLOWING SNOW
                                                   X = TORNADO
MAX 32 OR BELOW:   0    0.01 INCH OR MORE:  11
MAX 90 OR ABOVE:  26    0.10 INCH OR MORE:   6
MIN 32 OR BELOW:   0    0.50 INCH OR MORE:   4
MIN  0 OR BELOW:   0    1.00 INCH OR MORE:   0

[HDD (BASE 65) ]
TOTAL THIS MO.     0    CLEAR  (SCALE 0-3)  27
DPTR FM NORMAL    -5    PTCLDY (SCALE 4-7)   4
TOTAL FM JUL 1     0    CLOUDY (SCALE 8-10)  0
DPTR FM NORMAL    -5

[CDD (BASE 65) ]
TOTAL THIS MO.   450
DPTR FM NORMAL   130    [PRESSURE DATA]
TOTAL FM JAN 1   675    HIGHEST SLP M ON M
DPTR FM NORMAL   152    LOWEST  SLP 29.54 ON 26

[REMARKS]
#FINAL-07-11#
