000
CXUS53 KGLD 010800
CF6GLD
PRELIMINARY LOCAL CLIMATOLOGICAL DATA (WS FORM: F-6)

                                          STATION:   GOODLAND KS
                                          MONTH:     JUNE
                                          YEAR:      2011
                                          LATITUDE:   39 22 N
                                          LONGITUDE: 101 42 W

  TEMPERATURE IN F:       :PCPN:    SNOW:  WIND      :SUNSHINE: SKY     :PK WND
================================================================================
1   2   3   4   5  6A  6B    7    8   9   10  11  12  13   14  15   16   17  18
                                     12Z  AVG MX 2MIN
DY MAX MIN AVG DEP HDD CDD  WTR  SNW DPTH SPD SPD DIR MIN PSBL S-S WX    SPD DR
================================================================================

 1  90  57  74   9   0   9 0.00  0.0    0 19.1 37 200   M    M   1        45 200
 2  94  68  81  16   0  16 0.00  0.0    0 21.1 35 180   M    M   0        45 190
 3  83  59  71   5   0   6 0.00  0.0    0 11.1 20 100   M    M   0 3      26 110
 4  85  52  69   3   0   4 0.00  0.0    0  4.9 13 110   M    M   0        17 110
 5  94  50  72   6   0   7 0.00  0.0    0  7.3 16 150   M    M   1 12     20 150
 6  95  58  77  10   0  12 0.00  0.0    0 13.1 26 170   M    M   0        33 160
 7  88  58  73   6   0   8 0.00  0.0    0 11.7 17  30   M    M   0        24  40
 8  80  54  67   0   0   2 0.00  0.0    0 14.6 23  60   M    M   0        30  60
 9  68  47  58 -10   7   0 0.00  0.0    0 10.4 21  20   M    M   5        26  30
10  77  49  63  -5   2   0 0.00  0.0    0  9.7 10  60   M    M   3        12  60
11  84  49  67  -2   0   2 0.40    T    0 14.6 33 300   M    M   2 13     44 210
12  82  56  69   0   0   4 0.00  0.0    0 13.8 21 160   M    M   5 3      28 150
13  80  58  69   0   0   4 0.01  0.0    0 10.1 18  70   M    M   6 13     24  60
14  84  54  69   0   0   4    T  0.0    0  9.8 26 350   M    M   3 13     33 320
15  90  49  70   0   0   5    T  0.0    0 10.4 29 190   M    M   0        33 190
16  90  57  74   4   0   9 0.00  0.0    0 15.9 33 360   M    M   1        51 360
17  79  55  67  -3   0   2 0.23  0.0    0 13.4 25  80   M    M   5        31  60
18  83  53  68  -3   0   3 0.19    T    0  8.1 35 330   M    M   1 5      40 280
19  86  57  72   1   0   7 0.00  0.0    0 13.6 31 350   M    M   2        40 350
20  62  57  60 -11   5   0 1.33  0.0    0 24.4 43 340   M    M   7 1      53 350
21  77  53  65  -6   0   0 0.00  0.0    0 18.1 17 340   M    M   1        22 330
22  84  51  68  -4   0   3 0.00  0.0    0 10.2  9 180   M    M   0        12  60
23  86  52  69  -3   0   4 0.00  0.0    0  9.3 16 130   M    M   0 3      23 130
24  88  58  73   1   0   8    T  0.0    0 10.8 26  10   M    M   0        33 360
25  89  61  75   3   0  10    T  0.0    0 12.7 30  40   M    M   1        38  50
26  94  67  81   8   0  16    T  0.0    0  9.0 26  30   M    M   4 1      35  20
27  81  60  71  -2   0   6 0.00  0.0    0 13.2 26 350   M    M   2        36  10
28  93  54  74   1   0   9 0.00  0.0    0 16.1 25 160   M    M   0        33 160
29 101  62  82   9   0  17 0.00  0.0    0  9.7 16 190   M    M   0        21 190
30 102  71  87  14   0  22    T  0.0    0 14.4 36 310   M    M   0        48 310
================================================================================
SM 2569 1686        14 199  2.16    T    380.6          M       50
================================================================================
AV 85.6 56.2                              12.7 FASTST   M    M   2    MAX(MPH)
                                 MISC ---->  # 43 340               # 53  350
================================================================================
NOTES:
# LAST OF SEVERAL OCCURRENCES

COLUMN 17 PEAK WIND IN M.P.H.

PRELIMINARY LOCAL CLIMATOLOGICAL DATA (WS FORM: F-6) , PAGE 2

                                          STATION:  GOODLAND KS
                                          MONTH:    JUNE
                                          YEAR:     2011
                                          LATITUDE:   39 22 N
                                          LONGITUDE: 101 42 W

[TEMPERATURE DATA]      [PRECIPITATION DATA]       SYMBOLS USED IN COLUMN 16

AVERAGE MONTHLY: 70.9   TOTAL FOR MONTH:   2.16    1 = FOG OR MIST
DPTR FM NORMAL:   1.3   DPTR FM NORMAL:   -1.14    2 = FOG REDUCING VISIBILITY
HIGHEST:   102 ON 30    GRTST 24HR  1.33 ON 20-20      TO 1/4 MILE OR LESS
LOWEST:     47 ON  9                               3 = THUNDER
                        SNOW, ICE PELLETS, HAIL    4 = ICE PELLETS
                        TOTAL MONTH:    T          5 = HAIL
                        GRTST 24HR    T  ON 18-18  6 = FREEZING RAIN OR DRIZZLE
                        GRTST DEPTH:   0           7 = DUSTSTORM OR SANDSTORM:
                                                       VSBY 1/2 MILE OR LESS
                                                   8 = SMOKE OR HAZE
[NO. OF DAYS WITH]      [WEATHER - DAYS WITH]      9 = BLOWING SNOW
                                                   X = TORNADO
MAX 32 OR BELOW:   0    0.01 INCH OR MORE:   5
MAX 90 OR ABOVE:  10    0.10 INCH OR MORE:   4
MIN 32 OR BELOW:   0    0.50 INCH OR MORE:   1
MIN  0 OR BELOW:   0    1.00 INCH OR MORE:   1

[HDD (BASE 65) ]
TOTAL THIS MO.    14    CLEAR  (SCALE 0-3)  23
DPTR FM NORMAL   -21    PTCLDY (SCALE 4-7)   7
TOTAL FM JUL 1  5815    CLOUDY (SCALE 8-10)  0
DPTR FM NORMAL  -208

[CDD (BASE 65) ]
TOTAL THIS MO.   199
DPTR FM NORMAL    26    [PRESSURE DATA]
TOTAL FM JAN 1   225    HIGHEST SLP M ON M
DPTR FM NORMAL    22    LOWEST  SLP 29.34 ON 19

[REMARKS]
#FINAL-06-11#
