000
CXUS53 KGLD 010800
CF6GLD
PRELIMINARY LOCAL CLIMATOLOGICAL DATA (WS FORM: F-6)

                                          STATION:   GOODLAND KS
                                          MONTH:     MARCH
                                          YEAR:      2011
                                          LATITUDE:   39 22 N
                                          LONGITUDE: 101 42 W

  TEMPERATURE IN F:       :PCPN:    SNOW:  WIND      :SUNSHINE: SKY     :PK WND
================================================================================
1   2   3   4   5  6A  6B    7    8   9   10  11  12  13   14  15   16   17  18
                                     12Z  AVG MX 2MIN
DY MAX MIN AVG DEP HDD CDD  WTR  SNW DPTH SPD SPD DIR MIN PSBL S-S WX    SPD DR
================================================================================

 1  61  24  43   7  22   0 0.00  0.0    0  8.2 17  70   M    M   0        22  60
 2  31  16  24 -12  41   0 0.00  0.0    0  8.9 17  50   M    M   6 128    20  50
 3  67  16  42   6  23   0    T  0.0    0  7.6 20  20   M    M   2 18     24 340
 4  43  20  32  -5  33   0 0.05  0.0    0 12.0 24 360   M    M   6 1      29  10
 5  55  17  36  -1  29   0 0.00  0.0    0 10.3 18 160   M    M   0        24 200
 6  57  16  37   0  28   0 0.00  0.0    0  8.3 21  60   M    M   2        25  60
 7  29  17  23 -14  42   0 0.03  0.1    0 13.3 21 360   M    M   9 16     25  50
 8  25  11  18 -20  47   0 0.34  4.3    2 12.0 22 340   M    M   8 12     24 340
 9  46  10  28 -10  37   0 0.00  0.0    4 14.4 30 330   M    M   0 1      33 350
10  66  29  48  10  17   0 0.00  0.0    T 11.0 18 190   M    M   0        25 190
11  70  30  50  12  15   0 0.00  0.0    0 13.5 26 350   M    M   0 8      35 360
12  58  23  41   2  24   0 0.00  0.0    0  8.4 20 160   M    M   0        25 150
13  45  22  34  -5  31   0    T    T    0  8.8 16 150   M    M   6 12     23 150
14  60  23  42   3  23   0 0.00  0.0    0 13.5 23 180   M    M   2 12     28 180
15  59  26  43   4  22   0 0.00  0.0    0 10.9 24 360   M    M   0        30 350
16  77  37  57  17   8   0 0.00  0.0    0 12.5 22 180   M    M   0        25 220
17  64  32  48   8  17   0 0.00  0.0    0 14.7 13 330   M    M   0        15 340
18  58  31  45   5  20   0 0.00  0.0    0  9.9 16 160   M    M   3        18 160
19  70  37  54  13  11   0 0.00  0.0    0 18.3 23 180   M    M   1        26 180
20  70  45  58  17   7   0 0.00  0.0    0   M   M   M   M    M   0 1       M  M
21  84  32  58  17   7   0 0.00  0.0    0 13.7 21 180   M    M   4 12     25 180
22  60  37  49   8  16   0    T  0.0    0 14.6 21 310   M    M   0        24 310
23  58  22  40  -2  25   0 0.00  0.0    0   M   M   M   M    M   0         M  M
24  52  17  35  -7  30   0    T  0.0    0 15.0 38 170   M    M   1        45 160
25  48  17  33  -9  32   0    T  0.0    0 11.0 25 120   M    M   4 128    32 110
26  53  30  42  -1  23   0 0.01  0.0    0  7.9 18 130   M    M   8 12     23 130
27  32  27  30 -13  35   0 0.05  0.5    0 13.7 20 130   M    M  10 12     23 130
28  37  27  32 -11  33   0    T  0.0    0 11.1 20 160   M    M  10 12     22 160
29  38  25  32 -11  33   0 0.33  3.1    0  7.3 16 220   M    M   6 12     20 210
30  58  29  44   0  21   0 0.00  0.0    1 11.9 26 310   M    M   5        33 300
31  60  40  50   6  15   0    T  0.0    0 14.4 28 330   M    M   5        44 330
================================================================================
SM 1691  785       767   0  0.81     8.0 337.1          M       98
================================================================================
AV 54.5 25.3                              11.6 FASTST   M    M   3    MAX(MPH)
                                 MISC ---->  # 38 170               # 45  160
================================================================================
NOTES:
# LAST OF SEVERAL OCCURRENCES

COLUMN 17 PEAK WIND IN M.P.H.

PRELIMINARY LOCAL CLIMATOLOGICAL DATA (WS FORM: F-6) , PAGE 2

                                          STATION:  GOODLAND KS
                                          MONTH:    MARCH
                                          YEAR:     2011
                                          LATITUDE:   39 22 N
                                          LONGITUDE: 101 42 W

[TEMPERATURE DATA]      [PRECIPITATION DATA]       SYMBOLS USED IN COLUMN 16

AVERAGE MONTHLY: 39.9   TOTAL FOR MONTH:   0.81    1 = FOG OR MIST
DPTR FM NORMAL:   0.1   DPTR FM NORMAL:   -0.39    2 = FOG REDUCING VISIBILITY
HIGHEST:    84 ON 21    GRTST 24HR  0.34 ON  8- 8      TO 1/4 MILE OR LESS
LOWEST:     10 ON  9                               3 = THUNDER
                        SNOW, ICE PELLETS, HAIL    4 = ICE PELLETS
                        TOTAL MONTH:   8.0 INCHES  5 = HAIL
                        GRTST 24HR   4.3 ON   M    6 = FREEZING RAIN OR DRIZZLE
                        GRTST DEPTH:   4 ON  9     7 = DUSTSTORM OR SANDSTORM:
                                                       VSBY 1/2 MILE OR LESS
                                                   8 = SMOKE OR HAZE
[NO. OF DAYS WITH]      [WEATHER - DAYS WITH]      9 = BLOWING SNOW
                                                   X = TORNADO
MAX 32 OR BELOW:   4    0.01 INCH OR MORE:   6
MAX 90 OR ABOVE:   0    0.10 INCH OR MORE:   2
MIN 32 OR BELOW:  26    0.50 INCH OR MORE:   0
MIN  0 OR BELOW:   0    1.00 INCH OR MORE:   0

[HDD (BASE 65) ]
TOTAL THIS MO.   767    CLEAR  (SCALE 0-3)  18
DPTR FM NORMAL    -9    PTCLDY (SCALE 4-7)  10
TOTAL FM JUL 1  5068    CLOUDY (SCALE 8-10)  3
DPTR FM NORMAL  -206

[CDD (BASE 65) ]
TOTAL THIS MO.     0
DPTR FM NORMAL     0    [PRESSURE DATA]
TOTAL FM JAN 1     0    HIGHEST SLP M ON M
DPTR FM NORMAL     0    LOWEST  SLP 29.52 ON 17

[REMARKS]
#FINAL-03-11#
