000
CXUS53 KGLD 010800
CF6GLD
PRELIMINARY LOCAL CLIMATOLOGICAL DATA (WS FORM: F-6)

                                          STATION:   GOODLAND KS
                                          MONTH:     FEBRUARY
                                          YEAR:      2011
                                          LATITUDE:   39 22 N
                                          LONGITUDE: 101 42 W

  TEMPERATURE IN F:       :PCPN:    SNOW:  WIND      :SUNSHINE: SKY     :PK WND
================================================================================
1   2   3   4   5  6A  6B    7    8   9   10  11  12  13   14  15   16   17  18
                                     12Z  AVG MX 2MIN
DY MAX MIN AVG DEP HDD CDD  WTR  SNW DPTH SPD SPD DIR MIN PSBL S-S WX    SPD DR
================================================================================

 1   1 -12  -5 -34  70   0    T    T    1 26.6 39 340   M    M   9 18     46 350
 2  10 -13  -1 -31  66   0 0.00  0.0    1 10.6 17 330   M    M   0        22 330
 3  34  -5  15 -15  50   0 0.00  0.0    1  8.3 14 270   M    M   1        17 270
 4  50  17  34   4  31   0 0.00  0.0    1 11.2 25 330   M    M   3        30 330
 5  52  27  40  10  25   0 0.02  0.2    T 17.3 33 340   M    M   6 1      40 340
 6  34  22  28  -2  37   0    T    T    T 18.2 35 350   M    M   8 1      40 360
 7  42  10  26  -5  39   0    T    T    0 15.3 33  90   M    M   5 1      40  90
 8  19  -1   9 -22  56   0 0.34  5.9    3 15.3 33  70   M    M  10 128    39  60
 9  16  -6   5 -26  60   0    T    T    6 13.3 18 250   M    M   2 1      22 250
10  30   1  16 -15  49   0 0.00  0.0    5 11.4 18 280   M    M   0        21 260
11  39  15  27  -5  38   0 0.00  0.0    4 13.6 21 300   M    M   0        25 310
12  52  25  39   7  26   0 0.00  0.0    3 12.9 20 240   M    M   0        23 240
13  67  31  49  17  16   0 0.00  0.0    3 12.3 21 240   M    M   0        28 240
14  52  23  38   6  27   0 0.00  0.0    T 15.7 31 180   M    M   0        39 170
15  68  26  47  15  18   0 0.00  0.0    0 10.7 21 190   M    M   0        25 190
16  75  40  58  25   7   0 0.00  0.0    0 15.7 28 240   M    M   0        33 240
17  57  27  42   9  23   0 0.00  0.0    0 13.1 30 330   M    M   0        37 330
18  53  18  36   3  29   0 0.00  0.0    0 12.3 28 170   M    M   0        32 190
19  66  24  45  12  20   0 0.04  0.0    0 13.3 26 120   M    M   1 123    32 120
20  47  14  31  -3  34   0 0.00  0.0    0 15.1 23 360   M    M   5 12     28 350
21  41  11  26  -8  39   0 0.00  0.0    0  9.9 18 320   M    M   0        22 320
22  54  14  34   0  31   0 0.00  0.0    0 12.2 23 190   M    M   0        29 190
23  52  21  37   3  28   0 0.00  0.0    0 11.8 21  30   M    M   0        29  10
24  26  18  22 -13  43   0 0.02  0.1    0 10.5 18  50   M    M   9 1      22  60
25  18  13  16 -19  49   0    T  0.2    T  9.9 20 170   M    M  10 1      23 170
26  50  14  32  -3  33   0    T  0.0    T 10.2 22 190   M    M   6 12     26 180
27  42  16  29  -6  36   0 0.00  0.0    0  9.6 23  30   M    M   0 1      28  30
28  61  16  39   3  26   0 0.00  0.0    0 13.5 24 200   M    M   0        31 200
================================================================================
SM 1208  406      1006   0  0.42     6.4 369.8          M       75
================================================================================
AV 43.1 14.5                              13.2 FASTST   M    M   3    MAX(MPH)
                                 MISC ---->  # 39 340               # 46  350
================================================================================
NOTES:
# LAST OF SEVERAL OCCURRENCES

COLUMN 17 PEAK WIND IN M.P.H.

PRELIMINARY LOCAL CLIMATOLOGICAL DATA (WS FORM: F-6) , PAGE 2

                                          STATION:  GOODLAND KS
                                          MONTH:    FEBRUARY
                                          YEAR:     2011
                                          LATITUDE:   39 22 N
                                          LONGITUDE: 101 42 W

[TEMPERATURE DATA]      [PRECIPITATION DATA]       SYMBOLS USED IN COLUMN 16

AVERAGE MONTHLY: 28.8   TOTAL FOR MONTH:   0.42    1 = FOG OR MIST
DPTR FM NORMAL:  -3.6   DPTR FM NORMAL:   -0.02    2 = FOG REDUCING VISIBILITY
HIGHEST:    75 ON 16    GRTST 24HR  0.34 ON  8- 8      TO 1/4 MILE OR LESS
LOWEST:    -13 ON  2                               3 = THUNDER
                        SNOW, ICE PELLETS, HAIL    4 = ICE PELLETS
                        TOTAL MONTH:   6.4 INCHES  5 = HAIL
                        GRTST 24HR   5.9 ON   M    6 = FREEZING RAIN OR DRIZZLE
                        GRTST DEPTH:   6 ON  9     7 = DUSTSTORM OR SANDSTORM:
                                                       VSBY 1/2 MILE OR LESS
                                                   8 = SMOKE OR HAZE
[NO. OF DAYS WITH]      [WEATHER - DAYS WITH]      9 = BLOWING SNOW
                                                   X = TORNADO
MAX 32 OR BELOW:   7    0.01 INCH OR MORE:   4
MAX 90 OR ABOVE:   0    0.10 INCH OR MORE:   1
MIN 32 OR BELOW:  27    0.50 INCH OR MORE:   0
MIN  0 OR BELOW:   5    1.00 INCH OR MORE:   0

[HDD (BASE 65) ]
TOTAL THIS MO.  1006    CLEAR  (SCALE 0-3)  19
DPTR FM NORMAL    90    PTCLDY (SCALE 4-7)   5
TOTAL FM JUL 1  4301    CLOUDY (SCALE 8-10)  4
DPTR FM NORMAL  -197

[CDD (BASE 65) ]
TOTAL THIS MO.     0
DPTR FM NORMAL     0    [PRESSURE DATA]
TOTAL FM JAN 1     0    HIGHEST SLP M ON M
DPTR FM NORMAL     0    LOWEST  SLP 29.40 ON 17

[REMARKS]
#FINAL-02-11#
