000
CXUS53 KGLD 010800
CF6GLD
PRELIMINARY LOCAL CLIMATOLOGICAL DATA (WS FORM: F-6)

                                          STATION:   GOODLAND KS
                                          MONTH:     MAY
                                          YEAR:      2011
                                          LATITUDE:   39 22 N
                                          LONGITUDE: 101 42 W

  TEMPERATURE IN F:       :PCPN:    SNOW:  WIND      :SUNSHINE: SKY     :PK WND
================================================================================
1   2   3   4   5  6A  6B    7    8   9   10  11  12  13   14  15   16   17  18
                                     12Z  AVG MX 2MIN
DY MAX MIN AVG DEP HDD CDD  WTR  SNW DPTH SPD SPD DIR MIN PSBL S-S WX    SPD DR
================================================================================

 1  56  35  46  -8  19   0 0.00  0.0    0  8.3 18  70   M    M   3        24  70
 2  58  29  44 -10  21   0    T  0.0    0  8.7 26 340   M    M   4        33 330
 3  71  35  53  -1  12   0 0.00  0.0    0 10.4 20 170   M    M   0        23 160
 4  71  38  55   1  10   0    T  0.0    0 15.6 39 350   M    M   2        46 350
 5  68  35  52  -3  13   0 0.00  0.0    0  9.3 25 320   M    M   1        31 310
 6  84  45  65  10   0   0 0.00  0.0    0 10.9 22 190   M    M   0 8      28 190
 7  84  42  63   8   2   0 0.00  0.0    0 11.1 21 170   M    M   0        25 170
 8  93  54  74  18   0   9 0.00  0.0    0 11.7 24 190   M    M   0        32 190
 9  89  54  72  16   0   7 0.00  0.0    0 15.1 26 230   M    M   0        33 220
10  83  43  63   7   2   0 0.00  0.0    0 12.3 25 150   M    M   0        33 150
11  69  47  58   1   7   0 0.05  0.0    0 16.6 28 340   M    M   5 13     35 310
12  50  42  46 -11  19   0 0.07  0.0    0 26.1 38 330   M    M  10 1      48 330
13  62  34  48 -10  17   0 0.02  0.0    0 17.6 31 340   M    M   4        38 360
14  57  32  45 -13  20   0 0.00  0.0    0 14.4 25  10   M    M   7        32  10
15  57  33  45 -13  20   0 0.00  0.0    0 11.8 21 360   M    M   9        29  20
16  68  30  49 -10  16   0 0.00  0.0    0 14.3 26 150   M    M   0        36 150
17  73  47  60   1   5   0 0.49  0.0    0 25.0 41 160   M    M   2 13     52 160
18  52  43  48 -11  17   0 0.46    T    0 13.8 24  80   M    M   9 135    31  80
19  64  46  55  -5  10   0 0.06  0.0    0  9.5 28 290   M    M   8 12     32 300
20  68  42  55  -5  10   0    T  0.0    0  9.4 21 310   M    M   1        25 310
21  74  46  60   0   5   0 0.01  0.0    0  8.0 24 320   M    M   2        35 310
22  81  48  65   4   0   0 0.00  0.0    0   M   M   M   M    M   0         M  M
23  79  50  65   4   0   0 0.02  0.0    0  7.3 41 320   M    M   1 3      49 320
24  68  44  56  -6   9   0 1.50    T    0 20.7 67 270   M    M   6 135    79 270
25  62  41  52 -10  13   0 0.77  0.0    0 20.6 39 350   M    M   7 1      49 360
26  67  36  52 -10  13   0 0.00  0.0    0 15.5 31 160   M    M   0        40 150
27  73  42  58  -5   7   0 0.00  0.0    0  9.2 16  20   M    M   1        21  20
28  71  48  60  -3   5   0 0.00  0.0    0 13.3 25 110   M    M   8        30 110
29  84  53  69   5   0   4    T  0.0    0 13.9 26 170   M    M   5 12     32 170
30  93  45  69   5   0   4 0.00  0.0    0 18.8 45 340   M    M   0 8      55 320
31  80  38  59  -5   6   0 0.00  0.0    0  9.8 21 160   M    M   0        25 160
================================================================================
SM 2209 1297       278  24  3.45    T    409.0          M       95
================================================================================
AV 71.3 41.8                              13.6 FASTST   M    M   3    MAX(MPH)
                                 MISC ---->  # 67 270               # 79  270
================================================================================
NOTES:
# LAST OF SEVERAL OCCURRENCES

COLUMN 17 PEAK WIND IN M.P.H.

PRELIMINARY LOCAL CLIMATOLOGICAL DATA (WS FORM: F-6) , PAGE 2

                                          STATION:  GOODLAND KS
                                          MONTH:    MAY
                                          YEAR:     2011
                                          LATITUDE:   39 22 N
                                          LONGITUDE: 101 42 W

[TEMPERATURE DATA]      [PRECIPITATION DATA]       SYMBOLS USED IN COLUMN 16

AVERAGE MONTHLY: 56.5   TOTAL FOR MONTH:   3.45    1 = FOG OR MIST
DPTR FM NORMAL:  -2.2   DPTR FM NORMAL:   -0.01    2 = FOG REDUCING VISIBILITY
HIGHEST:    93 ON 30, 8 GRTST 24HR  1.65 ON 24-25      TO 1/4 MILE OR LESS
LOWEST:     29 ON  2                               3 = THUNDER
                        SNOW, ICE PELLETS, HAIL    4 = ICE PELLETS
                        TOTAL MONTH:    T          5 = HAIL
                        GRTST 24HR    T  ON 24-24  6 = FREEZING RAIN OR DRIZZLE
                        GRTST DEPTH:   0           7 = DUSTSTORM OR SANDSTORM:
                                                       VSBY 1/2 MILE OR LESS
                                                   8 = SMOKE OR HAZE
[NO. OF DAYS WITH]      [WEATHER - DAYS WITH]      9 = BLOWING SNOW
                                                   X = TORNADO
MAX 32 OR BELOW:   0    0.01 INCH OR MORE:  10
MAX 90 OR ABOVE:   2    0.10 INCH OR MORE:   4
MIN 32 OR BELOW:   3    0.50 INCH OR MORE:   2
MIN  0 OR BELOW:   0    1.00 INCH OR MORE:   1

[HDD (BASE 65) ]
TOTAL THIS MO.   278    CLEAR  (SCALE 0-3)  19
DPTR FM NORMAL    54    PTCLDY (SCALE 4-7)   9
TOTAL FM JUL 1  5801    CLOUDY (SCALE 8-10)  3
DPTR FM NORMAL  -187

[CDD (BASE 65) ]
TOTAL THIS MO.    24
DPTR FM NORMAL    -2    [PRESSURE DATA]
TOTAL FM JAN 1    26    HIGHEST SLP M ON M
DPTR FM NORMAL    -4    LOWEST  SLP 29.26 ON  9

[REMARKS]
#FINAL-05-11#
