000
CXUS53 KGLD 010800
CF6GLD
PRELIMINARY LOCAL CLIMATOLOGICAL DATA (WS FORM: F-6)

                                          STATION:   GOODLAND KS
                                          MONTH:     JANUARY
                                          YEAR:      2014
                                          LATITUDE:   39 22 N
                                          LONGITUDE: 101 42 W

  TEMPERATURE IN F:       :PCPN:    SNOW:  WIND      :SUNSHINE: SKY     :PK WND
================================================================================
1   2   3   4   5  6A  6B    7    8   9   10  11  12  13   14  15   16   17  18
                                     12Z  AVG MX 2MIN
DY MAX MIN AVG DEP HDD CDD  WTR  SNW DPTH SPD SPD DIR MIN PSBL S-S WX    SPD DR
================================================================================

 1  38  22  30   0  35   0    T    T    T 11.4 24 360   M    M   7 18     28 360
 2  46  20  33   3  32   0 0.00  0.0    0 10.5 18 250   M    M   0        21 250
 3  66  20  43  13  22   0 0.00  0.0    0 11.5 21 200   M    M   0        27 190
 4  42   1  22  -8  43   0 0.08  2.4    0 14.5 24 360   M    M   7 1      31 360
 5  15  -9   3 -27  62   0 0.01  0.2    2 12.8 22 330   M    M   7 18     28 340
 6  25  -9   8 -22  57   0 0.00  0.0    2 14.2 24 230   M    M   0        30 230
 7  48  18  33   3  32   0 0.00  0.0    2  8.2 21 230   M    M   1        24 230
 8  33  17  25  -5  40   0 0.00  0.0    T  8.9 17  80   M    M   3        21  70
 9  37  15  26  -4  39   0 0.00  0.0    T 13.0 21 180   M    M   1 1      26 180
10  42  21  32   2  33   0 0.03  0.5    T 16.1 38 310   M    M   5 128    46 310
11  51  26  39   9  26   0 0.00  0.0    0 15.0 22 200   M    M   2        29 200
12  56  29  43  13  22   0 0.00  0.0    0 18.0 40 330   M    M   1        48 330
13  53  19  36   6  29   0 0.00  0.0    0 17.9 41 330   M    M   4        51 330
14  46  25  36   6  29   0    T    T    0 16.5 39 330   M    M   8 1      52 320
15  59  24  42  12  23   0 0.00  0.0    0 13.8 28 330   M    M   3        35 310
16  46  23  35   5  30   0 0.00  0.0    0 24.2 48 330   M    M   2 8      64 330
17  53  15  34   4  31   0 0.00  0.0    0 11.5 23 310   M    M   1        27 320
18  52  26  39   9  26   0 0.00  0.0    0 20.4 44 350   M    M   2 8      53 340
19  67  28  48  18  17   0 0.00  0.0    0 12.7 28 320   M    M   0        34 320
20  50  13  32   2  33   0 0.00  0.0    0 16.7 36 330   M    M   1 8      44 350
21  61  10  36   6  29   0 0.00  0.0    0 12.9 30 340   M    M   0        36 350
22  43   8  26  -4  39   0 0.02  0.4    0 12.3 24  60   M    M   3 18     30  50
23  15   4  10 -20  55   0 0.06  1.0    1 11.1 22 240   M    M   4 18     27 240
24  54  12  33   3  32   0 0.00  0.0    1 18.8 31 310   M    M   1        38 310
25  58  32  45  15  20   0 0.00  0.0    0 15.2 29 350   M    M   0        35 340
26  59  16  38   8  27   0 0.00  0.0    0 17.2 38  30   M    M   3 8      49  30
27  18   5  12 -18  53   0 0.04  0.9    0  8.4 15  30   M    M  10 1      19  30
28  27  -2  13 -17  52   0    T    T    1 10.7 18 290   M    M   1        23 300
29  50  16  33   3  32   0 0.00  0.0    T 16.0 25 210   M    M   0        35 200
30  51  21  36   6  29   0 0.16  2.4    0 16.2 38 330   M    M   8 1      49 330
31  21  13  17 -13  48   0 0.17  1.8    3  7.4 21  90   M    M  10 1      24  90
================================================================================
SM 1382  479      1077   0  0.57     9.6 434.0          M       95
================================================================================
AV 44.6 15.5                              14.0 FASTST   M    M   3    MAX(MPH)
                                 MISC ---->  # 48 330               # 64  330
================================================================================
NOTES:
# LAST OF SEVERAL OCCURRENCES

COLUMN 17 PEAK WIND IN M.P.H.

PRELIMINARY LOCAL CLIMATOLOGICAL DATA (WS FORM: F-6) , PAGE 2

                                          STATION:  GOODLAND KS
                                          MONTH:    JANUARY
                                          YEAR:     2014
                                          LATITUDE:   39 22 N
                                          LONGITUDE: 101 42 W

[TEMPERATURE DATA]      [PRECIPITATION DATA]       SYMBOLS USED IN COLUMN 16

AVERAGE MONTHLY: 30.0   TOTAL FOR MONTH:   0.57    1 = FOG OR MIST
DPTR FM NORMAL:   0.4   DPTR FM NORMAL:    0.19    2 = FOG REDUCING VISIBILITY
HIGHEST:    67 ON 19    GRTST 24HR  0.33 ON 30-31      TO 1/4 MILE OR LESS
LOWEST:     -9 ON  6, 5                            3 = THUNDER
                        SNOW, ICE PELLETS, HAIL    4 = ICE PELLETS
                        TOTAL MONTH:   9.6 INCHES  5 = HAIL
                        GRTST 24HR   2.4 ON   M    6 = FREEZING RAIN OR DRIZZLE
                        GRTST DEPTH:   3 ON 31     7 = DUSTSTORM OR SANDSTORM:
                                                       VSBY 1/2 MILE OR LESS
                                                   8 = SMOKE OR HAZE
[NO. OF DAYS WITH]      [WEATHER - DAYS WITH]      9 = BLOWING SNOW
                                                   X = TORNADO
MAX 32 OR BELOW:   6    0.01 INCH OR MORE:   8
MAX 90 OR ABOVE:   0    0.10 INCH OR MORE:   2
MIN 32 OR BELOW:  31    0.50 INCH OR MORE:   0
MIN  0 OR BELOW:   3    1.00 INCH OR MORE:   0

[HDD (BASE 65) ]
TOTAL THIS MO.  1077    CLEAR  (SCALE 0-3)  21
DPTR FM NORMAL   -19    PTCLDY (SCALE 4-7)   8
TOTAL FM JUL 1  3443    CLOUDY (SCALE 8-10)  2
DPTR FM NORMAL   -60

[CDD (BASE 65) ]
TOTAL THIS MO.     0
DPTR FM NORMAL     0    [PRESSURE DATA]
TOTAL FM JAN 1     0    HIGHEST SLP M ON M
DPTR FM NORMAL     0    LOWEST  SLP 29.39 ON 30

[REMARKS]
#FINAL-01-14#
