000
CXUS53 KGLD 010800
CF6GLD
PRELIMINARY LOCAL CLIMATOLOGICAL DATA (WS FORM: F-6)

                                          STATION:   GOODLAND KS
                                          MONTH:     JANUARY
                                          YEAR:      2016
                                          LATITUDE:   39 22 N
                                          LONGITUDE: 101 42 W

  TEMPERATURE IN F:       :PCPN:    SNOW:  WIND      :SUNSHINE: SKY     :PK WND
================================================================================
1   2   3   4   5  6A  6B    7    8   9   10  11  12  13   14  15   16   17  18
                                     12Z  AVG MX 2MIN
DY MAX MIN AVG DEP HDD CDD  WTR  SNW DPTH SPD SPD DIR MIN PSBL S-S WX    SPD DR
================================================================================

 1  43   9  26  -4  39   0 0.00  0.0    0 11.6 20 270   M    M   0        24 270
 2  47  15  31   1  34   0 0.00  0.0    0 12.3 23 330   M    M   0        29 320
 3  50  16  33   3  32   0 0.00  0.0    0  7.0 13 200   M    M   0        14 200
 4  50  15  33   3  32   0 0.00  0.0    0 17.7 30 170   M    M   0        35 170
 5  46  23  35   5  30   0 0.00  0.0    0 16.6 30 180   M    M   3        36 190
 6  48  16  32   2  33   0 0.00  0.0    0  5.9 12 350   M    M   5 128    13 350
 7  32  26  29  -1  36   0    T    T    0  6.9 13 360   M    M  10 12     16  10
 8  30  18  24  -6  41   0 0.02  0.2    T 13.3 21 360   M    M  10 1      25 360
 9  30   6  18 -12  47   0    T    T    T  7.9 16 330   M    M   7 18     21 320
10  43   6  25  -5  40   0 0.00  0.0    T 10.2 18 300   M    M   1        25 230
11  46  14  30   0  35   0 0.00  0.0    0 13.4 26 330   M    M   2        34 330
12  52  12  32   2  33   0 0.00  0.0    0  7.7 15 330   M    M   0        20 360
13  59  16  38   8  27   0 0.00  0.0    0 12.1 22 230   M    M   0        28 230
14  56  21  39   9  26   0 0.00  0.0    0 16.2 36 330   M    M   0        45 320
15  43  16  30   0  35   0 0.00  0.0    0  8.6 15  10   M    M   2        20 340
16  42  15  29  -1  36   0 0.00  0.0    0  9.9 21 300   M    M   3        25 320
17  22  12  17 -13  48   0    T    T    0  9.6 17  70   M    M   8 1      20  80
18  48   5  27  -3  38   0 0.00  0.0    0  8.3 18 170   M    M   2        22 170
19  42  18  30   0  35   0 0.01    T    0 10.1 25 360   M    M   5 1      31 360
20  38  20  29  -1  36   0 0.00  0.0    0  9.1 20 330   M    M   2        27 330
21  41  12  27  -3  38   0 0.00  0.0    0 15.5 33 350   M    M   5        41 350
22  37   8  23  -7  42   0 0.00  0.0    0  8.9 21 200   M    M   2 1      26 190
23  65  22  44  14  21   0 0.00  0.0    0  8.6 21 210   M    M   0        26 210
24  56  27  42  12  23   0 0.00  0.0    0  6.7 25 340   M    M   0        32 340
25  44  20  32   2  33   0 0.01    T    0 17.3 30 330   M    M   7 1      41 330
26  48  17  33   3  32   0 0.00  0.0    0  9.8 18 270   M    M   0        26 270
27  59  17  38   8  27   0 0.00  0.0    0 11.1 28 340   M    M   0        32 330
28  64  24  44  14  21   0 0.00  0.0    0 12.0 23 300   M    M   0        29 300
29  58  25  42  12  23   0 0.00  0.0    0 15.5 44 330   M    M   0        54 330
30  58  34  46  16  19   0 0.00  0.0    0 14.7 25  10   M    M   1        32  10
31  46  30  38   8  27   0 0.00  0.0    0  8.6 21 340   M    M   8        31 320
================================================================================
SM 1443  535      1019   0  0.04     0.2 343.1          M       83
================================================================================
AV 46.5 17.3                              11.1 FASTST   M    M   3    MAX(MPH)
                                 MISC ---->  # 44 330               # 54  330
================================================================================
NOTES:
# LAST OF SEVERAL OCCURRENCES

COLUMN 17 PEAK WIND IN M.P.H.

PRELIMINARY LOCAL CLIMATOLOGICAL DATA (WS FORM: F-6) , PAGE 2

                                          STATION:  GOODLAND KS
                                          MONTH:    JANUARY
                                          YEAR:     2016
                                          LATITUDE:   39 22 N
                                          LONGITUDE: 101 42 W

[TEMPERATURE DATA]      [PRECIPITATION DATA]       SYMBOLS USED IN COLUMN 16

AVERAGE MONTHLY: 31.9   TOTAL FOR MONTH:   0.04    1 = FOG OR MIST
DPTR FM NORMAL:   2.3   DPTR FM NORMAL:   -0.34    2 = FOG REDUCING VISIBILITY
HIGHEST:    65 ON 23    GRTST 24HR  0.02 ON  8- 8      TO 1/4 MILE OR LESS
LOWEST:      5 ON 18                               3 = THUNDER
                        SNOW, ICE PELLETS, HAIL    4 = ICE PELLETS
                        TOTAL MONTH:   0.2 INCH    5 = HAIL
                        GRTST 24HR   0.2 ON   M    6 = FREEZING RAIN OR DRIZZLE
                        GRTST DEPTH:   0           7 = DUSTSTORM OR SANDSTORM:
                                                       VSBY 1/2 MILE OR LESS
                                                   8 = SMOKE OR HAZE
[NO. OF DAYS WITH]      [WEATHER - DAYS WITH]      9 = BLOWING SNOW
                                                   X = TORNADO
MAX 32 OR BELOW:   4    0.01 INCH OR MORE:   3
MAX 90 OR ABOVE:   0    0.10 INCH OR MORE:   0
MIN 32 OR BELOW:  30    0.50 INCH OR MORE:   0
MIN  0 OR BELOW:   0    1.00 INCH OR MORE:   0

[HDD (BASE 65) ]
TOTAL THIS MO.  1019    CLEAR  (SCALE 0-3)  21
DPTR FM NORMAL   -77    PTCLDY (SCALE 4-7)   7
TOTAL FM JUL 1  3061    CLOUDY (SCALE 8-10)  3
DPTR FM NORMAL  -442

[CDD (BASE 65) ]
TOTAL THIS MO.     0
DPTR FM NORMAL     0    [PRESSURE DATA]
TOTAL FM JAN 1     0    HIGHEST SLP M ON M
DPTR FM NORMAL     0    LOWEST  SLP 29.40 ON 30

[REMARKS]
#FINAL-01-16#
