000
CXUS53 KGLD 010800
CF6GLD
PRELIMINARY LOCAL CLIMATOLOGICAL DATA (WS FORM: F-6)

                                          STATION:   GOODLAND KS
                                          MONTH:     JANUARY
                                          YEAR:      2011
                                          LATITUDE:   39 22 N
                                          LONGITUDE: 101 42 W

  TEMPERATURE IN F:       :PCPN:    SNOW:  WIND      :SUNSHINE: SKY     :PK WND
================================================================================
1   2   3   4   5  6A  6B    7    8   9   10  11  12  13   14  15   16   17  18
                                     12Z  AVG MX 2MIN
DY MAX MIN AVG DEP HDD CDD  WTR  SNW DPTH SPD SPD DIR MIN PSBL S-S WX    SPD DR
================================================================================

 1  25  -2  12 -16  53   0 0.00  0.0    2  8.6 16 300   M    M   0        20 300
 2  42   2  22  -5  43   0 0.00  0.0    2  7.9 16 250   M    M   0        18 240
 3  41   6  24  -3  41   0 0.00  0.0    1  7.6 18 360   M    M   1        22 360
 4  40  10  25  -2  40   0 0.00  0.0    T 11.0 21 220   M    M   0        26 220
 5  46  11  29   2  36   0 0.00  0.0    T 13.5 30 320   M    M   3        36 330
 6  55  21  38  11  27   0 0.00  0.0    T 15.2 30 330   M    M   0        35 340
 7  47  19  33   6  32   0 0.00  0.0    T 13.9 16 360   M    M   1        20 350
 8  40  14  27   0  38   0 0.00  0.0    0 12.6 24 130   M    M   1        31 130
 9  23  11  17 -10  48   0 0.13  2.0    0  8.8 22 350   M    M   9 18     25 350
10  11  -9   1 -26  64   0 0.06  1.4    3 17.8 28 350   M    M   7 18     32 340
11  15 -12   2 -25  63   0 0.00  0.0    3  8.0 15 330   M    M   0        17 320
12  24 -10   7 -20  58   0 0.00  0.0    3 11.4 23 200   M    M   0        29 190
13  50  14  32   5  33   0 0.00  0.0    3  8.3 16 310   M    M   0        20 320
14  53  30  42  15  23   0    T  0.0    0 11.3 20 310   M    M   3        25 230
15  55  26  41  14  24   0 0.00  0.0    0  8.0 13 180   M    M   1 12     16 170
16  53  25  39  12  26   0    T  0.0    0 10.5 20 180   M    M   3 126    23 180
17  57  34  46  19  19   0 0.13  0.0    0 12.0 26 320   M    M   5 13     32 250
18  52  26  39  12  26   0 0.00  0.0    0  8.1 29 320   M    M   5 12     36 320
19  29   8  19  -9  46   0 0.01  0.1    0 13.1  M   M   M    M   8 126     M  M
20  32   7  20  -8  45   0 0.00  0.0    T 10.1 16 200   M    M   0        23 210
21  46  21  34   6  31   0    T    T    T 15.3 37 340   M    M   4 8      45 330
22  52  24  38  10  27   0 0.00  0.0    0 17.3 40 330   M    M   3 1      46 330
23  47  15  31   3  34   0 0.00  0.0    0 10.7 23 350   M    M   4 1      29 360
24  42  17  30   2  35   0    T    T    0 12.7 29 350   M    M   3 1      35 350
25  50  17  34   6  31   0 0.00  0.0    0 11.9 18 340   M    M   2        23 340
26  50  24  37   9  28   0 0.00  0.0    0 13.2 22 340   M    M   2        26 340
27  59  30  45  17  20   0 0.00  0.0    0 16.3 33 340   M    M   2        43 340
28  67  31  49  20  16   0 0.00  0.0    0 11.6 23 330   M    M   0        29 310
29  60  23  42  13  23   0 0.00  0.0    0 13.3 31 350   M    M   1 1      39 350
30  34  21  28  -1  37   0 0.00  0.0    0 10.4 18 150   M    M   7 1      23 170
31  21  -2  10 -19  55   0 0.06  1.3    0 19.1 36 360   M    M  10 18     43 350
================================================================================
SM 1318  452      1122   0  0.39     4.8 369.5          M       85
================================================================================
AV 42.5 14.6                              11.9 FASTST   M    M   3    MAX(MPH)
                                 MISC ---->  # 40 330               # 46  330
================================================================================
NOTES:
# LAST OF SEVERAL OCCURRENCES

COLUMN 17 PEAK WIND IN M.P.H.

PRELIMINARY LOCAL CLIMATOLOGICAL DATA (WS FORM: F-6) , PAGE 2

                                          STATION:  GOODLAND KS
                                          MONTH:    JANUARY
                                          YEAR:     2011
                                          LATITUDE:   39 22 N
                                          LONGITUDE: 101 42 W

[TEMPERATURE DATA]      [PRECIPITATION DATA]       SYMBOLS USED IN COLUMN 16

AVERAGE MONTHLY: 28.5   TOTAL FOR MONTH:   0.39    1 = FOG OR MIST
DPTR FM NORMAL:   0.9   DPTR FM NORMAL:   -0.04    2 = FOG REDUCING VISIBILITY
HIGHEST:    67 ON 28    GRTST 24HR  0.18 ON  9-10      TO 1/4 MILE OR LESS
LOWEST:    -12 ON 11                               3 = THUNDER
                        SNOW, ICE PELLETS, HAIL    4 = ICE PELLETS
                        TOTAL MONTH:   4.8 INCHES  5 = HAIL
                        GRTST 24HR   2.0 ON  9- 9  6 = FREEZING RAIN OR DRIZZLE
                        GRTST DEPTH:   3 ON 13,12  7 = DUSTSTORM OR SANDSTORM:
                                                       VSBY 1/2 MILE OR LESS
                                                   8 = SMOKE OR HAZE
[NO. OF DAYS WITH]      [WEATHER - DAYS WITH]      9 = BLOWING SNOW
                                                   X = TORNADO
MAX 32 OR BELOW:   8    0.01 INCH OR MORE:   5
MAX 90 OR ABOVE:   0    0.10 INCH OR MORE:   2
MIN 32 OR BELOW:  30    0.50 INCH OR MORE:   0
MIN  0 OR BELOW:   5    1.00 INCH OR MORE:   0

[HDD (BASE 65) ]
TOTAL THIS MO.  1122    CLEAR  (SCALE 0-3)  19
DPTR FM NORMAL   -25    PTCLDY (SCALE 4-7)   9
TOTAL FM JUL 1  3295    CLOUDY (SCALE 8-10)  3
DPTR FM NORMAL  -287

[CDD (BASE 65) ]
TOTAL THIS MO.     0
DPTR FM NORMAL     0    [PRESSURE DATA]
TOTAL FM JAN 1     0    HIGHEST SLP M ON M
DPTR FM NORMAL     0    LOWEST  SLP 29.58 ON 17

[REMARKS]
#FINAL-01-11#
