000
CXUS53 KGLD 010800
CF6GLD
PRELIMINARY LOCAL CLIMATOLOGICAL DATA (WS FORM: F-6)

                                          STATION:   GOODLAND KS
                                          MONTH:     SEPTEMBER
                                          YEAR:      2010
                                          LATITUDE:   39 22 N
                                          LONGITUDE: 101 42 W

  TEMPERATURE IN F:       :PCPN:    SNOW:  WIND      :SUNSHINE: SKY     :PK WND
================================================================================
1   2   3   4   5  6A  6B    7    8   9   10  11  12  13   14  15   16   17  18
                                     12Z  AVG MX 2MIN
DY MAX MIN AVG DEP HDD CDD  WTR  SNW DPTH SPD SPD DIR MIN PSBL S-S WX    SPD DR
================================================================================

 1  79  60  70   1   0   5    T  0.0    0  8.7 20  90   M    M   4 1      24  90
 2  75  44  60  -9   5   0 0.00  0.0    0 16.1 33 360   M    M   1 3      41 360
 3  79  40  60  -8   5   0 0.00  0.0    0  6.5 12 170   M    M   0        15 220
 4  97  50  74   6   0   9 0.00  0.0    0 11.3 21 200   M    M   0        25 200
 5 101  58  80  12   0  15 0.00  0.0    0  9.3 30 180   M    M   0        46 180
 6  75  43  59  -8   6   0 0.00  0.0    0 16.4 37 350   M    M   0        45 350
 7  80  43  62  -5   3   0 0.00  0.0    0 10.9 24 150   M    M   2        43 150
 8  86  58  72   5   0   7 0.00  0.0    0 22.5 35 170   M    M   3        44 180
 9  80  62  71   5   0   6    T  0.0    0 16.9 26 170   M    M   5        33 150
10  84  48  66   0   0   1 0.00  0.0    0 10.9 26 360   M    M   1 1      35 360
11  82  44  63  -3   2   0 0.00  0.0    0  8.3 17 190   M    M   1        22 190
12  90  53  72   7   0   7 0.00  0.0    0 11.3 24 200   M    M   0        31 190
13  91  51  71   6   0   6 0.00  0.0    0  4.0 14 160   M    M   0        17 170
14  91  50  71   6   0   6 0.14  0.0    0 11.1 52 320   M    M   2 1238   78 340
15  84  54  69   5   0   4 0.00  0.0    0 10.8 26 100   M    M   4 1      32 100
16  84  51  68   4   0   3    T  0.0    0 10.5 23 180   M    M   0 3      30 180
17  91  58  75  11   0  10 0.00  0.0    0 10.2 20 350   M    M   0        24 350
18  70  46  58  -5   7   0    T  0.0    0 10.4 20  20   M    M   8 12     25  20
19  85  46  66   3   0   1 0.00  0.0    0 10.3 24 110   M    M   4 12     29 110
20  95  63  79  17   0  14    T  0.0    0 20.7 36 180   M    M   0        47 190
21  82  55  69   7   0   4 0.00  0.0    0  9.5 20 340   M    M   2 1      24 340
22  93  59  76  14   0  11 0.04  0.0    0 14.9 32 180   M    M   3 12     41 180
23  80  50  65   4   0   0 1.46  0.0    0 11.3 38 180   M    M   2 1      49 180
24  83  47  65   4   0   0 0.00  0.0    0 12.2 22 220   M    M   0        30 220
25  77  47  62   1   3   0 0.00  0.0    0 11.8 24 360   M    M   0 1      31 360
26  78  45  62   2   3   0 0.00  0.0    0 10.8 17 190   M    M   0        22 180
27  85  51  68   8   0   3 0.00  0.0    0 11.7 24  30   M    M   0        30  10
28  85  45  65   6   0   0 0.00  0.0    0  6.8 15 220   M    M   0        18 220
29  86  46  66   7   0   1 0.00  0.0    0 14.2 29  40   M    M   0        41  30
30  74  41  58  -1   7   0 0.00  0.0    0  5.8 14 190   M    M   0        17 190
================================================================================
SM 2522 1508        41 113  1.64     0.0 346.1          M       42
================================================================================
AV 84.1 50.3                              11.5 FASTST   M    M   1    MAX(MPH)
                                 MISC ---->  # 52 320               # 78  340
================================================================================
NOTES:
# LAST OF SEVERAL OCCURRENCES

COLUMN 17 PEAK WIND IN M.P.H.

PRELIMINARY LOCAL CLIMATOLOGICAL DATA (WS FORM: F-6) , PAGE 2

                                          STATION:  GOODLAND KS
                                          MONTH:    SEPTEMBER
                                          YEAR:     2010
                                          LATITUDE:   39 22 N
                                          LONGITUDE: 101 42 W

[TEMPERATURE DATA]      [PRECIPITATION DATA]       SYMBOLS USED IN COLUMN 16

AVERAGE MONTHLY: 67.2   TOTAL FOR MONTH:   1.64    1 = FOG OR MIST
DPTR FM NORMAL:   3.2   DPTR FM NORMAL:    0.52    2 = FOG REDUCING VISIBILITY
HIGHEST:   101 ON  5    GRTST 24HR  1.50 ON 22-23      TO 1/4 MILE OR LESS
LOWEST:     40 ON  3                               3 = THUNDER
                        SNOW, ICE PELLETS, HAIL    4 = ICE PELLETS
                        TOTAL MONTH:   0.0 INCH    5 = HAIL
                        GRTST 24HR     0.0         6 = FREEZING RAIN OR DRIZZLE
                        GRTST DEPTH:   0           7 = DUSTSTORM OR SANDSTORM:
                                                       VSBY 1/2 MILE OR LESS
                                                   8 = SMOKE OR HAZE
[NO. OF DAYS WITH]      [WEATHER - DAYS WITH]      9 = BLOWING SNOW
                                                   X = TORNADO
MAX 32 OR BELOW:   0    0.01 INCH OR MORE:   3
MAX 90 OR ABOVE:   8    0.10 INCH OR MORE:   2
MIN 32 OR BELOW:   0    0.50 INCH OR MORE:   1
MIN  0 OR BELOW:   0    1.00 INCH OR MORE:   1

[HDD (BASE 65) ]
TOTAL THIS MO.    41    CLEAR  (SCALE 0-3)  24
DPTR FM NORMAL   -76    PTCLDY (SCALE 4-7)   6
TOTAL FM JUL 1    41    CLOUDY (SCALE 8-10)  0
DPTR FM NORMAL   -91

[CDD (BASE 65) ]
TOTAL THIS MO.   113
DPTR FM NORMAL    14    [PRESSURE DATA]
TOTAL FM JAN 1  1091    HIGHEST SLP M ON M
DPTR FM NORMAL   203    LOWEST  SLP 29.33 ON M

[REMARKS]
#FINAL-09-10#
