000
CXUS53 KGLD 010800
CF6GLD
PRELIMINARY LOCAL CLIMATOLOGICAL DATA (WS FORM: F-6)

                                          STATION:   GOODLAND KS
                                          MONTH:     DECEMBER
                                          YEAR:      2010
                                          LATITUDE:   39 22 N
                                          LONGITUDE: 101 42 W

  TEMPERATURE IN F:       :PCPN:    SNOW:  WIND      :SUNSHINE: SKY     :PK WND
================================================================================
1   2   3   4   5  6A  6B    7    8   9   10  11  12  13   14  15   16   17  18
                                     12Z  AVG MX 2MIN
DY MAX MIN AVG DEP HDD CDD  WTR  SNW DPTH SPD SPD DIR MIN PSBL S-S WX    SPD DR
================================================================================

 1  55  14  35   3  30   0 0.00  0.0    0  9.3 18 220   M    M   1        22 220
 2  57  24  41   9  24   0 0.00  0.0    0  8.5 18 190   M    M   0        24 200
 3  68  31  50  18  15   0 0.00  0.0    0 10.1 23 360   M    M   0 8      30  20
 4  37  20  29  -3  36   0 0.00  0.0    0  7.2 15  20   M    M   3 1      18  20
 5  34  22  28  -3  37   0 0.00  0.0    0  7.6 12 230   M    M   4        14 230
 6  50  16  33   2  32   0 0.00  0.0    0  6.7 13 240   M    M   1        15 240
 7  46  24  35   4  30   0 0.03  0.0    0  7.9 12 270   M    M   7 1      14 260
 8  54  24  39   8  26   0 0.00  0.0    0 10.9 17 230   M    M   0        22 200
 9  61  26  44  13  21   0 0.00  0.0    0 10.4 28 350   M    M   0        36 340
10  60  26  43  13  22   0    T  0.0    0 14.8 40 340   M    M   2        51 340
11  38   7  23  -7  42   0 0.00  0.0    0 16.8 33 340   M    M   0        44 350
12  45   9  27  -3  38   0 0.00  0.0    0  9.3 15 160   M    M   3        17 150
13  61  15  38   8  27   0 0.00  0.0    0  7.9 17 170   M    M   0        20 320
14  65  15  40  10  25   0 0.00  0.0    0  9.2 24 190   M    M   0        30 180
15  50  23  37   7  28   0 0.00  0.0    0  9.6 26 360   M    M   4        35 360
16  43  15  29   0  36   0 0.00  0.0    0  7.5 15 330   M    M   3        18 300
17  36  14  25  -4  40   0    T    T    0  5.8 12 170   M    M  10        14 170
18  40  19  30   1  35   0 0.00  0.0    0  6.6 13 150   M    M   6 1      15 150
19  50  27  39  10  26   0 0.00  0.0    0  9.4 17 150   M    M   4 1      20 150
20  56  21  39  10  26   0 0.00  0.0    0  9.2 25 340   M    M   0        31 350
21  44  14  29   0  36   0 0.00  0.0    0  4.6 14 120   M    M   0 8      29 110
22  36  15  26  -3  39   0 0.00  0.0    0  9.0 20 160   M    M   2        23 150
23  32  18  25  -3  40   0 0.00  0.0    0  9.9 24 170   M    M   9 8      28 170
24  43  11  27  -1  38   0 0.00  0.0    0 10.7 23 350   M    M   5 1      28 360
25  34  16  25  -3  40   0 0.00  0.0    0  6.3 13 190   M    M   6 12     15 190
26  42   8  25  -3  40   0 0.00  0.0    0 15.5 30 150   M    M   1 128    37 160
27  52   6  29   1  36   0 0.00  0.0    0 10.9 35 340   M    M   0 1      39 340
28  49  15  32   4  33   0 0.00  0.0    0 13.4 24 190   M    M   0        30 180
29  52  24  38  10  27   0 0.00  0.0    0 12.9 24 160   M    M   0        29 180
30  35   6  21  -7  44   0 0.06  1.0    0 15.2 23 360   M    M   7 1      31  10
31  11  -2   5 -23  60   0 0.06  1.5    2 19.9 32 310   M    M   8 18     38 300
================================================================================
SM 1436  523      1029   0  0.15     2.5 313.0          M       86
================================================================================
AV 46.3 16.9                              10.1 FASTST   M    M   3    MAX(MPH)
                                 MISC ---->  # 40 340               # 51  340
================================================================================
NOTES:
# LAST OF SEVERAL OCCURRENCES

COLUMN 17 PEAK WIND IN M.P.H.

PRELIMINARY LOCAL CLIMATOLOGICAL DATA (WS FORM: F-6) , PAGE 2

                                          STATION:  GOODLAND KS
                                          MONTH:    DECEMBER
                                          YEAR:     2010
                                          LATITUDE:   39 22 N
                                          LONGITUDE: 101 42 W

[TEMPERATURE DATA]      [PRECIPITATION DATA]       SYMBOLS USED IN COLUMN 16

AVERAGE MONTHLY: 31.6   TOTAL FOR MONTH:   0.15    1 = FOG OR MIST
DPTR FM NORMAL:   2.0   DPTR FM NORMAL:   -0.25    2 = FOG REDUCING VISIBILITY
HIGHEST:    68 ON  3    GRTST 24HR  0.12 ON 30-31      TO 1/4 MILE OR LESS
LOWEST:     -2 ON 31                               3 = THUNDER
                        SNOW, ICE PELLETS, HAIL    4 = ICE PELLETS
                        TOTAL MONTH:   2.5 INCHES  5 = HAIL
                        GRTST 24HR   1.5 ON 31-31  6 = FREEZING RAIN OR DRIZZLE
                        GRTST DEPTH:   2 ON 31     7 = DUSTSTORM OR SANDSTORM:
                                                       VSBY 1/2 MILE OR LESS
                                                   8 = SMOKE OR HAZE
[NO. OF DAYS WITH]      [WEATHER - DAYS WITH]      9 = BLOWING SNOW
                                                   X = TORNADO
MAX 32 OR BELOW:   2    0.01 INCH OR MORE:   3
MAX 90 OR ABOVE:   0    0.10 INCH OR MORE:   0
MIN 32 OR BELOW:  31    0.50 INCH OR MORE:   0
MIN  0 OR BELOW:   1    1.00 INCH OR MORE:   0

[HDD (BASE 65) ]
TOTAL THIS MO.  1029    CLEAR  (SCALE 0-3)  20
DPTR FM NORMAL   -55    PTCLDY (SCALE 4-7)   9
TOTAL FM JUL 1  2173    CLOUDY (SCALE 8-10)  2
DPTR FM NORMAL  -262

[CDD (BASE 65) ]
TOTAL THIS MO.     0
DPTR FM NORMAL     0    [PRESSURE DATA]
TOTAL FM JAN 1  1094    HIGHEST SLP M ON M
DPTR FM NORMAL   200    LOWEST  SLP 29.10 ON M

[REMARKS]
#FINAL-12-10#
