000
CXUS53 KGLD 012133
CF6GLD
PRELIMINARY LOCAL CLIMATOLOGICAL DATA (WS FORM: F-6)

                                          STATION:   GOODLAND KS
                                          MONTH:     NOVEMBER
                                          YEAR:      2010
                                          LATITUDE:   39 22 N
                                          LONGITUDE: 101 42 W

  TEMPERATURE IN F:       :PCPN:    SNOW:  WIND      :SUNSHINE: SKY     :PK WND
================================================================================
1   2   3   4   5  6A  6B    7    8   9   10  11  12  13   14  15   16   17  18
                                     12Z  AVG MX 2MIN
DY MAX MIN AVG DEP HDD CDD  WTR  SNW DPTH SPD SPD DIR MIN PSBL S-S WX    SPD DR
================================================================================

 1  67  30  49   5  16   0 0.00  0.0    0  8.1 18 330   M    M   1        23 350
 2  71  34  53  10  12   0 0.00  0.0    0  8.3 17 300   M    M   0        23 330
 3  64  32  48   5  17   0 0.00  0.0    0 12.6 30 360   M    M   1        37 350
 4  55  21  38  -4  27   0 0.00  0.0    0  8.1 20 340   M    M   0        35 340
 5  66  18  42   0  23   0 0.00  0.0    0 10.9 23 180   M    M   0        26 180
 6  81  42  62  21   3   0 0.00  0.0    0 11.2 20 190   M    M   0        24 200
 7  77  29  53  12  12   0 0.00  0.0    0  8.7 28 300   M    M   0        35 290
 8  76  35  56  16   9   0 0.00  0.0    0 11.0 21 170   M    M   0        30 170
 9  72  33  53  13  12   0    T    T    0 14.1 28 340   M    M   2        35 330
10  51  24  38  -1  27   0 0.00  0.0    0  9.2 18 320   M    M   1        22 310
11  44  24  34  -5  31   0 0.12    T    0  9.2 21 110   M    M   8 1      26 120
12  42  21  32  -6  33   0    T    T    0  9.9 18 320   M    M   6 12     22 330
13  48  20  34  -4  31   0    T    T    0 10.8 21 340   M    M   3        26 350
14  49  24  37  -1  28   0    T    M    0 10.9 25 330   M    M   3 1      29 330
15  50  24  37   0  28   0 0.00  0.0    0  7.9 18 330   M    M   5        23 360
16  58  24  41   4  24   0    T  0.0    0 11.2 25 270   M    M   4        31 270
17  40  24  32  -4  33   0 0.04    T    0 12.5 26 360   M    M   6 1      33 360
18  62  27  45   9  20   0 0.00  0.0    0 15.1 24 200   M    M   0        31 190
19  49  29  39   3  26   0 0.00  0.0    0 10.4 20  50   M    M   1        24  40
20  33  27  30  -5  35   0    T  0.0    0  9.9 22 190   M    M  10 12     30 190
21  38  22  30  -5  35   0 0.00  0.0    0 11.7 23 190   M    M   7 12     29 180
22  52  14  33  -2  32   0 0.00  0.0    0  7.0 20 280   M    M   6 1      24 280
23  45   8  27  -7  38   0 0.00  0.0    0 15.6 35 170   M    M   3 12     44 160
24  45  18  32  -2  33   0 0.00  0.0    0 17.1 32 360   M    M   2 8      43 360
25  37   6  22 -12  43   0 0.00  0.0    0  8.6 20 310   M    M   1        29 320
26  51   9  30  -4  35   0 0.00  0.0    0  8.8 22 340   M    M   0        26 350
27  59  17  38   5  27   0 0.00  0.0    0 13.2 28 190   M    M   0        35 200
28  63  21  42   9  23   0 0.00  0.0    0  9.7 23 170   M    M   0        29 240
29  34  21  28  -5  37   0 0.01  0.4    T 23.4 40 330   M    M   6 1      51 330
30  40  13  27  -5  38   0 0.00  0.0    0 14.3 29 310   M    M   0        37 300
================================================================================
SM 1619  691       788   0  0.17     0.4 339.4          M       76
================================================================================
AV 54.0 23.0                              11.3 FASTST   M    M   3    MAX(MPH)
                                 MISC ---->  # 40 330               # 51  330
================================================================================
NOTES:
# LAST OF SEVERAL OCCURRENCES

COLUMN 17 PEAK WIND IN M.P.H.

PRELIMINARY LOCAL CLIMATOLOGICAL DATA (WS FORM: F-6) , PAGE 2

                                          STATION:  GOODLAND KS
                                          MONTH:    NOVEMBER
                                          YEAR:     2010
                                          LATITUDE:   39 22 N
                                          LONGITUDE: 101 42 W

[TEMPERATURE DATA]      [PRECIPITATION DATA]       SYMBOLS USED IN COLUMN 16

AVERAGE MONTHLY: 38.5   TOTAL FOR MONTH:   0.17    1 = FOG OR MIST
DPTR FM NORMAL:   1.1   DPTR FM NORMAL:   -0.65    2 = FOG REDUCING VISIBILITY
HIGHEST:    81 ON  6    GRTST 24HR  0.12 ON 11-11      TO 1/4 MILE OR LESS
LOWEST:      6 ON 25                               3 = THUNDER
                        SNOW, ICE PELLETS, HAIL    4 = ICE PELLETS
                        TOTAL MONTH:   0.4 INCH    5 = HAIL
                        GRTST 24HR   0.4 ON   M    6 = FREEZING RAIN OR DRIZZLE
                        GRTST DEPTH:   T           7 = DUSTSTORM OR SANDSTORM:
                                                       VSBY 1/2 MILE OR LESS
                                                   8 = SMOKE OR HAZE
[NO. OF DAYS WITH]      [WEATHER - DAYS WITH]      9 = BLOWING SNOW
                                                   X = TORNADO
MAX 32 OR BELOW:   0    0.01 INCH OR MORE:   3
MAX 90 OR ABOVE:   0    0.10 INCH OR MORE:   1
MIN 32 OR BELOW:  26    0.50 INCH OR MORE:   0
MIN  0 OR BELOW:   0    1.00 INCH OR MORE:   0

[HDD (BASE 65) ]
TOTAL THIS MO.   788    CLEAR  (SCALE 0-3)  20
DPTR FM NORMAL   -24    PTCLDY (SCALE 4-7)   9
TOTAL FM JUL 1  1144    CLOUDY (SCALE 8-10)  1
DPTR FM NORMAL  -207

[CDD (BASE 65) ]
TOTAL THIS MO.     0
DPTR FM NORMAL     0    [PRESSURE DATA]
TOTAL FM JAN 1  1094    HIGHEST SLP 30.53 ON  4
DPTR FM NORMAL   200    LOWEST  SLP 29.23 ON 28

[REMARKS]
#FINAL-11-10#
