000
CXUS53 KGLD 010800
CF6GLD
PRELIMINARY LOCAL CLIMATOLOGICAL DATA (WS FORM: F-6)

                                          STATION:   GOODLAND KS
                                          MONTH:     OCTOBER
                                          YEAR:      2010
                                          LATITUDE:   39 22 N
                                          LONGITUDE: 101 42 W

  TEMPERATURE IN F:       :PCPN:    SNOW:  WIND      :SUNSHINE: SKY     :PK WND
================================================================================
1   2   3   4   5  6A  6B    7    8   9   10  11  12  13   14  15   16   17  18
                                     12Z  AVG MX 2MIN
DY MAX MIN AVG DEP HDD CDD  WTR  SNW DPTH SPD SPD DIR MIN PSBL S-S WX    SPD DR
================================================================================

 1  80  41  61   3   4   0 0.00  0.0    0  8.6 22  50   M    M   0        32 190
 2  62  43  53  -5  12   0 0.00  0.0    0  9.0 16 150   M    M   3        21 150
 3  70  40  55  -3  10   0 0.00  0.0    0 19.0 29 170   M    M   1        37 160
 4  76  43  60   3   5   0 0.00  0.0    0 21.2 30 170   M    M   0        38 160
 5  83  46  65   8   0   0 0.00  0.0    0 12.3 22 170   M    M   0        26 190
 6  80  46  63   7   2   0 0.00  0.0    0  9.2 20  60   M    M   0        24  30
 7  84  45  65   9   0   0 0.00  0.0    0  9.2 21 160   M    M   0 1      26 160
 8  85  50  68  12   0   3 0.16  0.0    0 10.9 28 330   M    M   0 3      38 330
 9  73  42  58   3   7   0 0.00  0.0    0 11.6 28 320   M    M   1        35 320
10  65  45  55   0  10   0 0.01  0.0    0 13.4 24 330   M    M   3 1      32 330
11  68  45  57   3   8   0 0.00  0.0    0 11.1 23  40   M    M   4 18     32  40
12  67  37  52  -2  13   0 0.00  0.0    0 11.8 25 350   M    M   3        33  10
13  68  32  50  -3  15   0 0.00  0.0    0  5.5 16 230   M    M   1        21 220
14  79  40  60   7   5   0 0.00  0.0    0  7.0 15 240   M    M   0        20 230
15  84  38  61   9   4   0 0.00  0.0    0  9.7 22 190   M    M   0        26 180
16  70  35  53   1  12   0 0.00  0.0    0 10.0 22  10   M    M   0        29  20
17  73  34  54   2  11   0 0.00  0.0    0  4.3 13 150   M    M   0        16 160
18  64  38  51   0  14   0 0.00  0.0    0  9.4 20  20   M    M   3        25  40
19  72  36  54   3  11   0 0.01  0.0    0  8.2 17 230   M    M   3        23 240
20  79  35  57   7   8   0 0.00  0.0    0  5.8 15 240   M    M   0        20 310
21  73  31  52   2  13   0 0.00  0.0    0  8.3 20 180   M    M   1        23 180
22  64  44  54   5  11   0 0.05  0.0    0 11.7 23 170   M    M   4 13     28 170
23  67  38  53   4  12   0 0.00  0.0    0  8.6 21 310   M    M   6 12     26 300
24  71  37  54   6  11   0 0.00  0.0    0 10.4 21 320   M    M   0        26 330
25  69  40  55   7  10   0    T  0.0    0 18.7 40 320   M    M   1        53 320
26  59  31  45  -2  20   0 0.00  0.0    0 17.1 36 300   M    M   0        47 300
27  57  27  42  -5  23   0 0.00  0.0    0 17.6 39 310   M    M   0        51 310
28  61  23  42  -4  23   0 0.00  0.0    0 10.7 18 190   M    M   0        23 190
29  77  25  51   6  14   0 0.00  0.0    0  6.6 17 190   M    M   0        22 190
30  77  38  58  13   7   0 0.00  0.0    0 10.8 22 120   M    M   0        26 130
31  59  31  45   1  20   0 0.00  0.0    0  7.7 16 120   M    M   0        21 120
================================================================================
SM 2216 1176       315   3  0.23     0.0 335.4          M       34
================================================================================
AV 71.5 37.9                              10.8 FASTST   M    M   1    MAX(MPH)
                                 MISC ---->  # 40 320               # 53  320
================================================================================
NOTES:
# LAST OF SEVERAL OCCURRENCES

COLUMN 17 PEAK WIND IN M.P.H.

PRELIMINARY LOCAL CLIMATOLOGICAL DATA (WS FORM: F-6) , PAGE 2

                                          STATION:  GOODLAND KS
                                          MONTH:    OCTOBER
                                          YEAR:     2010
                                          LATITUDE:   39 22 N
                                          LONGITUDE: 101 42 W

[TEMPERATURE DATA]      [PRECIPITATION DATA]       SYMBOLS USED IN COLUMN 16

AVERAGE MONTHLY: 54.7   TOTAL FOR MONTH:   0.23    1 = FOG OR MIST
DPTR FM NORMAL:   2.9   DPTR FM NORMAL:   -0.82    2 = FOG REDUCING VISIBILITY
HIGHEST:    85 ON  8    GRTST 24HR  0.16 ON  8- 8      TO 1/4 MILE OR LESS
LOWEST:     23 ON 28                               3 = THUNDER
                        SNOW, ICE PELLETS, HAIL    4 = ICE PELLETS
                        TOTAL MONTH:   0.0 INCH    5 = HAIL
                        GRTST 24HR     0.0         6 = FREEZING RAIN OR DRIZZLE
                        GRTST DEPTH:   0           7 = DUSTSTORM OR SANDSTORM:
                                                       VSBY 1/2 MILE OR LESS
                                                   8 = SMOKE OR HAZE
[NO. OF DAYS WITH]      [WEATHER - DAYS WITH]      9 = BLOWING SNOW
                                                   X = TORNADO
MAX 32 OR BELOW:   0    0.01 INCH OR MORE:   4
MAX 90 OR ABOVE:   0    0.10 INCH OR MORE:   1
MIN 32 OR BELOW:   7    0.50 INCH OR MORE:   0
MIN  0 OR BELOW:   0    1.00 INCH OR MORE:   0

[HDD (BASE 65) ]
TOTAL THIS MO.   315    CLEAR  (SCALE 0-3)  28
DPTR FM NORMAL   -92    PTCLDY (SCALE 4-7)   3
TOTAL FM JUL 1   356    CLOUDY (SCALE 8-10)  0
DPTR FM NORMAL  -183

[CDD (BASE 65) ]
TOTAL THIS MO.     3
DPTR FM NORMAL    -3    [PRESSURE DATA]
TOTAL FM JAN 1  1094    HIGHEST SLP M ON M
DPTR FM NORMAL   200    LOWEST  SLP 29.06 ON 25

[REMARKS]
#FINAL-10-10#
