000
CXUS53 KGLD 010800
CF6GLD
PRELIMINARY LOCAL CLIMATOLOGICAL DATA (WS FORM: F-6)

                                          STATION:   GOODLAND KS
                                          MONTH:     JUNE
                                          YEAR:      2010
                                          LATITUDE:   39 22 N
                                          LONGITUDE: 101 42 W

  TEMPERATURE IN F:       :PCPN:    SNOW:  WIND      :SUNSHINE: SKY     :PK WND
================================================================================
1   2   3   4   5  6A  6B    7    8   9   10  11  12  13   14  15   16   17  18
                                     12Z  AVG MX 2MIN
DY MAX MIN AVG DEP HDD CDD  WTR  SNW DPTH SPD SPD DIR MIN PSBL S-S WX    SPD DR
================================================================================

 1  91  59  75  10   0  10    T  0.0    0 10.1 32  40   M    M   2 13     45  40
 2  76  51  64  -1   1   0 0.19    T    0  9.4 18 160   M    M   3 1238   23 280
 3  87  57  72   6   0   7 0.00  0.0    0 13.7 23 220   M    M   0        29 220
 4  90  56  73   7   0   8 0.00  0.0    0  7.5 21 210   M    M   0        26 210
 5  85  61  73   7   0   8 0.00  0.0    0 12.5 25 360   M    M   0        33 350
 6  84  58  71   4   0   6 1.05  0.0    0 13.8 56 320   M    M   3 13     69 320
 7  81  59  70   3   0   5    T  0.0    0 19.1 30 160   M    M   2 13     38 150
 8  81  61  71   4   0   6    T  0.0    0 12.7 30  50   M    M   4        38  50
 9  80  56  68   0   0   3    T  0.0    0 12.0 23 150   M    M   4 1      31 150
10  95  66  81  13   0  16 0.00  0.0    0 11.6 28 180   M    M   0        36 170
11  86  58  72   3   0   7 0.43    T    0 13.8 37 240   M    M   2 358    48 240
12  62  55  59 -10   6   0 1.20  0.0    0 13.7 25  10   M    M  10 13     35  10
13  68  50  59 -10   6   0 0.32  0.0    0 11.8 26 340   M    M   8 13     32 330
14  71  49  60  -9   5   0 0.00  0.0    0 10.3 22 330   M    M   4        26 330
15  82  48  65  -5   0   0 0.00  0.0    0  6.0 15 270   M    M   0        18 280
16  89  63  76   6   0  11    T  0.0    0 19.8 41 180   M    M   0 18     54 180
17  88  61  75   5   0  10 0.00  0.0    0 12.6 29 240   M    M   0        38 240
18  86  54  70  -1   0   5 0.00  0.0    0 10.4 22  10   M    M   0        28  20
19  89  61  75   4   0  10 0.00  0.0    0 11.7 28  50   M    M   3        36  50
20  94  61  78   7   0  13 0.00  0.0    0 11.2 25 150   M    M   2 13     32 150
21  88  61  75   4   0  10 0.00  0.0    0 12.3 28  20   M    M   2 3      36  60
22  95  59  77   5   0  12 0.00  0.0    0  8.8 35 170   M    M   0 8      40 170
23  82  55  69  -3   0   4 0.00  0.0    0 12.1 26  20   M    M   0        35 320
24  87  54  71  -1   0   6 0.00  0.0    0 15.5 28 160   M    M   0        33 160
25 100  66  83  11   0  18    T  0.0    0 14.1 28 120   M    M   0 3      36 150
26  98  62  80   7   0  15 0.01  0.0    0  9.6 36 290   M    M   1 3      47 290
27  85  59  72  -1   0   7 0.00  0.0    0  8.3 17  10   M    M   0        22 360
28  91  61  76   3   0  11 0.01  0.0    0 11.4 20 190   M    M   1        25 200
29  92  66  79   6   0  14 0.00  0.0    0 11.9 20 170   M    M   0        26 200
30  91  64  78   5   0  13 0.00  0.0    0 15.1 25 160   M    M   0        39 170
================================================================================
SM 2574 1751        18 235  3.21    T    362.8          M       51
================================================================================
AV 85.8 58.4                              12.1 FASTST   M    M   2    MAX(MPH)
                                 MISC ---->  # 56 320               # 69  320
================================================================================
NOTES:
# LAST OF SEVERAL OCCURRENCES

COLUMN 17 PEAK WIND IN M.P.H.

PRELIMINARY LOCAL CLIMATOLOGICAL DATA (WS FORM: F-6) , PAGE 2

                                          STATION:  GOODLAND KS
                                          MONTH:    JUNE
                                          YEAR:     2010
                                          LATITUDE:   39 22 N
                                          LONGITUDE: 101 42 W

[TEMPERATURE DATA]      [PRECIPITATION DATA]       SYMBOLS USED IN COLUMN 16

AVERAGE MONTHLY: 72.1   TOTAL FOR MONTH:   3.21    1 = FOG OR MIST
DPTR FM NORMAL:   2.5   DPTR FM NORMAL:   -0.09    2 = FOG REDUCING VISIBILITY
HIGHEST:   100 ON 25    GRTST 24HR  1.51 ON 12-13      TO 1/4 MILE OR LESS
LOWEST:     48 ON 15                               3 = THUNDER
                        SNOW, ICE PELLETS, HAIL    4 = ICE PELLETS
                        TOTAL MONTH:    T          5 = HAIL
                        GRTST 24HR    T  ON 11-11  6 = FREEZING RAIN OR DRIZZLE
                        GRTST DEPTH:   0           7 = DUSTSTORM OR SANDSTORM:
                                                       VSBY 1/2 MILE OR LESS
                                                   8 = SMOKE OR HAZE
[NO. OF DAYS WITH]      [WEATHER - DAYS WITH]      9 = BLOWING SNOW
                                                   X = TORNADO
MAX 32 OR BELOW:   0    0.01 INCH OR MORE:   7
MAX 90 OR ABOVE:  10    0.10 INCH OR MORE:   5
MIN 32 OR BELOW:   0    0.50 INCH OR MORE:   2
MIN  0 OR BELOW:   0    1.00 INCH OR MORE:   2

[HDD (BASE 65) ]
TOTAL THIS MO.    18    CLEAR  (SCALE 0-3)  25
DPTR FM NORMAL   -17    PTCLDY (SCALE 4-7)   4
TOTAL FM JUL 1  6290    CLOUDY (SCALE 8-10)  1
DPTR FM NORMAL   267

[CDD (BASE 65) ]
TOTAL THIS MO.   235
DPTR FM NORMAL    62    [PRESSURE DATA]
TOTAL FM JAN 1   271    HIGHEST SLP M ON M
DPTR FM NORMAL    68    LOWEST  SLP 29.42 ON 10

[REMARKS]
#FINAL-06-10#
