000
CXUS53 KGLD 010800
CF6GLD
PRELIMINARY LOCAL CLIMATOLOGICAL DATA (WS FORM: F-6)

                                          STATION:   GOODLAND KS
                                          MONTH:     MAY
                                          YEAR:      2010
                                          LATITUDE:   39 22 N
                                          LONGITUDE: 101 42 W

  TEMPERATURE IN F:       :PCPN:    SNOW:  WIND      :SUNSHINE: SKY     :PK WND
================================================================================
1   2   3   4   5  6A  6B    7    8   9   10  11  12  13   14  15   16   17  18
                                     12Z  AVG MX 2MIN
DY MAX MIN AVG DEP HDD CDD  WTR  SNW DPTH SPD SPD DIR MIN PSBL S-S WX    SPD DR
================================================================================

 1  61  30  46  -8  19   0 0.01  0.0    0  9.4 20 350   M    M   1        24 360
 2  61  30  46  -8  19   0 0.01  0.0    0  5.7 23 300   M    M   2 3      31 310
 3  69  33  51  -3  14   0 0.00  0.0    0 10.9 22 240   M    M   1        28 270
 4  82  35  59   5   6   0 0.00  0.0    0 11.9 33  10   M    M   0        44 350
 5  64  29  47  -8  18   0 0.00  0.0    0 11.3 21 350   M    M   0        26 130
 6  77  38  58   3   7   0 0.08    T    0 19.8 35 360   M    M   3 135    44 360
 7  56  34  45 -10  20   0    T  0.0    0 16.8 29 350   M    M   4        37 320
 8  59  31  45 -11  20   0 0.00  0.0    0 13.6 29 150   M    M   4        37 150
 9  74  40  57   1   8   0 0.00  0.0    0 25.9 40 150   M    M   1 1      47 160
10  62  42  52  -4  13   0 0.01  0.0    0 12.7 22 150   M    M   7 12     29 150
11  56  44  50  -7  15   0 0.02  0.0    0 15.1 32  80   M    M  10 1      41  80
12  46  37  42 -15  23   0 0.07  0.0    0 15.0 31  90   M    M  10 1      37  90
13  60  30  45 -13  20   0 0.00  0.0    0  9.6 25 330   M    M   2        32 340
14  62  33  48 -10  17   0    T  0.0    0  8.1 23 160   M    M   3 8      29 170
15  59  43  51  -7  14   0 0.10  0.0    0 11.2 26 160   M    M   9 13     31 160
16  63  40  52  -7  13   0    T  0.0    0 11.4 23 360   M    M   5 12     29 320
17  69  41  55  -4  10   0 0.00  0.0    0  7.7 15 160   M    M   3 12     25 140
18  66  44  55  -4  10   0 0.69  0.0    0 17.3 29 130   M    M   7 13     36 130
19  57  49  53  -7  12   0 0.46  0.0    0  7.0 16  70   M    M   8 13     20  70
20  65  44  55  -5  10   0 0.00  0.0    0  9.6 17 350   M    M   6 1      31  10
21  75  40  58  -2   7   0 0.00  0.0    0 16.0 30 180   M    M   4 12     39 180
22  91  50  71  10   0   6 0.00  0.0    0 21.9 38 190   M    M   0        45 190
23  82  46  64   3   1   0 1.36    T    0 14.1 58 190   M    M   0 1358X  69 190
24  81  43  62   0   3   0 0.02    T    0 22.0 43 170   M    M   3 35     53 170
25  69  41  55  -7  10   0    T  0.0    0  9.4 20  80   M    M   4 13     25  60
26  77  49  63   1   2   0 0.00  0.0    0 10.9 23 150   M    M   3 12     29 170
27  85  58  72   9   0   7 0.00  0.0    0 20.5 31 160   M    M   0 1      39 160
28  88  62  75  12   0  10 0.00  0.0    0 21.4 32 170   M    M   0        39 160
29  90  60  75  11   0  10 0.00  0.0    0 19.6 32 360   M    M   0        41 360
30  74  51  63  -1   2   0 0.00  0.0    0 13.3 36 360   M    M   2        48 360
31  81  50  66   2   0   1 0.00  0.0    0 11.6 18 170   M    M   2 12     26 190
================================================================================
SM 2161 1297       313  34  2.83    T    430.7          M      104
================================================================================
AV 69.7 41.8                              13.9 FASTST   M    M   3    MAX(MPH)
                                 MISC ---->  # 58 190               # 69  190
================================================================================
NOTES:
# LAST OF SEVERAL OCCURRENCES

COLUMN 17 PEAK WIND IN M.P.H.

PRELIMINARY LOCAL CLIMATOLOGICAL DATA (WS FORM: F-6) , PAGE 2

                                          STATION:  GOODLAND KS
                                          MONTH:    MAY
                                          YEAR:     2010
                                          LATITUDE:   39 22 N
                                          LONGITUDE: 101 42 W

[TEMPERATURE DATA]      [PRECIPITATION DATA]       SYMBOLS USED IN COLUMN 16

AVERAGE MONTHLY: 55.8   TOTAL FOR MONTH:   2.83    1 = FOG OR MIST
DPTR FM NORMAL:  -2.9   DPTR FM NORMAL:   -0.63    2 = FOG REDUCING VISIBILITY
HIGHEST:    91 ON 22    GRTST 24HR  1.38 ON 23-24      TO 1/4 MILE OR LESS
LOWEST:     29 ON  5                               3 = THUNDER
                        SNOW, ICE PELLETS, HAIL    4 = ICE PELLETS
                        TOTAL MONTH:    T          5 = HAIL
                        GRTST 24HR    T  ON 24-24  6 = FREEZING RAIN OR DRIZZLE
                        GRTST DEPTH:   0           7 = DUSTSTORM OR SANDSTORM:
                                                       VSBY 1/2 MILE OR LESS
                                                   8 = SMOKE OR HAZE
[NO. OF DAYS WITH]      [WEATHER - DAYS WITH]      9 = BLOWING SNOW
                                                   X = TORNADO
MAX 32 OR BELOW:   0    0.01 INCH OR MORE:  11
MAX 90 OR ABOVE:   2    0.10 INCH OR MORE:   4
MIN 32 OR BELOW:   5    0.50 INCH OR MORE:   2
MIN  0 OR BELOW:   0    1.00 INCH OR MORE:   1

[HDD (BASE 65) ]
TOTAL THIS MO.   313    CLEAR  (SCALE 0-3)  19
DPTR FM NORMAL    89    PTCLDY (SCALE 4-7)   9
TOTAL FM JUL 1  6272    CLOUDY (SCALE 8-10)  3
DPTR FM NORMAL   284

[CDD (BASE 65) ]
TOTAL THIS MO.    34
DPTR FM NORMAL     8    [PRESSURE DATA]
TOTAL FM JAN 1    36    HIGHEST SLP M ON M
DPTR FM NORMAL     6    LOWEST  SLP 29.29 ON 22

[REMARKS]
#FINAL-05-10#
