000
CXUS53 KGLD 022045
CF6GLD
PRELIMINARY LOCAL CLIMATOLOGICAL DATA (WS FORM: F-6)

                                          STATION:   GOODLAND KS
                                          MONTH:     JULY
                                          YEAR:      2010
                                          LATITUDE:   39 22 N
                                          LONGITUDE: 101 42 W

  TEMPERATURE IN F:       :PCPN:    SNOW:  WIND      :SUNSHINE: SKY     :PK WND
================================================================================
1   2   3   4   5  6A  6B    7    8   9   10  11  12  13   14  15   16   17  18
                                     12Z  AVG MX 2MIN
DY MAX MIN AVG DEP HDD CDD  WTR  SNW DPTH SPD SPD DIR MIN PSBL S-S WX    SPD DR
================================================================================

 1  89  58  74   1   0   9 0.00  0.0    0 19.6 31 180   M    M   0        41 170
 2  92  66  79   6   0  14 0.00  0.0    0 23.6 39 170   M    M   1        48 160
 3  98  68  83   9   0  18 0.29  0.0    0 19.4 45 110   M    M   2 38     59 130
 4  73  62  68  -6   0   3 0.97  0.0    0 12.4 25  60   M    M   7 13     31  60
 5  83  56  70  -4   0   5 0.61  0.0    0 10.0 40  10   M    M   3 1      52  10
 6  87  62  75   1   0  10 0.00  0.0    0 12.7 24 350   M    M   0        33 310
 7  76  58  67  -7   0   2 0.00  0.0    0  8.4 20  20   M    M   8        24  10
 8  75  61  68  -6   0   3 0.00  0.0    0  4.3 14 100   M    M   5        17 120
 9  84  59  72  -3   0   7 0.00  0.0    0  7.6 17  90   M    M   3        23  90
10  91  60  76   1   0  11 0.12  0.0    0 13.6 30 160   M    M   1 3      36 160
11  91  58  75   0   0  10    T  0.0    0  7.9 20 300   M    M   0        25 290
12  91  63  77   2   0  12 0.02  0.0    0  7.4 22 130   M    M   0        26 120
13 102  67  85  10   0  20 0.00  0.0    0 10.8 18 190   M    M   0 8      25 200
14  97  68  83   8   0  18    T  0.0    0 11.5 28 320   M    M   0 3      40 330
15  89  65  77   2   0  12 0.01  0.0    0  7.7 17 100   M    M   3        23 100
16  98  63  81   6   0  16 0.00  0.0    0  6.9 18 160   M    M   0 12     23 150
17 102  67  85  10   0  20 0.00  0.0    0  9.3 16 240   M    M   0        25 200
18  97  63  80   4   0  15 0.00  0.0    0 11.5 25 310   M    M   0        32 310
19  99  62  81   5   0  16    T  0.0    0  9.5 38 330   M    M   0 3      45 330
20  81  62  72  -4   0   7 1.10  0.0    0 10.2 21  20   M    M   4 13     25  60
21  93  67  80   4   0  15 0.01  0.0    0 11.4 23 190   M    M   4 13     30 190
22  92  67  80   4   0  15    T  0.0    0  7.2 32 210   M    M   0        43 200
23  92  65  79   3   0  14 0.00  0.0    0  8.8 18 210   M    M   0        28 210
24  84  65  75  -1   0  10 0.18  0.0    0  9.8 21  20   M    M   1 13     26  40
25  86  62  74  -2   0   9 0.00  0.0    0 10.2 21 190   M    M   3        25 190
26  91  66  79   3   0  14 0.00  0.0    0 16.3 31 180   M    M   0        39 180
27  93  63  78   2   0  13 0.00  0.0    0 14.6 26 170   M    M   0        33 170
28  93  61  77   1   0  12 0.00  0.0    0  7.4 16 120   M    M   0        21 110
29  94  60  77   1   0  12 0.00  0.0    0  9.0 20 160   M    M   0 1      25 160
30  93  63  78   2   0  13 0.00  0.0    0  7.7 18  60   M    M   1        24  60
31  88  67  78   2   0  13 0.57  0.0    0 11.6 23 110   M    M   5 13     29 190
================================================================================
SM 2794 1954         0 368  3.88     0.0 338.3          M       51
================================================================================
AV 90.1 63.0                              10.9 FASTST   M    M   2    MAX(MPH)
                                 MISC ---->  # 45 110               # 59  130
================================================================================
NOTES:
# LAST OF SEVERAL OCCURRENCES

COLUMN 17 PEAK WIND IN M.P.H.

PRELIMINARY LOCAL CLIMATOLOGICAL DATA (WS FORM: F-6) , PAGE 2

                                          STATION:  GOODLAND KS
                                          MONTH:    JULY
                                          YEAR:     2010
                                          LATITUDE:   39 22 N
                                          LONGITUDE: 101 42 W

[TEMPERATURE DATA]      [PRECIPITATION DATA]       SYMBOLS USED IN COLUMN 16

AVERAGE MONTHLY: 76.6   TOTAL FOR MONTH:   3.88    1 = FOG OR MIST
DPTR FM NORMAL:   1.5   DPTR FM NORMAL:    0.34    2 = FOG REDUCING VISIBILITY
HIGHEST:   102 ON 17,13 GRTST 24HR  1.58 ON  4- 5      TO 1/4 MILE OR LESS
LOWEST:     56 ON  5                               3 = THUNDER
                        SNOW, ICE PELLETS, HAIL    4 = ICE PELLETS
                        TOTAL MONTH:   0.0 INCH    5 = HAIL
                        GRTST 24HR     0.0         6 = FREEZING RAIN OR DRIZZLE
                        GRTST DEPTH:   0           7 = DUSTSTORM OR SANDSTORM:
                                                       VSBY 1/2 MILE OR LESS
                                                   8 = SMOKE OR HAZE
[NO. OF DAYS WITH]      [WEATHER - DAYS WITH]      9 = BLOWING SNOW
                                                   X = TORNADO
MAX 32 OR BELOW:   0    0.01 INCH OR MORE:  10
MAX 90 OR ABOVE:  19    0.10 INCH OR MORE:   7
MIN 32 OR BELOW:   0    0.50 INCH OR MORE:   4
MIN  0 OR BELOW:   0    1.00 INCH OR MORE:   1

[HDD (BASE 65) ]
TOTAL THIS MO.     0    CLEAR  (SCALE 0-3)  24
DPTR FM NORMAL    -5    PTCLDY (SCALE 4-7)   7
TOTAL FM JUL 1     0    CLOUDY (SCALE 8-10)  0
DPTR FM NORMAL    -5

[CDD (BASE 65) ]
TOTAL THIS MO.   368
DPTR FM NORMAL    48    [PRESSURE DATA]
TOTAL FM JAN 1   639    HIGHEST SLP 30.23 ON  8
DPTR FM NORMAL   116    LOWEST  SLP 29.51 ON  3

[REMARKS]
#FINAL-07-10#
