000
CXUS53 KGLD 010800
CF6GLD
PRELIMINARY LOCAL CLIMATOLOGICAL DATA (WS FORM: F-6)

                                          STATION:   GOODLAND KS
                                          MONTH:     APRIL
                                          YEAR:      2010
                                          LATITUDE:   39 22 N
                                          LONGITUDE: 101 42 W

  TEMPERATURE IN F:       :PCPN:    SNOW:  WIND      :SUNSHINE: SKY     :PK WND
================================================================================
1   2   3   4   5  6A  6B    7    8   9   10  11  12  13   14  15   16   17  18
                                     12Z  AVG MX 2MIN
DY MAX MIN AVG DEP HDD CDD  WTR  SNW DPTH SPD SPD DIR MIN PSBL S-S WX    SPD DR
================================================================================

 1  79  34  57  13   8   0 0.00  0.0    0 18.8 38 260   M    M   0        51 250
 2  53  24  39  -6  26   0 0.01  0.0    0 14.5 35 330   M    M   1 1      41 330
 3  67  25  46   1  19   0 0.00  0.0    0 13.1 30 180   M    M   0        37 180
 4  68  33  51   6  14   0 0.00  0.0    0  7.5 20 260   M    M   0        25 230
 5  77  29  53   7  12   0 0.00  0.0    0 10.0 25 250   M    M   1        32 230
 6  62  33  48   2  17   0 0.24    T    0 14.1 35 320   M    M   3 1      40 320
 7  48  28  38  -8  27   0 0.03  0.4    T 20.2 35 340   M    M   3 1      44 350
 8  60  28  44  -3  21   0 0.00  0.0    0  9.5 16 190   M    M   2        20 200
 9  68  27  48   1  17   0 0.00  0.0    0 11.4 25  10   M    M   0        30  10
10  63  34  49   2  16   0 0.00  0.0    0 12.1 28  30   M    M   0        35  30
11  71  30  51   4  14   0 0.00  0.0    0  8.0 18 160   M    M   0 1      26 160
12  82  47  65  17   0   0 0.00  0.0    0 23.6 38 180   M    M   0 12     47 180
13  74  45  60  12   5   0 1.01  0.0    0 29.9 51 180   M    M   3 13     63 180
14  69  42  56   8   9   0 0.01  0.0    0  9.3 25 190   M    M   4 8      30 180
15  73  50  62  13   3   0    T  0.0    0 11.5 25  20   M    M   5 12     31  10
16  60  40  50   1  15   0 0.00  0.0    0 10.4 20  40   M    M   4        24  50
17  58  35  47  -2  18   0 0.00  0.0    0  9.0 18 160   M    M   3        25 150
18  64  36  50   0  15   0 0.00  0.0    0 13.5 23 160   M    M   2        28 150
19  59  44  52   2  13   0    T  0.0    0 14.4 26 180   M    M   7 18     33 190
20  56  47  52   2  13   0    T  0.0    0  9.2 15 190   M    M   9 128    17 190
21  68  46  57   7   8   0 0.00  0.0    0 10.6 21 160   M    M   7 18     28 120
22  59  52  56   5   9   0 0.57  0.0    0 19.2 31 120   M    M   9 123    41 130
23  53  39  46  -5  19   0 0.12  0.0    0 11.9 24 160   M    M   6 13     29 150
24  48  37  43  -8  22   0 0.08  0.0    0 23.0 40 350   M    M   8 1      52 360
25  65  34  50  -2  15   0    T  0.0    0 16.2 30 360   M    M   2        40 360
26  58  29  44  -8  21   0 0.00  0.0    0 17.8 35 330   M    M   2 8      41 330
27  64  25  45  -7  20   0 0.00  0.0    0 11.5 23 160   M    M   0 8      30 180
28  86  42  64  11   1   0 0.00  0.0    0 16.7 29 240   M    M   0        38 220
29  66  42  54   1  11   0 0.09  0.0    0 13.1 35 340   M    M   2 1      54 320
30  58  33  46  -7  19   0    T  0.0    0 12.3 29 290   M    M   1        37 290
================================================================================
SM 1936 1090       427   0  2.16     0.4 422.3          M       84
================================================================================
AV 64.5 36.3                              14.1 FASTST   M    M   3    MAX(MPH)
                                 MISC ---->  # 51 180               # 63  180
================================================================================
NOTES:
# LAST OF SEVERAL OCCURRENCES

COLUMN 17 PEAK WIND IN M.P.H.

PRELIMINARY LOCAL CLIMATOLOGICAL DATA (WS FORM: F-6) , PAGE 2

                                          STATION:  GOODLAND KS
                                          MONTH:    APRIL
                                          YEAR:     2010
                                          LATITUDE:   39 22 N
                                          LONGITUDE: 101 42 W

[TEMPERATURE DATA]      [PRECIPITATION DATA]       SYMBOLS USED IN COLUMN 16

AVERAGE MONTHLY: 50.4   TOTAL FOR MONTH:   2.16    1 = FOG OR MIST
DPTR FM NORMAL:   1.6   DPTR FM NORMAL:    0.65    2 = FOG REDUCING VISIBILITY
HIGHEST:    86 ON 28    GRTST 24HR  1.02 ON 13-14      TO 1/4 MILE OR LESS
LOWEST:     24 ON  2                               3 = THUNDER
                        SNOW, ICE PELLETS, HAIL    4 = ICE PELLETS
                        TOTAL MONTH:   0.4 INCH    5 = HAIL
                        GRTST 24HR   0.4 ON   M    6 = FREEZING RAIN OR DRIZZLE
                        GRTST DEPTH:   T           7 = DUSTSTORM OR SANDSTORM:
                                                       VSBY 1/2 MILE OR LESS
                                                   8 = SMOKE OR HAZE
[NO. OF DAYS WITH]      [WEATHER - DAYS WITH]      9 = BLOWING SNOW
                                                   X = TORNADO
MAX 32 OR BELOW:   0    0.01 INCH OR MORE:   9
MAX 90 OR ABOVE:   0    0.10 INCH OR MORE:   4
MIN 32 OR BELOW:   9    0.50 INCH OR MORE:   2
MIN  0 OR BELOW:   0    1.00 INCH OR MORE:   1

[HDD (BASE 65) ]
TOTAL THIS MO.   427    CLEAR  (SCALE 0-3)  19
DPTR FM NORMAL   -63    PTCLDY (SCALE 4-7)   8
TOTAL FM JUL 1  5959    CLOUDY (SCALE 8-10)  3
DPTR FM NORMAL   195

[CDD (BASE 65) ]
TOTAL THIS MO.     0
DPTR FM NORMAL    -4    [PRESSURE DATA]
TOTAL FM JAN 1     2    HIGHEST SLP M ON M
DPTR FM NORMAL    -2    LOWEST  SLP 29.15 ON 28

[REMARKS]
#FINAL-04-10#
