000
CXUS53 KGLD 310800
CF6GLD
PRELIMINARY LOCAL CLIMATOLOGICAL DATA (WS FORM: F-6)

                                          STATION:   GOODLAND KS
                                          MONTH:     DECEMBER
                                          YEAR:      2013
                                          LATITUDE:   39 22 N
                                          LONGITUDE: 101 42 W

  TEMPERATURE IN F:       :PCPN:    SNOW:  WIND      :SUNSHINE: SKY     :PK WND
================================================================================
1   2   3   4   5  6A  6B    7    8   9   10  11  12  13   14  15   16   17  18
                                     12Z  AVG MX 2MIN
DY MAX MIN AVG DEP HDD CDD  WTR  SNW DPTH SPD SPD DIR MIN PSBL S-S WX    SPD DR
================================================================================

 1  60  22  41   9  24   0 0.00  0.0    0  7.5 14 220   M    M   0        18 210
 2  68  33  51  19  14   0 0.00  0.0    0  8.6 20 250   M    M   1        24 250
 3  61  19  40   8  25   0 0.00  0.0    0 14.4 29 360   M    M   4        35 360
 4  19   2  11 -20  54   0 0.01  0.2    0 21.3 31 340   M    M  10 1      37 340
 5  12  -3   5 -26  60   0 0.00  0.0    T  8.6 16  10   M    M   5        19  20
 6  14  -2   6 -25  59   0 0.00  0.0    T  7.2 16 160   M    M   8        20 150
 7   8   3   6 -25  59   0    T  0.2    0 16.2 25 160   M    M  10 18     31 150
 8  14  -6   4 -26  61   0 0.04  2.1    1  8.3 17 130   M    M   7 1      21 130
 9  22  -5   9 -21  56   0 0.00  0.0    1 11.2 21 240   M    M   2        26 240
10  45   3  24  -6  41   0 0.00  0.0    1 12.3 26 200   M    M   0        32 200
11  35   9  22  -8  43   0 0.00  0.0    T 11.1 24 210   M    M   2        32 200
12  56  11  34   4  31   0 0.00  0.0    T  9.0 18 190   M    M   0        20 180
13  52  18  35   5  30   0 0.00  0.0    0 12.4 22 340   M    M   0        27 340
14  48  20  34   4  31   0 0.00  0.0    0 12.7 24 340   M    M   2        32 330
15  60  25  43  14  22   0 0.00  0.0    0 13.0 28 300   M    M   0        33 290
16  64  28  46  17  19   0 0.00  0.0    0 12.3 23 290   M    M   0        28 290
17  56  23  40  11  25   0 0.00  0.0    0 11.7 24 210   M    M   0        32 210
18  73  31  52  23  13   0 0.00  0.0    0  8.2 21 230   M    M   0        26 230
19  45  15  30   1  35   0    T    T    0 12.9 28 340   M    M   2 1      34  10
20  27  10  19 -10  46   0 0.00  0.0    0  9.4 25 340   M    M   2        32 360
21  36   9  23  -6  42   0 0.00  0.0    0  7.9 16  20   M    M   4        20  30
22  39  11  25  -4  40   0    T    T    0  9.7 18  60   M    M   3        22  60
23  31  14  23  -6  42   0    T    T    0 12.8 23 210   M    M   6        30 210
24  64  17  41  12  24   0    T  0.0    0 12.8 35 330   M    M   4        44 330
25  44  19  32   3  33   0 0.00  0.0    0 12.8 24 330   M    M   0        28 340
26  56  24  40  11  25   0 0.00  0.0    0 12.6 26 340   M    M   0        30 340
27  63  25  44  15  21   0 0.00  0.0    0 13.0 20 240   M    M   0        23 240
28  64  17  41  12  24   0 0.00  0.0    0 16.0 33 350   M    M   1        42 360
29  30  11  21  -8  44   0    T    T    T 15.0 32 350   M    M   3        39 340
30  49  20  35   6  30   0 0.00  0.0    0 14.7 36 340   M    M   2        42 330
================================================================================
SM 1315  423      1073   0  0.05     2.5 355.6          M       78
================================================================================
AV 43.8 14.1                              11.9 FASTST   M    M   3    MAX(MPH)
                                 MISC ---->  # 36 340               # 44  330
================================================================================
NOTES:
# LAST OF SEVERAL OCCURRENCES

COLUMN 17 PEAK WIND IN M.P.H.

PRELIMINARY LOCAL CLIMATOLOGICAL DATA (WS FORM: F-6) , PAGE 2

                                          STATION:  GOODLAND KS
                                          MONTH:    DECEMBER
                                          YEAR:     2013
                                          LATITUDE:   39 22 N
                                          LONGITUDE: 101 42 W

[TEMPERATURE DATA]      [PRECIPITATION DATA]       SYMBOLS USED IN COLUMN 16

AVERAGE MONTHLY: 29.0   TOTAL FOR MONTH:   0.05    1 = FOG OR MIST
DPTR FM NORMAL:  -0.8   DPTR FM NORMAL:   -0.40    2 = FOG REDUCING VISIBILITY
HIGHEST:    73 ON 18    GRTST 24HR  0.04 ON  8- 8      TO 1/4 MILE OR LESS
LOWEST:     -6 ON  8                               3 = THUNDER
                        SNOW, ICE PELLETS, HAIL    4 = ICE PELLETS
                        TOTAL MONTH:   2.5 INCHES  5 = HAIL
                        GRTST 24HR   2.1 ON   M    6 = FREEZING RAIN OR DRIZZLE
                        GRTST DEPTH:   1 ON 10, 9  7 = DUSTSTORM OR SANDSTORM:
                                                       VSBY 1/2 MILE OR LESS
                                                   8 = SMOKE OR HAZE
[NO. OF DAYS WITH]      [WEATHER - DAYS WITH]      9 = BLOWING SNOW
                                                   X = TORNADO
MAX 32 OR BELOW:   9    0.01 INCH OR MORE:   2
MAX 90 OR ABOVE:   0    0.10 INCH OR MORE:   0
MIN 32 OR BELOW:  29    0.50 INCH OR MORE:   0
MIN  0 OR BELOW:   4    1.00 INCH OR MORE:   0

[HDD (BASE 65) ]
TOTAL THIS MO.  1073    CLEAR  (SCALE 0-3)  21
DPTR FM NORMAL    17    PTCLDY (SCALE 4-7)   7
TOTAL FM JUL 1  2346    CLOUDY (SCALE 8-10)  2
DPTR FM NORMAL   -29

[CDD (BASE 65) ]
TOTAL THIS MO.     0
DPTR FM NORMAL     0    [PRESSURE DATA]
TOTAL FM JAN 1  1181    HIGHEST SLP M ON M
DPTR FM NORMAL   240    LOWEST  SLP 29.52 ON  2

[REMARKS]
