000
CXUS53 KGLD 012333
CF6GLD
PRELIMINARY LOCAL CLIMATOLOGICAL DATA (WS FORM: F-6)

                                          STATION:   GOODLAND KS
                                          MONTH:     APRIL
                                          YEAR:      2017
                                          LATITUDE:   39 22 N
                                          LONGITUDE: 101 42 W

  TEMPERATURE IN F:       :PCPN:    SNOW:  WIND      :SUNSHINE: SKY     :PK WND
================================================================================
1   2   3   4   5  6A  6B    7    8   9   10  11  12  13   14  15   16   17  18
                                     12Z  AVG MX 2MIN
DY MAX MIN AVG DEP HDD CDD  WTR  SNW DPTH SPD SPD DIR MIN PSBL S-S WX    SPD DR
================================================================================

 1  41  38  40  -5  25   0 0.32    M    0  8.1 18  50   M    M  10 1      23  50
 2  66  30  48   3  17   0 0.00  0.0    0  8.1 16 250   M    M   2        20 200
 3  60  33  47   2  18   0    T  0.0    0 17.3 37 330   M    M   3        48 330
 4  49  35  42  -4  23   0    T  0.0    0 14.1 24 350   M    M   8        31 360
 5  58  31  45  -1  20   0 0.00  0.0    0 13.3 29 340   M    M   2        36 330
 6  64  34  49   3  16   0 0.00  0.0    0  9.4 17 170   M    M   3        22 160
 7  78  39  59  13   6   0 0.00  0.0    0 17.8 30 180   M    M   0        36 190
 8  78  50  64  17   1   0 0.00  0.0    0  9.9 23 230   M    M   0        31 230
 9  72  35  54   7  11   0    T  0.0    0 15.2 38 340   M    M   0        46 340
10  60  32  46  -1  19   0 0.00  0.0    0 17.6 39 330   M    M   0        49 330
11  72  27  50   2  15   0 0.00  0.0    0 11.7 28 170   M    M   0 8      32 190
12  77  41  59  11   6   0 0.00  0.0    0 12.1 26 180   M    M   0        33 170
13  74  37  56   8   9   0 0.00  0.0    0 13.5 32 150   M    M   3 1      41 160
14  88  55  72  24   0   7 0.00  0.0    0 16.4 26 180   M    M   3 1      33 190
15  76  45  61  12   4   0 0.00  0.0    0 14.7 25 330   M    M   0        29 330
16  69  44  57   8   8   0    T  0.0    0 11.6 22 160   M    M   5        26 150
17  64  43  54   4  11   0    T  0.0    0 14.3 26 160   M    M   7 18     31 170
18  77  50  64  14   1   0 0.00  0.0    0 12.0 21 310   M    M   0        27 320
19  78  46  62  12   3   0 0.09  0.0    0 15.2 30 350   M    M   3 135    38 350
20  68  39  54   4  11   0 0.17    M    M  8.8 20 160   M    M   5 1      26 360
21  47  38  43  -8  22   0 0.57  0.0    0 10.7 23  80   M    M   7 1      29  80
22  58  34  46  -5  19   0 0.00  0.0    0  5.9 14  20   M    M   5 12     16 200
23  69  37  53   1  12   0 0.00  0.0    0 21.6 36 180   M    M   0        43 170
24  74  48  61   9   4   0 0.00  0.0    0 14.2 28 340   M    M   1        34 190
25  62  37  50  -2  15   0 0.00  0.0    0 15.5 25 360   M    M   5        31 360
26  59  30  45  -8  20   0 0.00  0.0    0 14.7 29 340   M    M   3        35 330
27  64  31  48  -5  17   0 0.39    T    0 14.4 29 110   M    M   6 135    39 110
28  53  33  43 -10  22   0 0.04    T    0 15.5 24  30   M    M   8 1      28  30
29  36  32  34 -20  31   0 0.24  1.1    0 22.7 33  20   M    M  10 12     41  10
30  38  31  35 -19  30   0 0.30  3.7    1 21.8 47  10   M    M   7 128    59 350
================================================================================
SM 1929 1135       416   7  2.12     4.8 418.1          M      106
================================================================================
AV 64.3 37.8                              13.9 FASTST   M    M   4    MAX(MPH)
                                 MISC ---->  # 47  10               # 59  350
================================================================================
NOTES:
# LAST OF SEVERAL OCCURRENCES

COLUMN 17 PEAK WIND IN M.P.H.

PRELIMINARY LOCAL CLIMATOLOGICAL DATA (WS FORM: F-6) , PAGE 2

                                          STATION:  GOODLAND KS
                                          MONTH:    APRIL
                                          YEAR:     2017
                                          LATITUDE:   39 22 N
                                          LONGITUDE: 101 42 W

[TEMPERATURE DATA]      [PRECIPITATION DATA]       SYMBOLS USED IN COLUMN 16

AVERAGE MONTHLY: 51.1   TOTAL FOR MONTH:   2.12    1 = FOG OR MIST
DPTR FM NORMAL:   1.9   DPTR FM NORMAL:    0.53    2 = FOG REDUCING VISIBILITY
HIGHEST:    88 ON 14    GRTST 24HR  0.57 ON 21-21      TO 1/4 MILE OR LESS
LOWEST:     27 ON 11                               3 = THUNDER
                        SNOW, ICE PELLETS, HAIL    4 = ICE PELLETS
                        TOTAL MONTH:   4.8 INCHES  5 = HAIL
                        GRTST 24HR   3.7 ON 30-30  6 = FREEZING RAIN OR DRIZZLE
                        GRTST DEPTH:   1 ON 30     7 = DUSTSTORM OR SANDSTORM:
                                                       VSBY 1/2 MILE OR LESS
                                                   8 = SMOKE OR HAZE
[NO. OF DAYS WITH]      [WEATHER - DAYS WITH]      9 = BLOWING SNOW
                                                   X = TORNADO
MAX 32 OR BELOW:   0    0.01 INCH OR MORE:   8
MAX 90 OR ABOVE:   0    0.10 INCH OR MORE:   6
MIN 32 OR BELOW:   8    0.50 INCH OR MORE:   1
MIN  0 OR BELOW:   0    1.00 INCH OR MORE:   0

[HDD (BASE 65) ]
TOTAL THIS MO.   416    CLEAR  (SCALE 0-3)  17
DPTR FM NORMAL   -64    PTCLDY (SCALE 4-7)  11
TOTAL FM JUL 1  4896    CLOUDY (SCALE 8-10)  2
DPTR FM NORMAL  -759

[CDD (BASE 65) ]
TOTAL THIS MO.     7
DPTR FM NORMAL     3    [PRESSURE DATA]
TOTAL FM JAN 1     7    HIGHEST SLP 30.32 ON 22
DPTR FM NORMAL     3    LOWEST  SLP 29.34 ON 25

[REMARKS]
#FINAL-04-17#
