015
CXUS53 KGLD 010800
CF6GLD
PRELIMINARY LOCAL CLIMATOLOGICAL DATA (WS FORM: F-6)

                                          STATION:   GOODLAND KS
                                          MONTH:     OCTOBER
                                          YEAR:      2015
                                          LATITUDE:   39 22 N
                                          LONGITUDE: 101 42 W

  TEMPERATURE IN F:       :PCPN:    SNOW:  WIND      :SUNSHINE: SKY     :PK WND
================================================================================
1   2   3   4   5  6A  6B    7    8   9   10  11  12  13   14  15   16   17  18
                                     12Z  AVG MX 2MIN
DY MAX MIN AVG DEP HDD CDD  WTR  SNW DPTH SPD SPD DIR MIN PSBL S-S WX    SPD DR
================================================================================

 1  67  55  61   3   4   0    T  0.0    0 13.0 21 160   M    M   9 1      24 170
 2  57  51  54  -3  11   0    T  0.0    0 17.2 24 150   M    M  10 3      32 130
 3  55  44  50  -7  15   0 0.06  0.0    0 17.6 36 130   M    M   9        44 130
 4  66  48  57   1   8   0    T  0.0    0 11.0 18 160   M    M   7        24 150
 5  68  47  58   2   7   0 0.00  0.0    0 11.3 20 170   M    M   7 1      23 170
 6  73  43  58   2   7   0 0.00  0.0    0  5.0 14  70   M    M   6 12     16 110
 7  74  49  62   7   3   0 0.00  0.0    0  9.9 17 190   M    M   3        23 210
 8  83  51  67  12   0   2 0.31  0.0    0  9.6 29  50   M    M   0 1358   36  40
 9  69  45  57   3   8   0 0.01  0.0    0  7.3 17 200   M    M   1 1      22 190
10  87  50  69  15   0   4 0.00  0.0    0  7.7 20 230   M    M   0 8      25 230
11  93  52  73  19   0   8 0.00  0.0    0  8.2 16 240   M    M   0 8      20 240
12  74  40  57   4   8   0 0.00  0.0    0 10.1 23 350   M    M   0        36 320
13  84  43  64  11   1   0 0.00  0.0    0  9.7 25 320   M    M   0        33 330
14  83  42  63  11   2   0 0.00  0.0    0  8.6 21 170   M    M   0        26 170
15  73  37  55   3  10   0 0.00  0.0    0 10.4 26  50   M    M   0        31  50
16  66  33  50  -2  15   0 0.00  0.0    0 13.8 29 190   M    M   0        35 190
17  71  40  56   4   9   0 0.00  0.0    0 13.8 21 170   M    M   0        26 170
18  83  44  64  13   1   0 0.00  0.0    0 17.0 29 180   M    M   0        37 190
19  85  49  67  16   0   2 0.00  0.0    0  6.5 17 190   M    M   0 8      20 210
20  82  47  65  15   0   0 0.00  0.0    0  7.0 20 170   M    M   0        26 160
21  56  46  51   1  14   0 0.02  0.0    0 10.5 22  40   M    M   9 18     28  50
22  59  47  53   3  12   0 0.74  0.0    0 15.1 25 170   M    M   9 1      34 160
23  63  37  50   1  15   0 0.00  0.0    0 14.9 31 330   M    M   5        39 330
24  65  32  49   0  16   0 0.00  0.0    0  9.1 17 220   M    M   0        22 190
25  70  41  56   7   9   0 0.00  0.0    0 15.2 24 180   M    M   0        30 200
26  67  42  55   7  10   0 0.00  0.0    0 15.5 33 160   M    M   0        41 180
27  70  34  52   4  13   0 0.04  0.0    0  9.0 31 350   M    M   4 13     40 350
28  64  35  50   3  15   0 0.01  0.0    0 10.0 25 350   M    M   1        31 340
29  55  25  40  -7  25   0 0.00  0.0    0  8.5 18 170   M    M   0        22 170
30  43  38  41  -6  24   0 0.51  0.0    0  7.7 23 170   M    M   9 12     28 170
31  68  34  51   5  14   0 0.00  0.0    0 12.7 26 340   M    M   1 12     32 340
================================================================================
SM 2173 1321       276  16  1.70     0.0 342.9          M       90
================================================================================
AV 70.1 42.6                              11.1 FASTST   M    M   3    MAX(MPH)
                                 MISC ---->  # 36 130               # 44  130
================================================================================
NOTES:
# LAST OF SEVERAL OCCURRENCES

COLUMN 17 PEAK WIND IN M.P.H.

PRELIMINARY LOCAL CLIMATOLOGICAL DATA (WS FORM: F-6) , PAGE 2

                                          STATION:  GOODLAND KS
                                          MONTH:    OCTOBER
                                          YEAR:     2015
                                          LATITUDE:   39 22 N
                                          LONGITUDE: 101 42 W

[TEMPERATURE DATA]      [PRECIPITATION DATA]       SYMBOLS USED IN COLUMN 16

AVERAGE MONTHLY: 56.4   TOTAL FOR MONTH:   1.70    1 = FOG OR MIST
DPTR FM NORMAL:   4.5   DPTR FM NORMAL:    0.33    2 = FOG REDUCING VISIBILITY
HIGHEST:    93 ON 11    GRTST 24HR  0.76 ON 21-22      TO 1/4 MILE OR LESS
LOWEST:     25 ON 29                               3 = THUNDER
                        SNOW, ICE PELLETS, HAIL    4 = ICE PELLETS
                        TOTAL MONTH:   0.0 INCH    5 = HAIL
                        GRTST 24HR     0.0         6 = FREEZING RAIN OR DRIZZLE
                        GRTST DEPTH:   0           7 = DUSTSTORM OR SANDSTORM:
                                                       VSBY 1/2 MILE OR LESS
                                                   8 = SMOKE OR HAZE
[NO. OF DAYS WITH]      [WEATHER - DAYS WITH]      9 = BLOWING SNOW
                                                   X = TORNADO
MAX 32 OR BELOW:   0    0.01 INCH OR MORE:   8
MAX 90 OR ABOVE:   1    0.10 INCH OR MORE:   3
MIN 32 OR BELOW:   2    0.50 INCH OR MORE:   2
MIN  0 OR BELOW:   0    1.00 INCH OR MORE:   0

[HDD (BASE 65) ]
TOTAL THIS MO.   276    CLEAR  (SCALE 0-3)  20
DPTR FM NORMAL  -140    PTCLDY (SCALE 4-7)   5
TOTAL FM JUL 1   315    CLOUDY (SCALE 8-10)  6
DPTR FM NORMAL  -225

[CDD (BASE 65) ]
TOTAL THIS MO.    16
DPTR FM NORMAL     8    [PRESSURE DATA]
TOTAL FM JAN 1  1145    HIGHEST SLP M ON M
DPTR FM NORMAL   204    LOWEST  SLP 29.60 ON 11

[REMARKS]
#FINAL-10-15#
