000
CXUS53 KGLD 011346
CF6GLD
PRELIMINARY LOCAL CLIMATOLOGICAL DATA (WS FORM: F-6)

                                          STATION:   GOODLAND KS
                                          MONTH:     APRIL
                                          YEAR:      2014
                                          LATITUDE:   39 22 N
                                          LONGITUDE: 101 42 W

  TEMPERATURE IN F:       :PCPN:    SNOW:  WIND      :SUNSHINE: SKY     :PK WND
================================================================================
1   2   3   4   5  6A  6B    7    8   9   10  11  12  13   14  15   16   17  18
                                     12Z  AVG MX 2MIN
DY MAX MIN AVG DEP HDD CDD  WTR  SNW DPTH SPD SPD DIR MIN PSBL S-S WX    SPD DR
================================================================================

 1  57  20  39  -6  26   0 0.00  0.0    0 15.0 31 160   M    M   0        38 150
 2  57  29  43  -2  22   0 0.00  0.0    0 12.6 23  70   M    M   5 18     27  70
 3  41  26  34 -11  31   0 0.15    T    0 13.6 25 360   M    M   7 1      31 360
 4  57  22  40  -6  25   0 0.00  0.0    0 10.7 20 160   M    M   2        23 160
 5  62  32  47   1  18   0 0.00  0.0    0 16.9 28 190   M    M   1        36 190
 6  64  36  50   4  15   0 0.00  0.0    0 12.9 31 360   M    M   3 18     37 350
 7  56  26  41  -5  24   0 0.01    T    0 17.8 40 360   M    M   3        52  10
 8  70  27  49   2  16   0 0.00  0.0    0 13.3 23 350   M    M   2        31 360
 9  84  40  62  15   3   0 0.00  0.0    0 11.7 22 240   M    M   0        32 240
10  65  43  54   7  11   0 0.00  0.0    0 11.7 26 330   M    M   0        32 330
11  79  39  59  11   6   0 0.00  0.0    0 15.7 29 180   M    M   0        36 170
12  82  49  66  18   0   1 0.00  0.0    0 12.7 23  50   M    M   0        28  50
13  54  25  40  -8  25   0 0.04  0.4    0 26.4 36 360   M    M   9 1      41 350
14  42  24  33 -15  32   0    T    T    T 17.2 29 360   M    M   3 1      35 360
15  66  25  46  -3  19   0 0.00  0.0    0 16.4 24 230   M    M   0        31 240
16  60  37  49   0  16   0 0.00  0.0    0 20.0 43 330   M    M   1        53 330
17  54  30  42  -8  23   0 0.00  0.0    0 14.0 24 180   M    M   7 1      30 180
18  76  33  55   5  10   0 0.00  0.0    0 22.2 31 170   M    M   0 1      37 170
19  72  47  60  10   5   0    T  0.0    0 14.8 26  20   M    M   1 3      32  40
20  75  42  59   9   6   0 0.00  0.0    0  4.2 15 340   M    M   1 12     18 340
21  71  42  57   6   8   0 0.00  0.0    0 12.2 23  20   M    M   0        30  30
22  82  42  62  11   3   0 0.00  0.0    0 25.1 38 170   M    M   0        46 160
23  85  51  68  16   0   3 0.00  0.0    0 23.3 41 340   M    M   1 38     51 340
24  68  44  56   4   9   0 0.00  0.0    0 16.0 41 340   M    M   2        55 300
25  78  33  56   4   9   0 0.00  0.0    0 10.4 22 160   M    M   0        28 160
26  86  45  66  13   0   1 0.00  0.0    0 16.0 30 190   M    M   0        37 170
27  64  38  51  -2  14   0 0.21  0.0    0 22.3 53 330   M    M   5 18     64 330
28  57  39  48  -5  17   0    T  0.0    0 30.4 49 330   M    M   6        60 320
29  48  34  41 -13  24   0 0.02    T    0 30.1 46 350   M    M  10 1      58 340
30  56  33  45  -9  20   0    T  0.0    0 23.9 39 340   M    M   7        47 330
================================================================================
SM 1968 1053       437   5  0.43     0.4 509.5          M       76
================================================================================
AV 65.6 35.1                              17.0 FASTST   M    M   3    MAX(MPH)
                                 MISC ---->  # 53 330               # 64  330
================================================================================
NOTES:
# LAST OF SEVERAL OCCURRENCES

COLUMN 17 PEAK WIND IN M.P.H.

PRELIMINARY LOCAL CLIMATOLOGICAL DATA (WS FORM: F-6) , PAGE 2

                                          STATION:  GOODLAND KS
                                          MONTH:    APRIL
                                          YEAR:     2014
                                          LATITUDE:   39 22 N
                                          LONGITUDE: 101 42 W

[TEMPERATURE DATA]      [PRECIPITATION DATA]       SYMBOLS USED IN COLUMN 16

AVERAGE MONTHLY: 50.3   TOTAL FOR MONTH:   0.43    1 = FOG OR MIST
DPTR FM NORMAL:   1.1   DPTR FM NORMAL:   -1.16    2 = FOG REDUCING VISIBILITY
HIGHEST:    86 ON 26    GRTST 24HR  0.21 ON 27-27      TO 1/4 MILE OR LESS
LOWEST:     20 ON  1                               3 = THUNDER
                        SNOW, ICE PELLETS, HAIL    4 = ICE PELLETS
                        TOTAL MONTH:   0.4 INCH    5 = HAIL
                        GRTST 24HR   0.4 ON   M    6 = FREEZING RAIN OR DRIZZLE
                        GRTST DEPTH:   T           7 = DUSTSTORM OR SANDSTORM:
                                                       VSBY 1/2 MILE OR LESS
                                                   8 = SMOKE OR HAZE
[NO. OF DAYS WITH]      [WEATHER - DAYS WITH]      9 = BLOWING SNOW
                                                   X = TORNADO
MAX 32 OR BELOW:   0    0.01 INCH OR MORE:   5
MAX 90 OR ABOVE:   0    0.10 INCH OR MORE:   2
MIN 32 OR BELOW:  11    0.50 INCH OR MORE:   0
MIN  0 OR BELOW:   0    1.00 INCH OR MORE:   0

[HDD (BASE 65) ]
TOTAL THIS MO.   437    CLEAR  (SCALE 0-3)  21
DPTR FM NORMAL   -43    PTCLDY (SCALE 4-7)   7
TOTAL FM JUL 1  5749    CLOUDY (SCALE 8-10)  2
DPTR FM NORMAL    94

[CDD (BASE 65) ]
TOTAL THIS MO.     5
DPTR FM NORMAL     1    [PRESSURE DATA]
TOTAL FM JAN 1     5    HIGHEST SLP 30.38 ON 14
DPTR FM NORMAL     1    LOWEST  SLP 29.03 ON 27

[REMARKS]
#FINAL-04-14#
