000
CXUS53 KGLD 010800
CF6GLD
PRELIMINARY LOCAL CLIMATOLOGICAL DATA (WS FORM: F-6)

                                          STATION:   GOODLAND KS
                                          MONTH:     MARCH
                                          YEAR:      2010
                                          LATITUDE:   39 22 N
                                          LONGITUDE: 101 42 W

  TEMPERATURE IN F:       :PCPN:    SNOW:  WIND      :SUNSHINE: SKY     :PK WND
================================================================================
1   2   3   4   5  6A  6B    7    8   9   10  11  12  13   14  15   16   17  18
                                     12Z  AVG MX 2MIN
DY MAX MIN AVG DEP HDD CDD  WTR  SNW DPTH SPD SPD DIR MIN PSBL S-S WX    SPD DR
================================================================================

 1  40  29  35  -1  30   0 0.11  1.4    1  5.9 13 300   M    M  10 128    16 120
 2  54  26  40   4  25   0 0.00  0.0    0  5.5 15 360   M    M   3 1      18 360
 3  54  24  39   3  26   0 0.00  0.0    0  9.9 18 160   M    M   0        24 150
 4  54  33  44   7  21   0 0.00  0.0    0 14.2 22 160   M    M   0 18     28 160
 5  63  25  44   7  21   0 0.00  0.0    0 13.7 28 320   M    M   3 12     35 320
 6  58  26  42   5  23   0 0.00  0.0    0 12.2 25 320   M    M   1        31 320
 7  48  21  35  -2  30   0    T  0.0    0 11.1 22 170   M    M   6 12     30 160
 8  48  42  45   7  20   0 1.05  0.0    0 11.5 21 160   M    M  10 12     26 160
 9  42  32  37  -1  28   0 0.42    T    0 19.8 32 330   M    M   9 1      40 340
10  40  30  35  -3  30   0    T    T    0 16.8 26 340   M    M   9        33 350
11  42  28  35  -3  30   0    T    T    T 21.1 32 330   M    M   8 1      40 340
12  51  25  38  -1  27   0 0.00  0.0    0 19.9 36 340   M    M   0        44 340
13  56  22  39   0  26   0 0.00  0.0    0  7.1 13  80   M    M   0        15  80
14  40  28  34  -5  31   0    T  0.0    0 10.1 18 350   M    M  10 128    23 350
15  50  24  37  -2  28   0 0.00  0.0    0 10.8 21 350   M    M   5        25  10
16  64  24  44   4  21   0 0.00  0.0    0  7.9 17 340   M    M   0 8      23  30
17  64  21  43   3  22   0 0.00  0.0    0  6.0 16 200   M    M   0        22 200
18  73  35  54  14  11   0 0.00  0.0    0 16.9 36  10   M    M   1        46  10
19  38  22  30 -11  35   0 0.09  1.4    0 22.0 35  20   M    M  10 1268   46  20
20  39  16  28 -13  37   0 0.00  0.0    1 13.3 26 360   M    M   4        32  10
21  59  18  39  -2  26   0 0.00  0.0    T  9.5 18 220   M    M   0        22 220
22  71  34  53  12  12   0 0.00  0.0    0  8.4 18 220   M    M   0        23 220
23  58  29  44   2  21   0    T    T    0 16.2 31  40   M    M   3        36  40
24  48  23  36  -6  29   0 0.08  1.1    1 16.7 29 360   M    M   7 1      35 350
25  57  20  39  -3  26   0 0.00  0.0    0 10.6 22 180   M    M   0        28 200
26  59  29  44   1  21   0    T  0.0    0 13.7 25  20   M    M   1        30  10
27  54  31  43   0  22   0    T  0.0    0 23.6 40 360   M    M   6        52 360
28  64  27  46   3  19   0 0.00  0.0    0 10.1 17 320   M    M   0        25 330
29  77  31  54  11  11   0 0.00  0.0    0 11.6 20 190   M    M   0        26 190
30  88  45  67  23   0   2 0.00  0.0    0 13.7 26 220   M    M   0        35 190
31  67  39  53   9  12   0 0.00  0.0    0 13.0 29  30   M    M   0        37  30
================================================================================
SM 1720  859       721   2  1.75     3.9 402.8          M      106
================================================================================
AV 55.5 27.7                              13.0 FASTST   M    M   3    MAX(MPH)
                                 MISC ---->  # 40 360               # 52  360
================================================================================
NOTES:
# LAST OF SEVERAL OCCURRENCES

COLUMN 17 PEAK WIND IN M.P.H.

PRELIMINARY LOCAL CLIMATOLOGICAL DATA (WS FORM: F-6) , PAGE 2

                                          STATION:  GOODLAND KS
                                          MONTH:    MARCH
                                          YEAR:     2010
                                          LATITUDE:   39 22 N
                                          LONGITUDE: 101 42 W

[TEMPERATURE DATA]      [PRECIPITATION DATA]       SYMBOLS USED IN COLUMN 16

AVERAGE MONTHLY: 41.6   TOTAL FOR MONTH:   1.75    1 = FOG OR MIST
DPTR FM NORMAL:   1.8   DPTR FM NORMAL:    0.55    2 = FOG REDUCING VISIBILITY
HIGHEST:    88 ON 30    GRTST 24HR  1.05 ON  8- 8      TO 1/4 MILE OR LESS
LOWEST:     16 ON 20                               3 = THUNDER
                        SNOW, ICE PELLETS, HAIL    4 = ICE PELLETS
                        TOTAL MONTH:   3.9 INCHES  5 = HAIL
                        GRTST 24HR   1.4 ON   M    6 = FREEZING RAIN OR DRIZZLE
                        GRTST DEPTH:   1 ON 24,20  7 = DUSTSTORM OR SANDSTORM:
                                                       VSBY 1/2 MILE OR LESS
                                                   8 = SMOKE OR HAZE
[NO. OF DAYS WITH]      [WEATHER - DAYS WITH]      9 = BLOWING SNOW
                                                   X = TORNADO
MAX 32 OR BELOW:   0    0.01 INCH OR MORE:   5
MAX 90 OR ABOVE:   0    0.10 INCH OR MORE:   3
MIN 32 OR BELOW:  25    0.50 INCH OR MORE:   1
MIN  0 OR BELOW:   0    1.00 INCH OR MORE:   1

[HDD (BASE 65) ]
TOTAL THIS MO.   721    CLEAR  (SCALE 0-3)  18
DPTR FM NORMAL   -55    PTCLDY (SCALE 4-7)   7
TOTAL FM JUL 1  5532    CLOUDY (SCALE 8-10)  6
DPTR FM NORMAL   258

[CDD (BASE 65) ]
TOTAL THIS MO.     2
DPTR FM NORMAL     2    [PRESSURE DATA]
TOTAL FM JAN 1     2    HIGHEST SLP M ON M
DPTR FM NORMAL     2    LOWEST  SLP 29.28 ON 30

[REMARKS]
#FINAL-03-10#
