000
CXUS53 KGLD 010800
CF6GLD
PRELIMINARY LOCAL CLIMATOLOGICAL DATA (WS FORM: F-6)

                                          STATION:   GOODLAND KS
                                          MONTH:     FEBRUARY
                                          YEAR:      2016
                                          LATITUDE:   39 22 N
                                          LONGITUDE: 101 42 W

  TEMPERATURE IN F:       :PCPN:    SNOW:  WIND      :SUNSHINE: SKY     :PK WND
================================================================================
1   2   3   4   5  6A  6B    7    8   9   10  11  12  13   14  15   16   17  18
                                     12Z  AVG MX 2MIN
DY MAX MIN AVG DEP HDD CDD  WTR  SNW DPTH SPD SPD DIR MIN PSBL S-S WX    SPD DR
================================================================================

 1  34  27  31   1  34   0 0.24  3.8    0 19.1 33  70   M    M  10 12     43  80
 2  27  14  21  -9  44   0 0.57  9.5    8 26.9 41 360   M    M   8 12     50 350
 3  27   8  18 -12  47   0 0.00  0.0   11 13.1 21 310   M    M   0        25 320
 4  32   6  19 -11  46   0 0.00  0.0   11  9.2 18 260   M    M   1        21 250
 5  36  15  26  -4  39   0    T    T   10 11.9 22 320   M    M   4 1      26 320
 6  42  13  28  -2  37   0 0.00  0.0   10 14.0 22 240   M    M   0        27 240
 7  37  24  31   0  34   0 0.00  0.0    8 18.4 30 340   M    M   4        39 340
 8  38  20  29  -2  36   0 0.00  0.0    6 16.3 30 340   M    M   1        36 340
 9  48  20  34   3  31   0 0.00  0.0    5 10.5 18 270   M    M   1 8      22 280
10  59  33  46  15  19   0 0.00  0.0    3 12.4 18 270   M    M   0        23 250
11  61  26  44  13  21   0 0.00  0.0    1 10.1 22 330   M    M   0        27 330
12  44  28  36   4  29   0 0.00  0.0    T 11.7 21 160   M    M   6 1      25 160
13  32  25  29  -3  36   0 0.00  0.0    T 15.3 24 170   M    M   8 12     29 170
14  50  24  37   5  28   0 0.01  0.0    T 11.9 36 330   M    M   2        46 330
15  61  28  45  13  20   0 0.00  0.0    0 12.7 25 350   M    M   3        32 350
16  56  32  44  12  21   0 0.00  0.0    0 12.7 29 350   M    M   4        38 340
17  67  31  49  16  16   0 0.00  0.0    0 11.1 20 180   M    M   0        24 190
18  82  32  57  24   8   0 0.00  0.0    0 15.5 37 310   M    M   0        45 310
19  65  38  52  19  13   0 0.00  0.0    0 15.4 26 310   M    M   0        33 300
20  67  30  49  15  16   0 0.00  0.0    0 10.0 26  20   M    M   0        31  10
21  52  25  39   5  26   0 0.00  0.0    0 10.2 23 360   M    M   0        27  10
22  55  22  39   5  26   0 0.00  0.0    0 10.4 23 190   M    M   3        29 190
23  46  21  34   0  31   0 0.00  0.0    0 15.3 30 350   M    M   1 8      40  20
24  52  18  35   0  30   0 0.00  0.0    0 15.2 38 340   M    M   0        46 330
25  45  16  31  -4  34   0 0.00  0.0    0 10.2 18 210   M    M   1        26 210
26  63  26  45  10  20   0 0.00  0.0    0 12.9 24 340   M    M   0        31 330
27  77  31  54  18  11   0 0.00  0.0    0  9.8 29 340   M    M   0        35 340
28  61  32  47  11  18   0 0.00  0.0    0 19.6 44 330   M    M   0        55 330
29  70  32  51  15  14   0    T  0.0    0 13.6 43 360   M    M   3 8      55 360
================================================================================
SM 1486  697       785   0  0.82    13.3 395.4          M       60
================================================================================
AV 51.2 24.0                              13.6 FASTST   M    M   2    MAX(MPH)
                                 MISC ---->  # 44 330               # 55  330
================================================================================
NOTES:
# LAST OF SEVERAL OCCURRENCES

COLUMN 17 PEAK WIND IN M.P.H.

PRELIMINARY LOCAL CLIMATOLOGICAL DATA (WS FORM: F-6) , PAGE 2

                                          STATION:  GOODLAND KS
                                          MONTH:    FEBRUARY
                                          YEAR:     2016
                                          LATITUDE:   39 22 N
                                          LONGITUDE: 101 42 W

[TEMPERATURE DATA]      [PRECIPITATION DATA]       SYMBOLS USED IN COLUMN 16

AVERAGE MONTHLY: 37.6   TOTAL FOR MONTH:   0.82    1 = FOG OR MIST
DPTR FM NORMAL:   5.3   DPTR FM NORMAL:    0.33    2 = FOG REDUCING VISIBILITY
HIGHEST:    82 ON 18    GRTST 24HR  0.60 ON  1- 2      TO 1/4 MILE OR LESS
LOWEST:      6 ON  4                               3 = THUNDER
                        SNOW, ICE PELLETS, HAIL    4 = ICE PELLETS
                        TOTAL MONTH:  13.3 INCHES  5 = HAIL
                        GRTST 24HR   9.5 ON  2- 2  6 = FREEZING RAIN OR DRIZZLE
                        GRTST DEPTH:  11 ON  4, 3  7 = DUSTSTORM OR SANDSTORM:
                                                       VSBY 1/2 MILE OR LESS
                                                   8 = SMOKE OR HAZE
[NO. OF DAYS WITH]      [WEATHER - DAYS WITH]      9 = BLOWING SNOW
                                                   X = TORNADO
MAX 32 OR BELOW:   4    0.01 INCH OR MORE:   3
MAX 90 OR ABOVE:   0    0.10 INCH OR MORE:   2
MIN 32 OR BELOW:  27    0.50 INCH OR MORE:   1
MIN  0 OR BELOW:   0    1.00 INCH OR MORE:   0

[HDD (BASE 65) ]
TOTAL THIS MO.   785    CLEAR  (SCALE 0-3)  21
DPTR FM NORMAL  -129    PTCLDY (SCALE 4-7)   6
TOTAL FM JUL 1  3846    CLOUDY (SCALE 8-10)  2
DPTR FM NORMAL  -600

[CDD (BASE 65) ]
TOTAL THIS MO.     0
DPTR FM NORMAL     0    [PRESSURE DATA]
TOTAL FM JAN 1     0    HIGHEST SLP M ON M
DPTR FM NORMAL     0    LOWEST  SLP 29.46 ON 18

[REMARKS]
#FINAL-02-16#
