000
CXUS53 KGLD 010800
CF6GLD
PRELIMINARY LOCAL CLIMATOLOGICAL DATA (WS FORM: F-6)

                                          STATION:   GOODLAND KS
                                          MONTH:     NOVEMBER
                                          YEAR:      2013
                                          LATITUDE:   39 22 N
                                          LONGITUDE: 101 42 W

  TEMPERATURE IN F:       :PCPN:    SNOW:  WIND      :SUNSHINE: SKY     :PK WND
================================================================================
1   2   3   4   5  6A  6B    7    8   9   10  11  12  13   14  15   16   17  18
                                     12Z  AVG MX 2MIN
DY MAX MIN AVG DEP HDD CDD  WTR  SNW DPTH SPD SPD DIR MIN PSBL S-S WX    SPD DR
================================================================================

 1  56  30  43  -3  22   0    T  0.0    0 18.2 38 330   M    M   3        46 330
 2  60  27  44  -1  21   0 0.00  0.0    0 14.6 25 180   M    M   0        31 170
 3  73  34  54   9  11   0 0.00  0.0    0 10.6 25 230   M    M   0        31 330
 4  50  30  40  -4  25   0 0.00  0.0    0 11.5 36 340   M    M   2        43 330
 5  38  24  31 -13  34   0 0.16    T    0 13.4 31 350   M    M   7 1      39 360
 6  54  22  38  -6  27   0 0.00  0.0    0  8.0 20 250   M    M   0        23 250
 7  57  28  43   0  22   0 0.00  0.0    0 10.9 20 170   M    M   0        24 170
 8  77  35  56  13   9   0 0.00  0.0    0 11.3 30 350   M    M   0        38 350
 9  61  29  45   3  20   0 0.00  0.0    0  6.5 13 130   M    M   0        16 150
10  57  27  42   0  23   0 0.00  0.0    0 10.7 21 200   M    M   4        29 190
11  42  25  34  -7  31   0 0.00  0.0    0 13.2 22  20   M    M   6 12     26  10
12  49  23  36  -5  29   0    T    T    0 10.7 18 200   M    M   4        25 200
13  70  29  50  10  15   0 0.00  0.0    0 12.0 17 190   M    M   0        23 220
14  57  33  45   5  20   0 0.00  0.0    0 13.2 28  30   M    M   0        36  30
15  64  33  49  10  16   0 0.00  0.0    0 15.0 32 180   M    M   0        38 180
16  61  33  47   8  18   0 0.00  0.0    0 11.0 22 340   M    M   0        28 340
17  52  20  36  -2  29   0 0.00  0.0    0 15.6 39 320   M    M   1        47 320
18  59  25  42   4  23   0 0.00  0.0    0 14.3 29 200   M    M   0        36 200
19  55  26  41   4  24   0 0.00  0.0    0 11.8 20 170   M    M   0        23 170
20  64  36  50  13  15   0 0.00  0.0    0  6.2 18 350   M    M   0        23 350
21  44  14  29  -7  36   0 0.01  0.3    0 22.2 31  40   M    M  10 168    38 340
22  31  14  23 -13  42   0 0.00  0.0    T  5.9 18 350   M    M   4        23 340
23  33  21  27  -8  38   0 0.00  0.0    0  7.7 15 180   M    M   5        18 180
24  38  20  29  -6  36   0 0.00  0.0    0 21.0 40 190   M    M   5 8      49 190
25  45  14  30  -5  35   0 0.00  0.0    0 11.0 25 360   M    M   4        32  10
26  42  17  30  -4  35   0 0.00  0.0    0  9.0 20 360   M    M   0        23 360
27  60  23  42   8  23   0 0.00  0.0    0 12.2 24 220   M    M   0        29 230
28  44  18  31  -2  34   0 0.00  0.0    0  8.0 16 160   M    M   0        18 170
29  54  19  37   4  28   0 0.00  0.0    0  9.2 17 180   M    M   2 1      21 180
30  63  24  44  11  21   0 0.00  0.0    0  5.2 13 270   M    M   0        15 260
================================================================================
SM 1610  753       762   0  0.17     0.3 350.1          M       57
================================================================================
AV 53.7 25.1                              11.7 FASTST   M    M   2    MAX(MPH)
                                 MISC ---->  # 40 190               # 49  190
================================================================================
NOTES:
# LAST OF SEVERAL OCCURRENCES

COLUMN 17 PEAK WIND IN M.P.H.

PRELIMINARY LOCAL CLIMATOLOGICAL DATA (WS FORM: F-6) , PAGE 2

                                          STATION:  GOODLAND KS
                                          MONTH:    NOVEMBER
                                          YEAR:     2013
                                          LATITUDE:   39 22 N
                                          LONGITUDE: 101 42 W

[TEMPERATURE DATA]      [PRECIPITATION DATA]       SYMBOLS USED IN COLUMN 16

AVERAGE MONTHLY: 39.4   TOTAL FOR MONTH:   0.17    1 = FOG OR MIST
DPTR FM NORMAL:   0.4   DPTR FM NORMAL:   -0.54    2 = FOG REDUCING VISIBILITY
HIGHEST:    77 ON  8    GRTST 24HR  0.16 ON  4- 5      TO 1/4 MILE OR LESS
LOWEST:     14 ON 25,22                            3 = THUNDER
                        SNOW, ICE PELLETS, HAIL    4 = ICE PELLETS
                        TOTAL MONTH:   0.3 INCH    5 = HAIL
                        GRTST 24HR   0.3 ON   M    6 = FREEZING RAIN OR DRIZZLE
                        GRTST DEPTH:   T           7 = DUSTSTORM OR SANDSTORM:
                                                       VSBY 1/2 MILE OR LESS
                                                   8 = SMOKE OR HAZE
[NO. OF DAYS WITH]      [WEATHER - DAYS WITH]      9 = BLOWING SNOW
                                                   X = TORNADO
MAX 32 OR BELOW:   1    0.01 INCH OR MORE:   2
MAX 90 OR ABOVE:   0    0.10 INCH OR MORE:   1
MIN 32 OR BELOW:  24    0.50 INCH OR MORE:   0
MIN  0 OR BELOW:   0    1.00 INCH OR MORE:   0

[HDD (BASE 65) ]
TOTAL THIS MO.   762    CLEAR  (SCALE 0-3)  20
DPTR FM NORMAL   -17    PTCLDY (SCALE 4-7)   9
TOTAL FM JUL 1  1273    CLOUDY (SCALE 8-10)  1
DPTR FM NORMAL   -46

[CDD (BASE 65) ]
TOTAL THIS MO.     0
DPTR FM NORMAL     0    [PRESSURE DATA]
TOTAL FM JAN 1  1181    HIGHEST SLP M ON M
DPTR FM NORMAL   240    LOWEST  SLP 29.30 ON 16

[REMARKS]
#FINAL-11-13#
