000
CXUS53 KGLD 010800
CF6GLD
PRELIMINARY LOCAL CLIMATOLOGICAL DATA (WS FORM: F-6)

                                          STATION:   GOODLAND KS
                                          MONTH:     SEPTEMBER
                                          YEAR:      2015
                                          LATITUDE:   39 22 N
                                          LONGITUDE: 101 42 W

  TEMPERATURE IN F:       :PCPN:    SNOW:  WIND      :SUNSHINE: SKY     :PK WND
================================================================================
1   2   3   4   5  6A  6B    7    8   9   10  11  12  13   14  15   16   17  18
                                     12Z  AVG MX 2MIN
DY MAX MIN AVG DEP HDD CDD  WTR  SNW DPTH SPD SPD DIR MIN PSBL S-S WX    SPD DR
================================================================================

 1  93  60  77   6   0  12 0.00  0.0    0  6.8 20 210   M    M   1 13     29 170
 2  97  60  79   9   0  14 0.00  0.0    0  7.5 16 200   M    M   0        22 210
 3  98  59  79   9   0  14 0.00  0.0    0  8.3 17 160   M    M   0        24 170
 4  96  61  79   9   0  14 0.00  0.0    0 11.7 22 160   M    M   0        27 180
 5  96  66  81  12   0  16 0.00  0.0    0 13.6 24 240   M    M   0        32 240
 6  93  62  78   9   0  13 0.00  0.0    0 12.7 26 360   M    M   0        34  30
 7  85  63  74   6   0   9 0.00  0.0    0  6.9 20 340   M    M   4 123    24 340
 8  85  56  71   3   0   6 0.03  0.0    0  7.3 20 360   M    M   1        25 260
 9  94  55  75   7   0  10 0.06  0.0    0 14.0 26 160   M    M   1 138    35 170
10  92  50  71   4   0   6 0.00  0.0    0  9.2 35  60   M    M   1 18     41  60
11  73  49  61  -6   4   0 0.00  0.0    0  6.5 13 190   M    M   3        17 190
12  88  53  71   5   0   6 0.00  0.0    0  8.5 17 210   M    M   0        25 210
13  96  48  72   6   0   7 0.00  0.0    0  9.5 26 240   M    M   0 8      39 250
14  96  59  78  12   0  13 0.00  0.0    0 10.1 17 130   M    M   0        22 130
15  97  65  81  16   0  16    T  0.0    0 17.3 31 180   M    M   1 3      42 180
16  94  59  77  13   0  12 0.00  0.0    0 11.8 22 190   M    M   0        28 200
17  87  59  73   9   0   8 0.00  0.0    0 12.9 22 350   M    M   0        29 320
18  78  42  60  -4   5   0 0.00  0.0    0 12.5 26 350   M    M   4        37  10
19  76  35  56  -7   9   0 0.00  0.0    0  9.8 23 170   M    M   1        29 180
20  89  49  69   6   0   4 0.00  0.0    0  8.5 17 180   M    M   0        22 180
21  91  55  73  11   0   8 0.00  0.0    0  9.5 18 190   M    M   0 1      25 170
22  92  59  76  14   0  11 0.79  0.0    0 16.4 38 180   M    M   1 138    48 190
23  83  61  72  11   0   7 0.00  0.0    0 10.5 21 170   M    M   5        26 150
24  79  53  66   5   0   1 0.00  0.0    0  6.1 15  10   M    M   0 1      22  30
25  77  51  64   4   1   0 0.00  0.0    0  7.9 18 350   M    M   4 12     22  10
26  75  56  66   6   0   1 0.02  0.0    0  5.8 16 160   M    M   6 12     20 160
27  88  54  71  12   0   6 0.00  0.0    0 12.1 20 210   M    M   0 1      24 200
28  90  53  72  13   0   7    T  0.0    0 10.0 23  10   M    M   0 38     29  10
29  61  53  57  -1   8   0 0.13  0.0    0 10.6 23  30   M    M  10 12     29  30
30  65  53  59   1   6   0 0.00  0.0    0 10.1 22 170   M    M   9 12     29 170
================================================================================
SM 2604 1658        33 221  1.03     0.0 304.4          M       52
================================================================================
AV 86.8 55.3                              10.1 FASTST   M    M   2    MAX(MPH)
                                 MISC ---->  # 38 180               # 48  190
================================================================================
NOTES:
# LAST OF SEVERAL OCCURRENCES

COLUMN 17 PEAK WIND IN M.P.H.

PRELIMINARY LOCAL CLIMATOLOGICAL DATA (WS FORM: F-6) , PAGE 2

                                          STATION:  GOODLAND KS
                                          MONTH:    SEPTEMBER
                                          YEAR:     2015
                                          LATITUDE:   39 22 N
                                          LONGITUDE: 101 42 W

[TEMPERATURE DATA]      [PRECIPITATION DATA]       SYMBOLS USED IN COLUMN 16

AVERAGE MONTHLY: 71.0   TOTAL FOR MONTH:   1.03    1 = FOG OR MIST
DPTR FM NORMAL:   6.4   DPTR FM NORMAL:   -0.19    2 = FOG REDUCING VISIBILITY
HIGHEST:    98 ON  3    GRTST 24HR  0.79 ON 22-22      TO 1/4 MILE OR LESS
LOWEST:     35 ON 19                               3 = THUNDER
                        SNOW, ICE PELLETS, HAIL    4 = ICE PELLETS
                        TOTAL MONTH:   0.0 INCH    5 = HAIL
                        GRTST 24HR     0.0         6 = FREEZING RAIN OR DRIZZLE
                        GRTST DEPTH:   0           7 = DUSTSTORM OR SANDSTORM:
                                                       VSBY 1/2 MILE OR LESS
                                                   8 = SMOKE OR HAZE
[NO. OF DAYS WITH]      [WEATHER - DAYS WITH]      9 = BLOWING SNOW
                                                   X = TORNADO
MAX 32 OR BELOW:   0    0.01 INCH OR MORE:   5
MAX 90 OR ABOVE:  15    0.10 INCH OR MORE:   2
MIN 32 OR BELOW:   0    0.50 INCH OR MORE:   1
MIN  0 OR BELOW:   0    1.00 INCH OR MORE:   0

[HDD (BASE 65) ]
TOTAL THIS MO.    33    CLEAR  (SCALE 0-3)  23
DPTR FM NORMAL   -79    PTCLDY (SCALE 4-7)   5
TOTAL FM JUL 1    39    CLOUDY (SCALE 8-10)  2
DPTR FM NORMAL   -85

[CDD (BASE 65) ]
TOTAL THIS MO.   221
DPTR FM NORMAL   121    [PRESSURE DATA]
TOTAL FM JAN 1  1129    HIGHEST SLP M ON M
DPTR FM NORMAL   196    LOWEST  SLP 29.59 ON 15

[REMARKS]
#FINAL-09-15#
