000
CXUS53 KGLD 010800
CF6GLD
PRELIMINARY LOCAL CLIMATOLOGICAL DATA (WS FORM: F-6)

                                          STATION:   GOODLAND KS
                                          MONTH:     SEPTEMBER
                                          YEAR:      2013
                                          LATITUDE:   39 22 N
                                          LONGITUDE: 101 42 W

  TEMPERATURE IN F:       :PCPN:    SNOW:  WIND      :SUNSHINE: SKY     :PK WND
================================================================================
1   2   3   4   5  6A  6B    7    8   9   10  11  12  13   14  15   16   17  18
                                     12Z  AVG MX 2MIN
DY MAX MIN AVG DEP HDD CDD  WTR  SNW DPTH SPD SPD DIR MIN PSBL S-S WX    SPD DR
================================================================================

 1  86  58  72   1   0   7 0.00  0.0    0  8.0 21  50   M    M   0        25  50
 2  89  57  73   3   0   8 0.00  0.0    0 12.4 23 160   M    M   0        30 150
 3  95  64  80  10   0  15 0.00  0.0    0 16.9 29 180   M    M   1        37 180
 4  99  63  81  11   0  16 0.00  0.0    0 12.1 22 150   M    M   0        29 150
 5  99  61  80  11   0  15 0.00  0.0    0 12.3 23 170   M    M   0        30 160
 6 100  70  85  16   0  20 0.00  0.0    0 12.6 21 180   M    M   0        33 170
 7 100  62  81  13   0  16 0.00  0.0    0 10.6 20 190   M    M   0        26 190
 8  98  73  86  18   0  21 0.00  0.0    0 14.0 25 170   M    M   0        33 180
 9  97  67  82  14   0  17 0.00  0.0    0 16.1 29 170   M    M   0        39 190
10  89  57  73   6   0   8 0.01  0.0    0  7.2 35 170   M    M   2        43 170
11  82  59  71   4   0   6 1.23  0.0    0  5.7 29 180   M    M   4 123    33 170
12  65  62  64  -2   1   0 4.11  0.0    0 12.2 21 120   M    M  10 1      25 120
13  64  57  61  -5   4   0 0.79  0.0    0 16.9 25 130   M    M  10 1      31 120
14  83  58  71   5   0   6 0.00  0.0    0 14.9 25 190   M    M   6 1      31 180
15  67  57  62  -3   3   0 0.01  0.0    0 11.4 20  50   M    M  10 1      24  20
16  58  53  56  -8   9   0 0.10  0.0    0 10.2 21 160   M    M  10 1      24 170
17  83  57  70   6   0   5 0.02  0.0    0 11.8 20 180   M    M   4 1      25 180
18  91  61  76  12   0  11 0.00  0.0    0  9.8 18 260   M    M   0 8      23 270
19  73  53  63   0   2   0    T  0.0    0 10.0 25 360   M    M   2        31 350
20  74  49  62  -1   3   0    T  0.0    0  7.8 16 210   M    M   3        21 190
21  83  50  67   5   0   2 0.00  0.0    0 12.0 18 170   M    M   0        23 170
22  88  55  72  10   0   7 0.00  0.0    0 20.0 33 160   M    M   0        43 170
23  70  51  61   0   4   0    T  0.0    0 21.0 47 320   M    M   3 8      58 320
24  77  47  62   1   3   0 0.00  0.0    0  7.9 16 280   M    M   0        21 290
25  88  46  67   7   0   2 0.00  0.0    0 17.7 29 180   M    M   0        36 160
26  83  49  66   6   0   1 0.00  0.0    0  7.3 20 170   M    M   0        26 170
27  75  48  62   3   3   0 0.22  0.0    0   M  28 150   M    M   M 138    43 160
28  68  40  54  -5  11   0 0.00  0.0    0 12.1 25 330   M    M   0        31 290
29  79  46  63   5   2   0 0.00  0.0    0 12.0 22 180   M    M   0        32 180
30  84  41  63   5   2   0 0.00  0.0    0  9.7 21 160   M    M   0        28 150
================================================================================
SM 2487 1671        47 183  6.49     0.0 352.6          M       65
================================================================================
AV 82.9 55.7                              12.2 FASTST   M    M   2    MAX(MPH)
                                 MISC ---->  # 47 320               # 58  320
================================================================================
NOTES:
# LAST OF SEVERAL OCCURRENCES

COLUMN 17 PEAK WIND IN M.P.H.

PRELIMINARY LOCAL CLIMATOLOGICAL DATA (WS FORM: F-6) , PAGE 2

                                          STATION:  GOODLAND KS
                                          MONTH:    SEPTEMBER
                                          YEAR:     2013
                                          LATITUDE:   39 22 N
                                          LONGITUDE: 101 42 W

[TEMPERATURE DATA]      [PRECIPITATION DATA]       SYMBOLS USED IN COLUMN 16

AVERAGE MONTHLY: 69.3   TOTAL FOR MONTH:   6.49    1 = FOG OR MIST
DPTR FM NORMAL:   4.7   DPTR FM NORMAL:    5.27    2 = FOG REDUCING VISIBILITY
HIGHEST:   100 ON  7, 6 GRTST 24HR  4.85 ON 12-13      TO 1/4 MILE OR LESS
LOWEST:     40 ON 28                               3 = THUNDER
                        SNOW, ICE PELLETS, HAIL    4 = ICE PELLETS
                        TOTAL MONTH:   0.0 INCH    5 = HAIL
                        GRTST 24HR     0.0         6 = FREEZING RAIN OR DRIZZLE
                        GRTST DEPTH:   0           7 = DUSTSTORM OR SANDSTORM:
                                                       VSBY 1/2 MILE OR LESS
                                                   8 = SMOKE OR HAZE
[NO. OF DAYS WITH]      [WEATHER - DAYS WITH]      9 = BLOWING SNOW
                                                   X = TORNADO
MAX 32 OR BELOW:   0    0.01 INCH OR MORE:   8
MAX 90 OR ABOVE:   8    0.10 INCH OR MORE:   5
MIN 32 OR BELOW:   0    0.50 INCH OR MORE:   3
MIN  0 OR BELOW:   0    1.00 INCH OR MORE:   2

[HDD (BASE 65) ]
TOTAL THIS MO.    47    CLEAR  (SCALE 0-3)  22
DPTR FM NORMAL   -65    PTCLDY (SCALE 4-7)   3
TOTAL FM JUL 1    54    CLOUDY (SCALE 8-10)  4
DPTR FM NORMAL   -70

[CDD (BASE 65) ]
TOTAL THIS MO.   183
DPTR FM NORMAL    83    [PRESSURE DATA]
TOTAL FM JAN 1  1181    HIGHEST SLP M ON M
DPTR FM NORMAL   248    LOWEST  SLP 29.40 ON 23

[REMARKS]
#FINAL-09-13#
