000
CXUS53 KGLD 010800
CF6GLD
PRELIMINARY LOCAL CLIMATOLOGICAL DATA (WS FORM: F-6)

                                          STATION:   GOODLAND KS
                                          MONTH:     NOVEMBER
                                          YEAR:      2015
                                          LATITUDE:   39 22 N
                                          LONGITUDE: 101 42 W

  TEMPERATURE IN F:       :PCPN:    SNOW:  WIND      :SUNSHINE: SKY     :PK WND
================================================================================
1   2   3   4   5  6A  6B    7    8   9   10  11  12  13   14  15   16   17  18
                                     12Z  AVG MX 2MIN
DY MAX MIN AVG DEP HDD CDD  WTR  SNW DPTH SPD SPD DIR MIN PSBL S-S WX    SPD DR
================================================================================

 1  77  44  61  15   4   0 0.00  0.0    0 10.6 16 200   M    M   0        24 200
 2  76  37  57  12   8   0 0.00  0.0    0  8.8 17 180   M    M   0 8      20 180
 3  81  36  59  14   6   0 0.00  0.0    0 13.5 24 190   M    M   0        30 190
 4  78  43  61  17   4   0 0.15  0.0    0 15.4 32 240   M    M   1 1238   40 240
 5  49  32  41  -3  24   0 0.00  0.0    0 11.1 23 350   M    M   6 12     28 320
 6  50  28  39  -5  26   0    T  0.0    0  7.8 20 360   M    M   7        24  10
 7  54  25  40  -3  25   0 0.00  0.0    0 11.1 18 200   M    M   0        26 210
 8  60  32  46   3  19   0 0.00  0.0    0 16.0 26 180   M    M   0        33 180
 9  58  25  42   0  23   0 0.00  0.0    0  9.8 18 160   M    M   0        22 170
10  65  27  46   4  19   0 0.00  0.0    0  7.4 16 130   M    M   1 12     20 130
11  41  30  36  -5  29   0 0.28  2.7    0 19.0 38 330   M    M   6 12     49 340
12  52  23  38  -3  27   0 0.00  0.0    0  8.8 20 350   M    M   0        24 350
13  60  21  41   1  24   0 0.00  0.0    T  6.0 12 230   M    M   0        14 170
14  67  28  48   8  17   0 0.00  0.0    T  9.2 18 170   M    M   0        23 180
15  62  25  44   5  21   0 0.00  0.0    0 10.7 23 170   M    M   0 1      28 180
16  69  35  52  13  13   0 0.06  0.0    0 14.6 39 250   M    M   4 13     48 250
17  40  29  35  -3  30   0 0.28  4.0    0 29.9 44 350   M    M  10 128    53 360
18  51  27  39   1  26   0 0.00  0.0    4 15.8 30 340   M    M   3        37 340
19  37  20  29  -8  36   0 0.00  0.0    2 10.5 20 180   M    M   0        22 170
20  59  25  42   5  23   0 0.00  0.0    2 16.6 33 360   M    M   4        43 360
21  38  20  29  -7  36   0    T    T    T 11.1 20 180   M    M   4        25 200
22  59  21  40   4  25   0 0.00  0.0    T  8.9 16 230   M    M   0        21 240
23  59  22  41   6  24   0 0.00  0.0    T  7.4 21 190   M    M   0        26 190
24  59  22  41   6  24   0 0.00  0.0    0  4.8 12 120   M    M   0        14 120
25  46  22  34  -1  31   0 0.00  0.0    T 12.3 24  40   M    M   4 1      30 350
26  30  19  25  -9  40   0 0.03  0.2    T 16.3 23  30   M    M  10 16     28  20
27  24  17  21 -13  44   0    T    T    T 11.2 23  10   M    M  10 1      28 350
28  25  21  23 -10  42   0    T    T    T  5.3 10 130   M    M  10 1      13 120
29  33  22  28  -5  37   0    T    T    T  2.7 13 300   M    M  10 1      15 290
30  33  20  27  -6  38   0 0.09  1.3    1 10.3 21 310   M    M   6 18     23 310
================================================================================
SM 1592  798       745   0  0.89     8.2 342.9          M       96
================================================================================
AV 53.1 26.6                              11.4 FASTST   M    M   3    MAX(MPH)
                                 MISC ---->  # 44 350               # 53  360
================================================================================
NOTES:
# LAST OF SEVERAL OCCURRENCES

COLUMN 17 PEAK WIND IN M.P.H.

PRELIMINARY LOCAL CLIMATOLOGICAL DATA (WS FORM: F-6) , PAGE 2

                                          STATION:  GOODLAND KS
                                          MONTH:    NOVEMBER
                                          YEAR:     2015
                                          LATITUDE:   39 22 N
                                          LONGITUDE: 101 42 W

[TEMPERATURE DATA]      [PRECIPITATION DATA]       SYMBOLS USED IN COLUMN 16

AVERAGE MONTHLY: 39.8   TOTAL FOR MONTH:   0.89    1 = FOG OR MIST
DPTR FM NORMAL:   0.8   DPTR FM NORMAL:    0.18    2 = FOG REDUCING VISIBILITY
HIGHEST:    81 ON  3    GRTST 24HR  0.29 ON 16-17      TO 1/4 MILE OR LESS
LOWEST:     17 ON 27                               3 = THUNDER
                        SNOW, ICE PELLETS, HAIL    4 = ICE PELLETS
                        TOTAL MONTH:   8.2 INCHES  5 = HAIL
                        GRTST 24HR   4.0 ON 17-17  6 = FREEZING RAIN OR DRIZZLE
                        GRTST DEPTH:   4 ON 18     7 = DUSTSTORM OR SANDSTORM:
                                                       VSBY 1/2 MILE OR LESS
                                                   8 = SMOKE OR HAZE
[NO. OF DAYS WITH]      [WEATHER - DAYS WITH]      9 = BLOWING SNOW
                                                   X = TORNADO
MAX 32 OR BELOW:   3    0.01 INCH OR MORE:   6
MAX 90 OR ABOVE:   0    0.10 INCH OR MORE:   3
MIN 32 OR BELOW:  25    0.50 INCH OR MORE:   0
MIN  0 OR BELOW:   0    1.00 INCH OR MORE:   0

[HDD (BASE 65) ]
TOTAL THIS MO.   745    CLEAR  (SCALE 0-3)  17
DPTR FM NORMAL   -34    PTCLDY (SCALE 4-7)   8
TOTAL FM JUL 1  1060    CLOUDY (SCALE 8-10)  5
DPTR FM NORMAL  -259

[CDD (BASE 65) ]
TOTAL THIS MO.     0
DPTR FM NORMAL     0    [PRESSURE DATA]
TOTAL FM JAN 1  1145    HIGHEST SLP M ON M
DPTR FM NORMAL   204    LOWEST  SLP 29.29 ON 16

[REMARKS]
#FINAL-11-15#
