000
CXUS53 KGLD 010800
CF6GLD
PRELIMINARY LOCAL CLIMATOLOGICAL DATA (WS FORM: F-6)

                                          STATION:   GOODLAND KS
                                          MONTH:     MARCH
                                          YEAR:      2017
                                          LATITUDE:   39 22 N
                                          LONGITUDE: 101 42 W

  TEMPERATURE IN F:       :PCPN:    SNOW:  WIND      :SUNSHINE: SKY     :PK WND
================================================================================
1   2   3   4   5  6A  6B    7    8   9   10  11  12  13   14  15   16   17  18
                                     12Z  AVG MX 2MIN
DY MAX MIN AVG DEP HDD CDD  WTR  SNW DPTH SPD SPD DIR MIN PSBL S-S WX    SPD DR
================================================================================

 1  49  18  34  -2  31   0 0.00  0.0    0 17.4 39 330   M    M   0        46 330
 2  51  13  32  -4  33   0 0.00  0.0    0  9.2 23 330   M    M   0        29 320
 3  69  20  45   8  20   0 0.00  0.0    M  9.1 20 240   M    M   0        24 210
 4  76  19  48  11  17   0 0.00  0.0    0 11.9 23 180   M    M   0        29 210
 5  77  31  54  17  11   0 0.00  0.0    0 12.4 23 230   M    M   0        30 220
 6  65  22  44   6  21   0 0.00  0.0    0 27.2 45 310   M    M   3 8      57 300
 7  56  19  38   0  27   0 0.00  0.0    0 17.5 41 290   M    M   0        51 280
 8  70  16  43   5  22   0 0.00  0.0    0  7.0 18 220   M    M   0        22 240
 9  73  28  51  12  14   0 0.00  0.0    0 10.6 31  50   M    M   0        38  50
10  41  19  30  -9  35   0    T    T    0 13.5 26 170   M    M   5        31 170
11  48  19  34  -5  31   0 0.02    T    0  8.0 20 190   M    M   3 1      24 190
12  59  26  43   3  22   0 0.00  0.0    0 17.7 40 350   M    M   2        51 350
13  47  22  35  -5  30   0 0.00  0.0    0 10.7 21 360   M    M   7        27 350
14  57  23  40   0  25   0 0.00  0.0    0 11.7 18 150   M    M   3        23 180
15  78  26  52  12  13   0 0.00  0.0    0 11.9 25 200   M    M   0        32 190
16  84  35  60  19   5   0 0.00  0.0    0  8.3 22 320   M    M   0        31 310
17  70  33  52  11  13   0 0.00  0.0    0  5.9 13 330   M    M   0        16  90
18  80  29  55  14  10   0 0.00  0.0    0 15.6 30 190   M    M   0        38 180
19  89  39  64  22   1   0 0.00  0.0    0  8.1 25 320   M    M   0        31 320
20  72  39  56  14   9   0 0.00  0.0    0 10.7 17  90   M    M   0        22  60
21  61  34  48   6  17   0 0.00  0.0    0 13.2 23 120   M    M   2        28 120
22  61  37  49   7  16   0 0.00  0.0    0 19.8 31 160   M    M   5        37 160
23  86  43  65  23   0   0 0.00  0.0    0 21.2 39 190   M    M   2 18     48 180
24  54  33  44   1  21   0 0.68  0.0    0 23.5 41  40   M    M  10 13     54  40
25  60  31  46   3  19   0 0.00  0.0    0  7.8 16 110   M    M   0        19 110
26  47  35  41  -2  24   0 0.05  0.0    0  8.5 15  50   M    M   7 12     17  60
27  66  33  50   6  15   0 0.00  0.0    0  9.8 21 120   M    M   1 1      26 130
28  47  39  43  -1  22   0 0.84  0.0    0 15.0 25 150   M    M  10 1      30 150
29  44  34  39  -5  26   0 0.09  0.0    0 18.4 31 360   M    M   8 1      36 360
30  60  33  47   3  18   0 0.00  0.0    0  9.5 20 120   M    M   5 12     25 110
31  39  36  38  -6  27   0    T    M    0 12.1 18  40   M    M  10 12     23 110
================================================================================
SM 1936  884       595   0  1.68    T    403.2          M       83
================================================================================
AV 62.5 28.5                              13.0 FASTST   M    M   3    MAX(MPH)
                                 MISC ---->  # 45 310               # 57  300
================================================================================
NOTES:
# LAST OF SEVERAL OCCURRENCES

COLUMN 17 PEAK WIND IN M.P.H.

PRELIMINARY LOCAL CLIMATOLOGICAL DATA (WS FORM: F-6) , PAGE 2

                                          STATION:  GOODLAND KS
                                          MONTH:    MARCH
                                          YEAR:     2017
                                          LATITUDE:   39 22 N
                                          LONGITUDE: 101 42 W

[TEMPERATURE DATA]      [PRECIPITATION DATA]       SYMBOLS USED IN COLUMN 16

AVERAGE MONTHLY: 45.5   TOTAL FOR MONTH:   1.68    1 = FOG OR MIST
DPTR FM NORMAL:   5.0   DPTR FM NORMAL:    0.61    2 = FOG REDUCING VISIBILITY
HIGHEST:    89 ON 19    GRTST 24HR  0.84 ON 28-28      TO 1/4 MILE OR LESS
LOWEST:     13 ON  2                               3 = THUNDER
                        SNOW, ICE PELLETS, HAIL    4 = ICE PELLETS
                        TOTAL MONTH:    T          5 = HAIL
                        GRTST 24HR    T  ON 11-11  6 = FREEZING RAIN OR DRIZZLE
                        GRTST DEPTH:   0           7 = DUSTSTORM OR SANDSTORM:
                                                       VSBY 1/2 MILE OR LESS
                                                   8 = SMOKE OR HAZE
[NO. OF DAYS WITH]      [WEATHER - DAYS WITH]      9 = BLOWING SNOW
                                                   X = TORNADO
MAX 32 OR BELOW:   0    0.01 INCH OR MORE:   5
MAX 90 OR ABOVE:   0    0.10 INCH OR MORE:   2
MIN 32 OR BELOW:  17    0.50 INCH OR MORE:   2
MIN  0 OR BELOW:   0    1.00 INCH OR MORE:   0

[HDD (BASE 65) ]
TOTAL THIS MO.   595    CLEAR  (SCALE 0-3)  22
DPTR FM NORMAL  -163    PTCLDY (SCALE 4-7)   5
TOTAL FM JUL 1  4480    CLOUDY (SCALE 8-10)  4
DPTR FM NORMAL  -695

[CDD (BASE 65) ]
TOTAL THIS MO.     0
DPTR FM NORMAL     0    [PRESSURE DATA]
TOTAL FM JAN 1     0    HIGHEST SLP M ON M
DPTR FM NORMAL     0    LOWEST  SLP 29.26 ON  6

[REMARKS]
#FINAL-03-17#
