000
CXUS53 KGLD 010800
CF6GLD
PRELIMINARY LOCAL CLIMATOLOGICAL DATA (WS FORM: F-6)

                                          STATION:   GOODLAND KS
                                          MONTH:     JUNE
                                          YEAR:      2014
                                          LATITUDE:   39 22 N
                                          LONGITUDE: 101 42 W

  TEMPERATURE IN F:       :PCPN:    SNOW:  WIND      :SUNSHINE: SKY     :PK WND
================================================================================
1   2   3   4   5  6A  6B    7    8   9   10  11  12  13   14  15   16   17  18
                                     12Z  AVG MX 2MIN
DY MAX MIN AVG DEP HDD CDD  WTR  SNW DPTH SPD SPD DIR MIN PSBL S-S WX    SPD DR
================================================================================

 1  87  54  71   6   0   6 0.01  0.0    0 14.6 36 180   M    M   1 3      42 180
 2  84  54  69   4   0   4    T  0.0    0  9.5 21 300   M    M   1        26 300
 3  95  59  77  11   0  12 0.00  0.0    0 18.8 35 170   M    M   1 1      43 200
 4  76  58  67   1   0   2 0.12  0.0    0 12.7 32 310   M    M   6 13     38 310
 5  79  60  70   4   0   5 0.84  0.0    0 10.2 32 220   M    M   4 13     44  60
 6  82  51  67   1   0   2 0.55  0.0    0 13.2 58 340   M    M   3 13     72 340
 7  66  50  58  -9   7   0 0.00  0.0    0 10.6 26  10   M    M   7 12     32  10
 8  65  50  58  -9   7   0 0.35  0.0    0 16.4 30 330   M    M  10 13     39 320
 9  59  43  51 -17  14   0 0.93  0.0    0 22.0 39 330   M    M   7 1      50 340
10  80  42  61  -7   4   0 0.00  0.0    0 11.5 20 170   M    M   0 1      26 160
11  87  53  70   2   0   5 0.01  0.0    0 12.4 47 350   M    M   0 13     56 350
12  72  49  61  -8   4   0 0.00  0.0    0  9.1 14 360   M    M   1        19  30
13  84  51  68  -1   0   3 0.00  0.0    0 24.8 39 180   M    M   1        46 180
14  83  52  68  -1   0   3 0.38  0.0    0 19.6 44 350   M    M   1 1358   56 350
15  80  46  63  -7   2   0 0.00  0.0    0 14.4 23 150   M    M   0        29 150
16  92  62  77   7   0  12 0.00  0.0    0 13.2 28 180   M    M   1 1      33 180
17  93  54  74   4   0   9 0.00  0.0    0 10.9 22 220   M    M   1 8      29 190
18  88  57  73   2   0   8    T  0.0    0 12.6 25 350   M    M   0 3      54 340
19  82  51  67  -4   0   2 0.00  0.0    0  9.1 21 350   M    M   0        29 350
20  94  61  78   7   0  13 0.02  0.0    0 13.7 33 180   M    M   0 35     40 190
21  91  59  75   3   0  10 0.69  0.0    0 16.6 51 280   M    M   0 1358   61 290
22  87  59  73   1   0   8 0.11  0.0    0 10.0 35 280   M    M   2 3      47 280
23  80  55  68  -4   0   3 0.06  0.0    0  7.0 16 240   M    M   2 13     20 240
24  73  57  65  -8   0   0 0.60  0.0    0  7.4 25 290   M    M   4 13     34 290
25  83  56  70  -3   0   5 0.00  0.0    0  7.6 22  10   M    M   1 3      27  10
26  85  60  73   0   0   8 0.31  0.0    0 17.9 28 260   M    M   2 138    39 220
27  84  58  71  -2   0   6 0.07  0.0    0 10.7 36 250   M    M   7 13X    51 220
28  83  55  69  -5   0   4 0.00  0.0    0  8.6 17 230   M    M   2        22 240
29  88  58  73  -1   0   8 0.48  0.0    0 10.5 18 190   M    M   2 135    25 220
30  89  62  76   2   0  11    T  0.0    0 13.9 29 350   M    M   1 1      37 340
================================================================================
SM 2471 1636        38 149  5.53     0.0 389.5          M       68
================================================================================
AV 82.4 54.5                              13.0 FASTST   M    M   2    MAX(MPH)
                                 MISC ---->  # 58 340               # 72  340
================================================================================
NOTES:
# LAST OF SEVERAL OCCURRENCES

COLUMN 17 PEAK WIND IN M.P.H.

PRELIMINARY LOCAL CLIMATOLOGICAL DATA (WS FORM: F-6) , PAGE 2

                                          STATION:  GOODLAND KS
                                          MONTH:    JUNE
                                          YEAR:     2014
                                          LATITUDE:   39 22 N
                                          LONGITUDE: 101 42 W

[TEMPERATURE DATA]      [PRECIPITATION DATA]       SYMBOLS USED IN COLUMN 16

AVERAGE MONTHLY: 68.4   TOTAL FOR MONTH:   5.53    1 = FOG OR MIST
DPTR FM NORMAL:  -1.2   DPTR FM NORMAL:    2.28    2 = FOG REDUCING VISIBILITY
HIGHEST:    95 ON  3    GRTST 24HR  1.28 ON  8- 9      TO 1/4 MILE OR LESS
LOWEST:     42 ON 10                               3 = THUNDER
                        SNOW, ICE PELLETS, HAIL    4 = ICE PELLETS
                        TOTAL MONTH:   0.0 INCH    5 = HAIL
                        GRTST 24HR     0.0         6 = FREEZING RAIN OR DRIZZLE
                        GRTST DEPTH:   0           7 = DUSTSTORM OR SANDSTORM:
                                                       VSBY 1/2 MILE OR LESS
                                                   8 = SMOKE OR HAZE
[NO. OF DAYS WITH]      [WEATHER - DAYS WITH]      9 = BLOWING SNOW
                                                   X = TORNADO
MAX 32 OR BELOW:   0    0.01 INCH OR MORE:  16
MAX 90 OR ABOVE:   5    0.10 INCH OR MORE:  11
MIN 32 OR BELOW:   0    0.50 INCH OR MORE:   5
MIN  0 OR BELOW:   0    1.00 INCH OR MORE:   0

[HDD (BASE 65) ]
TOTAL THIS MO.    38    CLEAR  (SCALE 0-3)  23
DPTR FM NORMAL     1    PTCLDY (SCALE 4-7)   6
TOTAL FM JUL 1  5996    CLOUDY (SCALE 8-10)  1
DPTR FM NORMAL    93

[CDD (BASE 65) ]
TOTAL THIS MO.   149
DPTR FM NORMAL   -30    [PRESSURE DATA]
TOTAL FM JAN 1   195    HIGHEST SLP M ON M
DPTR FM NORMAL   -25    LOWEST  SLP 29.41 ON 14

[REMARKS]
#FINAL-06-14#
