000
CXUS53 KGLD 010800
CF6GLD
PRELIMINARY LOCAL CLIMATOLOGICAL DATA (WS FORM: F-6)

                                          STATION:   GOODLAND KS
                                          MONTH:     OCTOBER
                                          YEAR:      2013
                                          LATITUDE:   39 22 N
                                          LONGITUDE: 101 42 W

  TEMPERATURE IN F:       :PCPN:    SNOW:  WIND      :SUNSHINE: SKY     :PK WND
================================================================================
1   2   3   4   5  6A  6B    7    8   9   10  11  12  13   14  15   16   17  18
                                     12Z  AVG MX 2MIN
DY MAX MIN AVG DEP HDD CDD  WTR  SNW DPTH SPD SPD DIR MIN PSBL S-S WX    SPD DR
================================================================================

 1  76  47  62   4   3   0 0.00  0.0    0 10.2 23  50   M    M   0 8      29  30
 2  81  46  64   7   1   0 0.00  0.0    0  3.2 14  30   M    M   0 1      16  30
 3  65  47  56  -1   9   0 0.00  0.0    0 10.4 18 350   M    M   8 18     23 350
 4  54  35  45 -11  20   0    T  0.0    0 24.9 41 320   M    M   5 12     52 310
 5  56  34  45 -11  20   0 0.00  0.0    0 21.6 40 320   M    M   3        48 320
 6  70  38  54  -2  11   0 0.00  0.0    0 16.4 33 330   M    M   0        41 340
 7  79  39  59   4   6   0 0.00  0.0    0 11.8 22 190   M    M   0        26 190
 8  82  45  64   9   1   0 0.00  0.0    0 16.1 29 180   M    M   0        36 180
 9  77  45  61   7   4   0 0.00  0.0    0  8.7 18 300   M    M   0        24 290
10  83  41  62   8   3   0 0.40  0.0    0 17.4 41 160   M    M   2 138    53 160
11  65  40  53  -1  12   0 0.14  0.0    0 11.5 31 320   M    M   2 1      39 320
12  61  42  52  -1  13   0 0.01  0.0    0  6.9 16 160   M    M   4        20 160
13  64  40  52  -1  13   0    T  0.0    0 21.9 35 160   M    M   2        43 150
14  69  38  54   2  11   0 0.25  0.0    0 22.4 39 290   M    M   5 13     47 310
15  50  30  40 -12  25   0 0.00  0.0    0 19.3 31 330   M    M   2        39 330
16  53  28  41 -11  24   0 0.00  0.0    0  9.0 15 230   M    M   2        21 230
17  57  32  45  -7  20   0 0.11    T    0 10.7 18 330   M    M   2        22  10
18  47  31  39 -12  26   0 0.30  4.0    2 10.4 24 300   M    M   5 1      30 300
19  63  32  48  -3  17   0 0.00  0.0    0  9.3 21 320   M    M   0        29 330
20  54  33  44  -6  21   0 0.00  0.0    0 11.6 24 350   M    M   3        30 350
21  60  32  46  -4  19   0    T  0.0    0  9.5 23 320   M    M   4        30 280
22  67  37  52   2  13   0 0.00  0.0    0 11.2 26 320   M    M   5        35 310
23  69  36  53   4  12   0 0.00  0.0    0 10.6 22  10   M    M   0        28 360
24  51  31  41  -8  24   0 0.00  0.0    0  9.2 16 170   M    M   3 1      20 130
25  64  33  49   0  16   0 0.00  0.0    0 12.2 28 190   M    M   0        36 200
26  62  37  50   2  15   0 0.00  0.0    0 10.9 21 360   M    M   0        26  10
27  74  37  56   8   9   0 0.00  0.0    0  9.5 20 210   M    M   0        24 220
28  44  33  39  -8  26   0 0.02  0.0    0 11.8 22  50   M    M   7 18     26  50
29  43  35  39  -8  26   0    T  0.0    0  8.1 15  20   M    M  10 12     17  20
30  57  35  46  -1  19   0 0.01  0.0    0  4.9 15 290   M    M   5 1      18 290
31  59  34  47   1  18   0    T  0.0    0 15.0 37 310   M    M   2 8      44 310
================================================================================
SM 1956 1143       457   0  1.24     4.0 386.6          M       81
================================================================================
AV 63.1 36.9                              12.5 FASTST   M    M   3    MAX(MPH)
                                 MISC ---->  # 41 320               # 53  160
================================================================================
NOTES:
# LAST OF SEVERAL OCCURRENCES

COLUMN 17 PEAK WIND IN M.P.H.

PRELIMINARY LOCAL CLIMATOLOGICAL DATA (WS FORM: F-6) , PAGE 2

                                          STATION:  GOODLAND KS
                                          MONTH:    OCTOBER
                                          YEAR:     2013
                                          LATITUDE:   39 22 N
                                          LONGITUDE: 101 42 W

[TEMPERATURE DATA]      [PRECIPITATION DATA]       SYMBOLS USED IN COLUMN 16

AVERAGE MONTHLY: 50.0   TOTAL FOR MONTH:   1.24    1 = FOG OR MIST
DPTR FM NORMAL:  -1.9   DPTR FM NORMAL:   -0.13    2 = FOG REDUCING VISIBILITY
HIGHEST:    83 ON 10    GRTST 24HR  0.41 ON 17-18      TO 1/4 MILE OR LESS
LOWEST:     28 ON 16                               3 = THUNDER
                        SNOW, ICE PELLETS, HAIL    4 = ICE PELLETS
                        TOTAL MONTH:   4.0 INCHES  5 = HAIL
                        GRTST 24HR   4.0 ON 18-18  6 = FREEZING RAIN OR DRIZZLE
                        GRTST DEPTH:   2 ON 18     7 = DUSTSTORM OR SANDSTORM:
                                                       VSBY 1/2 MILE OR LESS
                                                   8 = SMOKE OR HAZE
[NO. OF DAYS WITH]      [WEATHER - DAYS WITH]      9 = BLOWING SNOW
                                                   X = TORNADO
MAX 32 OR BELOW:   0    0.01 INCH OR MORE:   8
MAX 90 OR ABOVE:   0    0.10 INCH OR MORE:   5
MIN 32 OR BELOW:   7    0.50 INCH OR MORE:   0
MIN  0 OR BELOW:   0    1.00 INCH OR MORE:   0

[HDD (BASE 65) ]
TOTAL THIS MO.   457    CLEAR  (SCALE 0-3)  19
DPTR FM NORMAL    41    PTCLDY (SCALE 4-7)  11
TOTAL FM JUL 1   511    CLOUDY (SCALE 8-10)  1
DPTR FM NORMAL   -29

[CDD (BASE 65) ]
TOTAL THIS MO.     0
DPTR FM NORMAL    -8    [PRESSURE DATA]
TOTAL FM JAN 1  1181    HIGHEST SLP M ON M
DPTR FM NORMAL   240    LOWEST  SLP 29.45 ON 10

[REMARKS]
#FINAL-10-13#
