000
CXUS53 KGLD 220800
CF6GLD
PRELIMINARY LOCAL CLIMATOLOGICAL DATA (WS FORM: F-6)

                                          STATION:   GOODLAND KS
                                          MONTH:     AUGUST
                                          YEAR:      2014
                                          LATITUDE:   39 22 N
                                          LONGITUDE: 101 42 W

  TEMPERATURE IN F:       :PCPN:    SNOW:  WIND      :SUNSHINE: SKY     :PK WND
================================================================================
1   2   3   4   5  6A  6B    7    8   9   10  11  12  13   14  15   16   17  18
                                     12Z  AVG MX 2MIN
DY MAX MIN AVG DEP HDD CDD  WTR  SNW DPTH SPD SPD DIR MIN PSBL S-S WX    SPD DR
================================================================================

 1  90  54  72  -4   0   7 0.00  0.0    0  7.7 16  50   M    M   1        19  50
 2  91  56  74  -1   0   9 0.00  0.0    0  9.4 18 210   M    M   0        24 210
 3  92  63  78   3   0  13 0.00  0.0    0 11.9 20 190   M    M   0        26 210
 4  93  65  79   4   0  14 0.00  0.0    0 14.4 24 160   M    M   1        33 200
 5  86  66  76   1   0  11 0.05  0.0    0 11.2 25 250   M    M   4 3      32 250
 6  93  63  78   3   0  13 0.00  0.0    0  8.0 18  40   M    M   0        25  30
 7  89  58  74  -1   0   9 0.21  0.0    0  7.4 32 340   M    M   2 138    40 330
 8  87  60  74  -1   0   9    T  0.0    0  5.6 24  20   M    M   1        30  10
 9  93  60  77   2   0  12 0.73  0.0    0  7.4 43 330   M    M   1 123    49 330
10  84  57  71  -4   0   6 0.00  0.0    0  9.0 21 360   M    M   1        26 360
11  86  56  71  -4   0   6 0.00  0.0    0  4.6 12 170   M    M   1        14  60
12  92  58  75   0   0  10 0.00  0.0    0  9.9 17 160   M    M   1        23 160
13  93  58  76   2   0  11 0.00  0.0    0 12.5 24 130   M    M   0        30 130
14  95  63  79   5   0  14 0.21  0.0    0 12.3 25 320   M    M   1 138    35 320
15  92  62  77   3   0  12    T  0.0    0  8.6 22 350   M    M   0 13     26 360
16  96  61  79   5   0  14 0.00  0.0    0  8.0 17 160   M    M   1        22 150
17  97  57  77   3   0  12 0.00  0.0    0 10.1 21 210   M    M   0        28 220
18  98  59  79   5   0  14    T  0.0    0  9.8 29  40   M    M   0 3      36  40
19  96  62  79   5   0  14 0.00  0.0    0 10.2 28 150   M    M   0        37 150
20  97  64  81   8   0  16 0.00  0.0    0  8.4 21 310   M    M   1 3      25 310
21  95  63  79   6   0  14 0.00  0.0    0  7.8 16 340   M    M   0        20 340
================================================================================
SM 1935 1265         0 240  1.20     0.0 194.2          M       16
================================================================================
AV 92.1 60.2                               9.2 FASTST   M    M   1    MAX(MPH)
                                 MISC ---->  # 43 330               # 49  330
================================================================================
NOTES:
# LAST OF SEVERAL OCCURRENCES

COLUMN 17 PEAK WIND IN M.P.H.

PRELIMINARY LOCAL CLIMATOLOGICAL DATA (WS FORM: F-6) , PAGE 2

                                          STATION:  GOODLAND KS
                                          MONTH:    AUGUST
                                          YEAR:     2014
                                          LATITUDE:   39 22 N
                                          LONGITUDE: 101 42 W

[TEMPERATURE DATA]      [PRECIPITATION DATA]       SYMBOLS USED IN COLUMN 16

AVERAGE MONTHLY: 76.2   TOTAL FOR MONTH:   1.20    1 = FOG OR MIST
DPTR FM NORMAL:   1.7   DPTR FM NORMAL:   -0.82    2 = FOG REDUCING VISIBILITY
HIGHEST:    98 ON 18    GRTST 24HR  0.73 ON  9- 9      TO 1/4 MILE OR LESS
LOWEST:     54 ON  1                               3 = THUNDER
                        SNOW, ICE PELLETS, HAIL    4 = ICE PELLETS
                        TOTAL MONTH:   0.0 INCH    5 = HAIL
                        GRTST 24HR     0.0         6 = FREEZING RAIN OR DRIZZLE
                        GRTST DEPTH:   0           7 = DUSTSTORM OR SANDSTORM:
                                                       VSBY 1/2 MILE OR LESS
                                                   8 = SMOKE OR HAZE
[NO. OF DAYS WITH]      [WEATHER - DAYS WITH]      9 = BLOWING SNOW
                                                   X = TORNADO
MAX 32 OR BELOW:   0    0.01 INCH OR MORE:   4
MAX 90 OR ABOVE:  16    0.10 INCH OR MORE:   3
MIN 32 OR BELOW:   0    0.50 INCH OR MORE:   1
MIN  0 OR BELOW:   0    1.00 INCH OR MORE:   0

[HDD (BASE 65) ]
TOTAL THIS MO.     0    CLEAR  (SCALE 0-3)  20
DPTR FM NORMAL     0    PTCLDY (SCALE 4-7)   1
TOTAL FM JUL 1    13    CLOUDY (SCALE 8-10)  0
DPTR FM NORMAL     9

[CDD (BASE 65) ]
TOTAL THIS MO.   240
DPTR FM NORMAL    37    [PRESSURE DATA]
TOTAL FM JAN 1   738    HIGHEST SLP M ON M
DPTR FM NORMAL   -19    LOWEST  SLP 29.61 ON M

[REMARKS]
