000
CDUS43 KGLD 300740
CLIGLD

CLIMATE REPORT
NATIONAL WEATHER SERVICE GOODLAND
138 AM MDT WED JUL 30 2014

...................................

...THE GOODLAND KS CLIMATE SUMMARY FOR JULY 29 2014...

CLIMATE NORMAL PERIOD 1981 TO 2010
CLIMATE RECORD PERIOD 1895 TO 2014

WEATHER ITEM   OBSERVED TIME   RECORD YEAR NORMAL DEPARTURE LAST
                VALUE   (LST)  VALUE       VALUE  FROM      YEAR
                                                  NORMAL
..................................................................
TEMPERATURE (F)
 YESTERDAY
  MAXIMUM         87    137 PM 104    1947  90     -3       79
  MINIMUM         59    517 AM  48    1971  62     -3       62
  AVERAGE         73                        76     -3       71

PRECIPITATION (IN)
  YESTERDAY        0.24          2.14 1936   0.12   0.12     0.01
  MONTH TO DATE    2.05                      3.25  -1.20     0.45
  SINCE JUN 1      7.58                      6.50   1.08     3.49
  SINCE JAN 1     11.12                     12.98  -1.86     7.85

SNOWFALL (IN)
  YESTERDAY        0.0                       0.0    0.0      0.0
  MONTH TO DATE    0.0                       0.0    0.0      0.0
  SINCE JUN 1      0.0                       0.0    0.0      0.0
  SINCE JUL 1      0.0                       0.0    0.0      0.0
  SNOW DEPTH       0

DEGREE DAYS
 HEATING
  YESTERDAY        0                         0      0        0
  MONTH TO DATE   13                         0     13        7
  SINCE JUN 1     51                        37     14       38
  SINCE JUL 1     13                         0     13        7

 COOLING
  YESTERDAY        8                        11     -3        6
  MONTH TO DATE  299                       312    -13      301
  SINCE JUN 1    448                       491    -43      558
  SINCE JAN 1    494                       532    -38      647
..................................................................

WIND (MPH)
  HIGHEST WIND SPEED    18   HIGHEST WIND DIRECTION    SE (150)
  HIGHEST GUST SPEED    26   HIGHEST GUST DIRECTION     S (160)
  AVERAGE WIND SPEED    10.6

SKY COVER
  AVERAGE SKY COVER 0.3

WEATHER CONDITIONS
THE FOLLOWING WEATHER WAS RECORDED YESTERDAY.
  THUNDERSTORM
  RAIN
  LIGHT RAIN
  FOG

RELATIVE HUMIDITY (PERCENT)
 HIGHEST    93
 LOWEST     42
 AVERAGE    68

..........................................................

THE GOODLAND KS CLIMATE NORMALS FOR TODAY
                         NORMAL    RECORD    YEAR
 MAXIMUM TEMPERATURE (F)   89       106      1935
 MINIMUM TEMPERATURE (F)   62        43      1971

SUNRISE AND SUNSET
JULY 30 2014..........SUNRISE   545 AM MDT   SUNSET   801 PM MDT
JULY 31 2014..........SUNRISE   546 AM MDT   SUNSET   800 PM MDT


-  INDICATES NEGATIVE NUMBERS.
R  INDICATES RECORD WAS SET OR TIED.
MM INDICATES DATA IS MISSING.
T  INDICATES TRACE AMOUNT.

&&

THE AVERAGE SOIL TEMPERATURE AT THE FOUR INCH DEPTH... 75

$$
