000
CDUS43 KGLD 050740
CLIGLD

CLIMATE REPORT
NATIONAL WEATHER SERVICE GOODLAND
138 AM MDT THU MAY 5 2016

...................................

...THE GOODLAND KS CLIMATE SUMMARY FOR MAY 4 2016...

CLIMATE NORMAL PERIOD 1981 TO 2010
CLIMATE RECORD PERIOD 1895 TO 2016

WEATHER ITEM   OBSERVED TIME   RECORD YEAR NORMAL DEPARTURE LAST
                VALUE   (LST)  VALUE       VALUE  FROM      YEAR
                                                  NORMAL
..................................................................
TEMPERATURE (F)
 YESTERDAY
  MAXIMUM         77    240 PM  91    2012  69      8       66
                                      1986
                                      1965
  MINIMUM         41    453 AM  23    1907  41      0       49
  AVERAGE         59                        55      4       58

PRECIPITATION (IN)
  YESTERDAY        0.00          1.49 2001   0.08  -0.08     0.01
  MONTH TO DATE    0.02                      0.30  -0.28     0.06
  SINCE MAR 1      4.56                      2.96   1.60     5.01
  SINCE JAN 1      5.42                      3.83   1.59     6.09

SNOWFALL (IN)
  YESTERDAY        0.0                       0.1   -0.1      0.0
  MONTH TO DATE    T                         0.2   -0.2      0.0
  SINCE MAR 1      6.7                      11.2   -4.5      2.6
  SINCE JUL 1     30.1                      35.2   -5.1     24.7
  SNOW DEPTH       0

DEGREE DAYS
 HEATING
  YESTERDAY        6                        10     -4        7
  MONTH TO DATE   60                        42     18        9
  SINCE MAR 1   1100                      1280   -180      970
  SINCE JUL 1   4946                      5697   -751     5185

 COOLING
  YESTERDAY        0                         1     -1        0
  MONTH TO DATE    0                         2     -2        2
  SINCE MAR 1      0                         6     -6        2
  SINCE JAN 1      0                         6     -6        2
..................................................................

WIND (MPH)
  HIGHEST WIND SPEED    14   HIGHEST WIND DIRECTION     N (20)
  HIGHEST GUST SPEED    19   HIGHEST GUST DIRECTION    NW (330)
  AVERAGE WIND SPEED     8.7


SKY COVER
  AVERAGE SKY COVER 0.0


WEATHER CONDITIONS
 THE FOLLOWING WEATHER WAS RECORDED YESTERDAY.
  NO SIGNIFICANT WEATHER WAS OBSERVED.


RELATIVE HUMIDITY (PERCENT)
 HIGHEST    76
 LOWEST     25
 AVERAGE    51

..........................................................


THE GOODLAND KS CLIMATE NORMALS FOR TODAY
                         NORMAL    RECORD    YEAR
 MAXIMUM TEMPERATURE (F)   70        94      1936
 MINIMUM TEMPERATURE (F)   42        25      2013
                                             1944


SUNRISE AND SUNSET
MAY  5 2016...........SUNRISE   543 AM MDT   SUNSET   745 PM MDT
MAY  6 2016...........SUNRISE   542 AM MDT   SUNSET   746 PM MDT


-  INDICATES NEGATIVE NUMBERS.
R  INDICATES RECORD WAS SET OR TIED.
MM INDICATES DATA IS MISSING.
T  INDICATES TRACE AMOUNT.

&&

THE AVERAGE SOIL TEMPERATURE AT THE FOUR INCH DEPTH... 53

$$
