000
CDUS43 KGLD 200737
CLIGLD

CLIMATE REPORT
NATIONAL WEATHER SERVICE GOODLAND
1236 AM MST MON NOV 20 2017

...................................

...THE GOODLAND KS CLIMATE SUMMARY FOR NOVEMBER 19 2017...

CLIMATE NORMAL PERIOD 1981 TO 2010
CLIMATE RECORD PERIOD 1895 TO 2017

WEATHER ITEM   OBSERVED TIME   RECORD YEAR NORMAL DEPARTURE LAST
                VALUE   (LST)  VALUE       VALUE  FROM      YEAR
                                                  NORMAL
..................................................................
TEMPERATURE (F)
 YESTERDAY
  MAXIMUM         61    256 PM  80    2007  51     10       48
                                      1996
  MINIMUM         21   1204 AM   4    1937  24     -3       13
  AVERAGE         41                        37      4       31

PRECIPITATION (IN)
  YESTERDAY        0.00          1.14 1975   0.02  -0.02     0.00
  MONTH TO DATE    0.03                      0.50  -0.47     0.10
  SINCE SEP 1      4.32                      3.09   1.23     2.63
  SINCE JAN 1     26.28                     18.99   7.29    16.67

SNOWFALL (IN)
  YESTERDAY        0.0                       0.2   -0.2      0.0
  MONTH TO DATE    0.0                       2.7   -2.7      0.6
  SINCE SEP 1      0.1                       5.3   -5.2      0.6
  SINCE JUL 1      0.1                       5.3   -5.2      0.6
  SNOW DEPTH       0

DEGREE DAYS
 HEATING
  YESTERDAY       24                        28     -4       34
  MONTH TO DATE  457                       444     13      297
  SINCE SEP 1    968                       972     -4      575
  SINCE JUL 1    968                       984    -16      582

 COOLING
  YESTERDAY        0                         0      0        0
  MONTH TO DATE    0                         0      0        0
  SINCE SEP 1    140                       108     32      154
  SINCE JAN 1    959                       941     18     1103
..................................................................

WIND (MPH)
  HIGHEST WIND SPEED    18   HIGHEST WIND DIRECTION    SW (210)
  HIGHEST GUST SPEED    23   HIGHEST GUST DIRECTION    SW (220)
  AVERAGE WIND SPEED    10.9


SKY COVER
  AVERAGE SKY COVER 0.0


WEATHER CONDITIONS
 THE FOLLOWING WEATHER WAS RECORDED YESTERDAY.
  NO SIGNIFICANT WEATHER WAS OBSERVED.


RELATIVE HUMIDITY (PERCENT)
 HIGHEST    68
 LOWEST     14
 AVERAGE    41

..........................................................


THE GOODLAND KS CLIMATE NORMALS FOR TODAY
                         NORMAL    RECORD    YEAR
 MAXIMUM TEMPERATURE (F)   50        75      1955
 MINIMUM TEMPERATURE (F)   24         4      1929


SUNRISE AND SUNSET
NOVEMBER 20 2017......SUNRISE   636 AM MST   SUNSET   428 PM MST
NOVEMBER 21 2017......SUNRISE   637 AM MST   SUNSET   428 PM MST


-  INDICATES NEGATIVE NUMBERS.
R  INDICATES RECORD WAS SET OR TIED.
MM INDICATES DATA IS MISSING.
T  INDICATES TRACE AMOUNT.

&&

THE AVERAGE SOIL TEMPERATURE AT THE FOUR INCH DEPTH... 45
THE CURRENT DEPTH OF FROST... 00 INCHES

$$
