890
CDUS43 KGLD 080816
CLIGLD

CLIMATE REPORT
NATIONAL WEATHER SERVICE GOODLAND
103 AM MST MON FEB 8 2016

...................................

...THE GOODLAND KS CLIMATE SUMMARY FOR FEBRUARY 7 2016...

CLIMATE NORMAL PERIOD 1981 TO 2010
CLIMATE RECORD PERIOD 1895 TO 2016

WEATHER ITEM   OBSERVED TIME   RECORD YEAR NORMAL DEPARTURE LAST
                VALUE   (LST)  VALUE       VALUE  FROM      YEAR
                                                  NORMAL
..................................................................
TEMPERATURE (F)
 YESTERDAY
  MAXIMUM         37    213 PM  79    2015  43     -6       79
  MINIMUM         24    717 AM -16    1933  18      6       40
  AVERAGE         31                        31      0       60

PRECIPITATION (IN)
  YESTERDAY        0.00          0.29 1980   0.02  -0.02     0.00
  MONTH TO DATE    0.81                      0.11   0.70      T
  SINCE DEC 1      1.01                      0.95   0.06     1.74
  SINCE JAN 1      0.85                      0.49   0.36     0.28

SNOWFALL (IN)
  YESTERDAY        0.0                       0.2   -0.2      0.0
  MONTH TO DATE   13.3                       1.5   11.8       T
  SINCE DEC 1     15.2                      12.9    2.3     12.1
  SINCE JUL 1     23.4                      20.1    3.3     12.3
  SNOW DEPTH       8

DEGREE DAYS
 HEATING
  YESTERDAY       34                        34      0        5
  MONTH TO DATE  281                       244     37      182
  SINCE DEC 1   2282                      2428   -146     2257
  SINCE JUL 1   3342                      3747   -405     3512

 COOLING
  YESTERDAY        0                         0      0        0
  MONTH TO DATE    0                         0      0        0
  SINCE DEC 1      0                         0      0        0
  SINCE JAN 1      0                         0      0        0
..................................................................

WIND (MPH)
  HIGHEST WIND SPEED    30   HIGHEST WIND DIRECTION     N (340)
  HIGHEST GUST SPEED    39   HIGHEST GUST DIRECTION     N (340)
  AVERAGE WIND SPEED    18.4


SKY COVER
  AVERAGE SKY COVER 0.4


WEATHER CONDITIONS
 THE FOLLOWING WEATHER WAS RECORDED YESTERDAY.
  NO SIGNIFICANT WEATHER WAS OBSERVED.


RELATIVE HUMIDITY (PERCENT)
 HIGHEST    78
 LOWEST     48
 AVERAGE    63

..........................................................


THE GOODLAND KS CLIMATE NORMALS FOR TODAY
                         NORMAL    RECORD    YEAR
 MAXIMUM TEMPERATURE (F)   44        76      1943
 MINIMUM TEMPERATURE (F)   18       -22      1936


SUNRISE AND SUNSET
FEBRUARY  8 2016......SUNRISE   647 AM MST   SUNSET   515 PM MST
FEBRUARY  9 2016......SUNRISE   646 AM MST   SUNSET   516 PM MST


-  INDICATES NEGATIVE NUMBERS.
R  INDICATES RECORD WAS SET OR TIED.
MM INDICATES DATA IS MISSING.
T  INDICATES TRACE AMOUNT.

&&

THE AVERAGE SOIL TEMPERATURE AT THE FOUR INCH DEPTH... 32
THE CURRENT DEPTH OF FROST... 4 INCHES

$$
