000
CDUS43 KGLD 010741
CLIGLD

CLIMATE REPORT
NATIONAL WEATHER SERVICE GOODLAND
138 AM MDT SAT AUG 1 2015

...................................

...THE GOODLAND KS CLIMATE SUMMARY FOR JULY 31 2015...

CLIMATE NORMAL PERIOD 1981 TO 2010
CLIMATE RECORD PERIOD 1895 TO 2015

WEATHER ITEM   OBSERVED TIME   RECORD YEAR NORMAL DEPARTURE LAST
                VALUE   (LST)  VALUE       VALUE  FROM      YEAR
                                                  NORMAL
..................................................................
TEMPERATURE (F)
 YESTERDAY
  MAXIMUM         90    354 PM 105    2002  89      1       84
  MINIMUM         57    505 AM  43    1925  62     -5       54
  AVERAGE         74                        76     -2       69

PRECIPITATION (IN)
  YESTERDAY        0.00          2.17 1939   0.11  -0.11     0.00
  MONTH TO DATE    2.28                      3.47  -1.19     2.07
  SINCE JUN 1      4.59                      6.72  -2.13     7.60
  SINCE JAN 1     16.38                     13.20   3.18    11.14

SNOWFALL (IN)
  YESTERDAY        0.0                       0.0    0.0      0.0
  MONTH TO DATE    0.0                       0.0    0.0      0.0
  SINCE JUN 1      0.0                       0.0    0.0      0.0
  SINCE JUL 1      0.0                       0.0    0.0      0.0
  SNOW DEPTH       0

DEGREE DAYS
 HEATING
  YESTERDAY        0                         0      0        0
  MONTH TO DATE    1                         0      1       13
  SINCE JUN 1      6                        41    -35       51
  SINCE JUL 1      1                         4     -3       13

 COOLING
  YESTERDAY        9                        11     -2        4
  MONTH TO DATE  343                       334      9      303
  SINCE JUN 1    585                       513     72      452
  SINCE JAN 1    591                       554     37      498
..................................................................

WIND (MPH)
  HIGHEST WIND SPEED    15   HIGHEST WIND DIRECTION    SW (210)
  HIGHEST GUST SPEED    21   HIGHEST GUST DIRECTION    SW (210)
  AVERAGE WIND SPEED     8.7


SKY COVER
  AVERAGE SKY COVER 0.1


WEATHER CONDITIONS
 THE FOLLOWING WEATHER WAS RECORDED YESTERDAY.
  FOG
  FOG W/VISIBILITY <= 1/4 MILE


RELATIVE HUMIDITY (PERCENT)
 HIGHEST   100
 LOWEST     32
 AVERAGE    66

..........................................................


THE GOODLAND KS CLIMATE NORMALS FOR TODAY
                         NORMAL    RECORD    YEAR
 MAXIMUM TEMPERATURE (F)   89       107      1938
 MINIMUM TEMPERATURE (F)   62        45      1995


SUNRISE AND SUNSET
AUGUST  1 2015........SUNRISE   546 AM MDT   SUNSET   759 PM MDT
AUGUST  2 2015........SUNRISE   547 AM MDT   SUNSET   758 PM MDT


-  INDICATES NEGATIVE NUMBERS.
R  INDICATES RECORD WAS SET OR TIED.
MM INDICATES DATA IS MISSING.
T  INDICATES TRACE AMOUNT.

&&

THE AVERAGE SOIL TEMPERATURE AT THE FOUR INCH DEPTH... 77

$$
