000
CDUS43 KGLD 310758
CLIGLD

CLIMATE REPORT
NATIONAL WEATHER SERVICE GOODLAND
156 AM MDT MON AUG 31 2015

...................................

...THE GOODLAND KS CLIMATE SUMMARY FOR AUGUST 30 2015...

CLIMATE NORMAL PERIOD 1981 TO 2010
CLIMATE RECORD PERIOD 1895 TO 2015

WEATHER ITEM   OBSERVED TIME   RECORD YEAR NORMAL DEPARTURE LAST
                VALUE   (LST)  VALUE       VALUE  FROM      YEAR
                                                  NORMAL
..................................................................
TEMPERATURE (F)
 YESTERDAY
  MAXIMUM         92    228 PM 104    1990  85      7       89
  MINIMUM         60    425 AM  42    1964  57      3       55
                                      1915
  AVERAGE         76                        71      5       72

PRECIPITATION (IN)
  YESTERDAY        0.00          0.58 1971   0.06  -0.06      T
  MONTH TO DATE    0.33                      2.63  -2.30     2.75
  SINCE JUN 1      4.92                      9.35  -4.43    10.35
  SINCE JAN 1     16.71                     15.83   0.88    13.89

SNOWFALL (IN)
  YESTERDAY        0.0                       0.0    0.0      0.0
  MONTH TO DATE    0.0                       0.0    0.0      0.0
  SINCE JUN 1      0.0                       0.0    0.0      0.0
  SINCE JUL 1      0.0                       0.0    0.0      0.0
  SNOW DEPTH       0

DEGREE DAYS
 HEATING
  YESTERDAY        0                         1     -1        0
  MONTH TO DATE    5                         4      1        0
  SINCE JUN 1     11                        45    -34       51
  SINCE JUL 1      6                         8     -2       13

 COOLING
  YESTERDAY       11                         7      4        7
  MONTH TO DATE  305                       271     34      300
  SINCE JUN 1    890                       784    106      752
  SINCE JAN 1    896                       825     71      798
..................................................................

WIND (MPH)
  HIGHEST WIND SPEED    25   HIGHEST WIND DIRECTION     S (180)
  HIGHEST GUST SPEED    31   HIGHEST GUST DIRECTION     S (190)
  AVERAGE WIND SPEED    15.0

SKY COVER
  AVERAGE SKY COVER 0.1

WEATHER CONDITIONS
 THE FOLLOWING WEATHER WAS RECORDED YESTERDAY.
  HAZE

RELATIVE HUMIDITY (PERCENT)
 HIGHEST    60
 LOWEST     16
 AVERAGE    38

..........................................................

THE GOODLAND KS CLIMATE NORMALS FOR TODAY
                         NORMAL    RECORD    YEAR
 MAXIMUM TEMPERATURE (F)   85       102      1985
                                             1926
 MINIMUM TEMPERATURE (F)   57        39      1944

SUNRISE AND SUNSET
AUGUST 31 2015........SUNRISE   614 AM MDT   SUNSET   719 PM MDT
SEPTEMBER  1 2015.....SUNRISE   615 AM MDT   SUNSET   718 PM MDT

-  INDICATES NEGATIVE NUMBERS.
R  INDICATES RECORD WAS SET OR TIED.
MM INDICATES DATA IS MISSING.
T  INDICATES TRACE AMOUNT.

&&

THE AVERAGE SOIL TEMPERATURE AT THE FOUR INCH DEPTH... 78

$$
