000
CDUS43 KGLD 250044 RRA
CLIGLD

CLIMATE REPORT
NATIONAL WEATHER SERVICE GOODLAND
642 PM MDT TUE MAR 24 2015

...................................

...THE GOODLAND KS CLIMATE SUMMARY FOR MARCH 24 2015...
VALID TODAY AS OF 0600 PM LOCAL TIME.

CLIMATE NORMAL PERIOD 1981 TO 2010
CLIMATE RECORD PERIOD 1895 TO 2015

WEATHER ITEM   OBSERVED TIME   RECORD YEAR NORMAL DEPARTURE LAST
                VALUE   (LST)  VALUE       VALUE  FROM      YEAR
                                                  NORMAL
..................................................................
TEMPERATURE (F)
 TODAY
  MAXIMUM         65    422 PM  85    1907  57      8       45
  MINIMUM         28    405 AM   1    1965  28      0       18
  AVERAGE         47                        43      4       32

PRECIPITATION (IN)
  TODAY            T             0.98 1937   0.03  -0.03     0.00
  MONTH TO DATE    0.05                      0.77  -0.72     0.35
  SINCE MAR 1      0.05                      0.77  -0.72     0.35
  SINCE JAN 1      1.13                      1.64  -0.51     1.29

SNOWFALL (IN)
  TODAY            0.0                       0.2   -0.2      0.0
  MONTH TO DATE    0.6                       5.0   -4.4      3.5
  SINCE MAR 1      0.6                       5.0   -4.4      3.5
  SINCE JUL 1     22.7                      29.0   -6.3     28.7
  SNOW DEPTH       0

DEGREE DAYS
 HEATING
  TODAY           18                        22     -4       33
  MONTH TO DATE  469                       610   -141      637
  SINCE MAR 1    469                       610   -141      637
  SINCE JUL 1   4684                      5027   -343     5181

 COOLING
  TODAY            0                         0      0        0
  MONTH TO DATE    0                         0      0        0
  SINCE MAR 1      0                         0      0        0
  SINCE JAN 1      0                         0      0        0
..................................................................

WIND (MPH)
  HIGHEST WIND SPEED    36   HIGHEST WIND DIRECTION    NW (330)
  HIGHEST GUST SPEED    42   HIGHEST GUST DIRECTION    NW (330)
  AVERAGE WIND SPEED    16.0


SKY COVER
  AVERAGE SKY COVER 0.2


WEATHER CONDITIONS
 THE FOLLOWING WEATHER WAS RECORDED TODAY.
  NO SIGNIFICANT WEATHER WAS OBSERVED.


RELATIVE HUMIDITY (PERCENT)
 HIGHEST    85           200 AM
 LOWEST     11           300 PM
 AVERAGE    48

..........................................................


THE GOODLAND KS CLIMATE NORMALS FOR TOMORROW
                         NORMAL    RECORD    YEAR
 MAXIMUM TEMPERATURE (F)   57        85      1907
 MINIMUM TEMPERATURE (F)   29        -6      1965


SUNRISE AND SUNSET
MARCH 24 2015.........SUNRISE   644 AM MDT   SUNSET   703 PM MDT
MARCH 25 2015.........SUNRISE   643 AM MDT   SUNSET   704 PM MDT


-  INDICATES NEGATIVE NUMBERS.
R  INDICATES RECORD WAS SET OR TIED.
MM INDICATES DATA IS MISSING.
T  INDICATES TRACE AMOUNT.

&&

THE AVERAGE SOIL TEMPERATURE AT THE FOUR INCH DEPTH... 50
THE CURRENT DEPTH OF FROST... 0 INCHES

$$
