000
CDUS43 KGLD 250746
CLIGLD

CLIMATE REPORT NATIONAL WEATHER SERVICE GOODLAND

145 AM MDT SAT OCT 25 2014

...................................

...THE GOODLAND KS CLIMATE SUMMARY FOR OCTOBER 24 2014...

CLIMATE NORMAL PERIOD 1981 TO 2010
CLIMATE RECORD PERIOD 1895 TO 2014

WEATHER ITEM   OBSERVED TIME   RECORD YEAR NORMAL DEPARTURE LAST
                VALUE   (LST)  VALUE       VALUE  FROM      YEAR
                                                  NORMAL
..................................................................
TEMPERATURE (F)
 YESTERDAY
  MAXIMUM         89R   153 PM  88    1915  63     26       51
  MINIMUM         42   1157 PM  20    1975  35      7       31
                                      1945
  AVERAGE         66                        49     17       41

PRECIPITATION (IN)
  YESTERDAY        0.00          1.63 1918   0.04  -0.04     0.00
  MONTH TO DATE    0.44                      1.12  -0.68     1.21
  SINCE SEP 1      2.49                      2.34   0.15     7.70
  SINCE JAN 1     16.39                     18.24  -1.85    16.49

SNOWFALL (IN)
  YESTERDAY        0.0                       0.1   -0.1      0.0
  MONTH TO DATE    0.0                       1.5   -1.5      4.0
  SINCE SEP 1      T                         1.9   -1.9      4.0
  SINCE JUL 1      T                         1.9   -1.9      4.0
  SNOW DEPTH       0

DEGREE DAYS
 HEATING
  YESTERDAY        0                        16    -16       24
  MONTH TO DATE  215                       291    -76      328
  SINCE SEP 1    315                       403    -88      375
  SINCE JUL 1    328                       415    -87      382

 COOLING
  YESTERDAY        1                         0      1        0
  MONTH TO DATE    1                         5     -4        0
  SINCE SEP 1    118                       105     13      183
  SINCE JAN 1    920                       938    -18     1181
..................................................................

WIND (MPH)
  HIGHEST WIND SPEED    16   HIGHEST WIND DIRECTION    SW (230)
  HIGHEST GUST SPEED    20   HIGHEST GUST DIRECTION    SW (230)
  AVERAGE WIND SPEED     5.9


SKY COVER
  AVERAGE SKY COVER 0.0


WEATHER CONDITIONS
 THE FOLLOWING WEATHER WAS RECORDED YESTERDAY.
  NO SIGNIFICANT WEATHER WAS OBSERVED.


RELATIVE HUMIDITY (PERCENT)
 HIGHEST    86
 LOWEST      9
 AVERAGE    48

..........................................................


THE GOODLAND KS CLIMATE NORMALS FOR TODAY
                         NORMAL    RECORD    YEAR
 MAXIMUM TEMPERATURE (F)   63        88      1959
 MINIMUM TEMPERATURE (F)   34        18      1997


SUNRISE AND SUNSET
OCTOBER 25 2014.......SUNRISE   707 AM MDT   SUNSET   554 PM MDT
OCTOBER 26 2014.......SUNRISE   708 AM MDT   SUNSET   553 PM MDT


-  INDICATES NEGATIVE NUMBERS.
R  INDICATES RECORD WAS SET OR TIED.
MM INDICATES DATA IS MISSING.
T  INDICATES TRACE AMOUNT.

&&

THE AVERAGE SOIL TEMPERATURE AT THE FOUR INCH DEPTH... 57

$$
