264
CDUS43 KGLD 220037
CLIGLD

CLIMATE REPORT
NATIONAL WEATHER SERVICE GOODLAND
636 PM MDT WED JUN 21 2017

...................................

...THE GOODLAND KS CLIMATE SUMMARY FOR JUNE 21 2017...
VALID TODAY AS OF 0600 PM LOCAL TIME.

CLIMATE NORMAL PERIOD 1981 TO 2010
CLIMATE RECORD PERIOD 1895 TO 2017

WEATHER ITEM   OBSERVED TIME   RECORD YEAR NORMAL DEPARTURE LAST
                VALUE   (LST)  VALUE       VALUE  FROM      YEAR
                                                  NORMAL
..................................................................
TEMPERATURE (F)
 TODAY
  MAXIMUM        100    307 PM 105    1936  86     14      102
  MINIMUM         67   1253 AM  45    1951  57     10       59
  AVERAGE         84                        72     12       81

PRECIPITATION (IN)
  TODAY            0.18          2.20 1951   0.11   0.07     0.00
  MONTH TO DATE    2.08                      2.30  -0.22     0.48
  SINCE JUN 1      2.08                      2.30  -0.22     0.48
  SINCE JAN 1     14.47                      8.78   5.69     7.84

SNOWFALL (IN)
  TODAY            0.0                       0.0    0.0      0.0
  MONTH TO DATE    0.0                       0.0    0.0      0.0
  SINCE JUN 1      0.0                       0.0    0.0      0.0
  SINCE JUL 1     14.2                      35.5  -21.3     30.1
  SNOW DEPTH       0

DEGREE DAYS
 HEATING
  TODAY            0                         1     -1        0
  MONTH TO DATE    0                        36    -36        2
  SINCE JUN 1      0                        36    -36        2
  SINCE JUL 1   5118                      5902   -784     5131

 COOLING
  TODAY           19                         7     12       16
  MONTH TO DATE  166                       103     63      186
  SINCE JUN 1    166                       103     63      186
  SINCE JAN 1    204                       144     60      210
..................................................................

WIND (MPH)
  HIGHEST WIND SPEED    33   HIGHEST WIND DIRECTION     W (260)
  HIGHEST GUST SPEED    42   HIGHEST GUST DIRECTION     W (260)
  AVERAGE WIND SPEED    12.6


SKY COVER
  AVERAGE SKY COVER 0.0


WEATHER CONDITIONS
 THE FOLLOWING WEATHER WAS RECORDED TODAY.
  THUNDERSTORM
  HEAVY RAIN
  LIGHT RAIN


RELATIVE HUMIDITY (PERCENT)
 HIGHEST    73           400 AM
 LOWEST     20           300 PM
 AVERAGE    47

..........................................................


THE GOODLAND KS CLIMATE NORMALS FOR TOMORROW
                         NORMAL    RECORD    YEAR
 MAXIMUM TEMPERATURE (F)   87       101      1950
                                             1940
                                             1937
 MINIMUM TEMPERATURE (F)   58        41      1926


SUNRISE AND SUNSET
JUNE 21 2017..........SUNRISE   520 AM MDT   SUNSET   817 PM MDT
JUNE 22 2017..........SUNRISE   520 AM MDT   SUNSET   817 PM MDT


-  INDICATES NEGATIVE NUMBERS.
R  INDICATES RECORD WAS SET OR TIED.
MM INDICATES DATA IS MISSING.
T  INDICATES TRACE AMOUNT.

&&

THE AVERAGE SOIL TEMPERATURE AT THE FOUR INCH DEPTH... 78

$$
