000
CDUS43 KGLD 110741
CLIGLD

CLIMATE REPORT
NATIONAL WEATHER SERVICE GOODLAND
1238 AM MST MON DEC 11 2017
...................................

...THE GOODLAND KS CLIMATE SUMMARY FOR DECEMBER 10 2017...

CLIMATE NORMAL PERIOD 1981 TO 2010
CLIMATE RECORD PERIOD 1895 TO 2017

WEATHER ITEM   OBSERVED TIME   RECORD YEAR NORMAL DEPARTURE LAST
                VALUE   (LST)  VALUE       VALUE  FROM      YEAR
                                                  NORMAL
..................................................................
TEMPERATURE (F)
 YESTERDAY
  MAXIMUM         63    231 PM  71    1975  43     20       38
  MINIMUM         30   1010 PM -14    1972  18     12       14
  AVERAGE         47                        30     17       26

PRECIPITATION (IN)
  YESTERDAY        0.00          0.38 2007   0.02  -0.02     0.00
  MONTH TO DATE    T                         0.16  -0.16     0.07
  SINCE DEC 1      T                         0.16  -0.16     0.07
  SINCE JAN 1     26.28                     19.36   6.92    16.85

SNOWFALL (IN)
  YESTERDAY        0.0                       0.2   -0.2      0.0
  MONTH TO DATE    T                         1.8   -1.8      1.7
  SINCE DEC 1      T                         1.8   -1.8      1.7
  SINCE JUL 1      0.1                       9.0   -8.9      2.3
  SNOW DEPTH       0

DEGREE DAYS
 HEATING
  YESTERDAY       18                        35    -17       39
  MONTH TO DATE  273                       340    -67      399
  SINCE DEC 1    273                       340    -67      399
  SINCE JUL 1   1424                      1659   -235     1262

 COOLING
  YESTERDAY        0                         0      0        0
  MONTH TO DATE    0                         0      0        0
  SINCE DEC 1      0                         0      0        0
  SINCE JAN 1    959                       941     18     1103
..................................................................

WIND (MPH)
  HIGHEST WIND SPEED    23   HIGHEST WIND DIRECTION    NW (330)
  HIGHEST GUST SPEED    29   HIGHEST GUST DIRECTION    NW (320)
  AVERAGE WIND SPEED    12.4


SKY COVER
  AVERAGE SKY COVER 0.0


WEATHER CONDITIONS
 THE FOLLOWING WEATHER WAS RECORDED YESTERDAY.
  NO SIGNIFICANT WEATHER WAS OBSERVED.


RELATIVE HUMIDITY (PERCENT)
 HIGHEST    32
 LOWEST      8
 AVERAGE    20

..........................................................


THE GOODLAND KS CLIMATE NORMALS FOR TODAY
                         NORMAL    RECORD    YEAR
 MAXIMUM TEMPERATURE (F)   42        77      1939
 MINIMUM TEMPERATURE (F)   17       -18      1961


SUNRISE AND SUNSET
DECEMBER 11 2017......SUNRISE   657 AM MST   SUNSET   424 PM MST
DECEMBER 12 2017......SUNRISE   658 AM MST   SUNSET   424 PM MST


-  INDICATES NEGATIVE NUMBERS.
R  INDICATES RECORD WAS SET OR TIED.
MM INDICATES DATA IS MISSING.
T  INDICATES TRACE AMOUNT.

&&

THE AVERAGE SOIL TEMPERATURE AT THE FOUR INCH DEPTH... 38
THE CURRENT DEPTH OF FROST... 00 INCHES

$$
