000
CDUS43 KGLD 270748
CLIGLD

CLIMATE REPORT
NATIONAL WEATHER SERVICE GOODLAND
146 AM MDT WED MAY 27 2015

...................................

...THE GOODLAND KS CLIMATE SUMMARY FOR MAY 26 2015...

CLIMATE NORMAL PERIOD 1981 TO 2010
CLIMATE RECORD PERIOD 1895 TO 2015

WEATHER ITEM   OBSERVED TIME   RECORD YEAR NORMAL DEPARTURE LAST
                VALUE   (LST)  VALUE       VALUE  FROM      YEAR
                                                  NORMAL
..................................................................
TEMPERATURE (F)
 YESTERDAY
  MAXIMUM         73    428 PM  97    2012  76     -3       79
                                      2006
  MINIMUM         45    407 AM  27    1992  49     -4       51
  AVERAGE         59                        63     -4       65

PRECIPITATION (IN)
  YESTERDAY        0.00          1.24 1996   0.11  -0.11     0.00
  MONTH TO DATE    5.64                      2.36   3.28     1.29
  SINCE MAR 1     10.59                      5.02   5.57     2.14
  SINCE JAN 1     11.67                      5.89   5.78     3.08

SNOWFALL (IN)
  YESTERDAY        0.0                       0.0    0.0      0.0
  MONTH TO DATE    0.0                       0.5   -0.5       T
  SINCE MAR 1      2.6                      11.5   -8.9      3.9
  SINCE JUL 1     24.7                      35.5  -10.8     29.1
  SNOW DEPTH       0

DEGREE DAYS
 HEATING
  YESTERDAY        6                         4      2        0
  MONTH TO DATE  235                       193     42      209
  SINCE MAR 1   1196                      1431   -235     1414
  SINCE JUL 1   5411                      5848   -437     5958

 COOLING
  YESTERDAY        0                         2     -2        0
  MONTH TO DATE    5                        29    -24        9
  SINCE MAR 1      5                        33    -28       14
  SINCE JAN 1      5                        33    -28       14
..................................................................

WIND (MPH)
  HIGHEST WIND SPEED    13   HIGHEST WIND DIRECTION    NW (320)
  HIGHEST GUST SPEED    17   HIGHEST GUST DIRECTION     N (350)
  AVERAGE WIND SPEED     7.5

SKY COVER
  AVERAGE SKY COVER 0.2

WEATHER CONDITIONS
 THE FOLLOWING WEATHER WAS RECORDED YESTERDAY.
  NO SIGNIFICANT WEATHER WAS OBSERVED.

RELATIVE HUMIDITY (PERCENT)
 HIGHEST   100
 LOWEST     41
 AVERAGE    71

..........................................................

THE GOODLAND KS CLIMATE NORMALS FOR TODAY
                         NORMAL    RECORD    YEAR
 MAXIMUM TEMPERATURE (F)   77        99      2006
 MINIMUM TEMPERATURE (F)   50        29      1950

SUNRISE AND SUNSET
MAY 27 2015...........SUNRISE   524 AM MDT   SUNSET   804 PM MDT
MAY 28 2015...........SUNRISE   524 AM MDT   SUNSET   805 PM MDT

-  INDICATES NEGATIVE NUMBERS.
R  INDICATES RECORD WAS SET OR TIED.
MM INDICATES DATA IS MISSING.
T  INDICATES TRACE AMOUNT.

&&

THE AVERAGE SOIL TEMPERATURE AT THE FOUR INCH DEPTH... 59

$$
