000
CDUS43 KGLD 190749
CLIGLD

CLIMATE REPORT
NATIONAL WEATHER SERVICE GOODLAND
147 AM MDT TUE AUG 19 2014

...................................

...THE GOODLAND KS CLIMATE SUMMARY FOR AUGUST 18 2014...

CLIMATE NORMAL PERIOD 1981 TO 2010
CLIMATE RECORD PERIOD 1895 TO 2014

WEATHER ITEM   OBSERVED TIME   RECORD YEAR NORMAL DEPARTURE LAST
                VALUE   (LST)  VALUE       VALUE  FROM      YEAR
                                                  NORMAL
..................................................................
TEMPERATURE (F)
 YESTERDAY
  MAXIMUM         98    238 PM 104    1897  88     10       83
  MINIMUM         59    140 AM  50    2002  60     -1       64
  AVERAGE         79                        74      5       74

PRECIPITATION (IN)
  YESTERDAY        T             1.67 1989   0.08  -0.08     0.00
  MONTH TO DATE    1.20                      1.79  -0.59     0.79
  SINCE JUN 1      8.80                      8.51   0.29     4.28
  SINCE JAN 1     12.34                     14.99  -2.65     8.64

SNOWFALL (IN)
  YESTERDAY        0.0                       0.0    0.0      0.0
  MONTH TO DATE    0.0                       0.0    0.0      0.0
  SINCE JUN 1      0.0                       0.0    0.0      0.0
  SINCE JUL 1      0.0                       0.0    0.0      0.0
  SNOW DEPTH       0

DEGREE DAYS
 HEATING
  YESTERDAY        0                         0      0        0
  MONTH TO DATE    0                         0      0        0
  SINCE JUN 1     51                        41     10       38
  SINCE JUL 1     13                         4      9        7

 COOLING
  YESTERDAY       14                         9      5        9
  MONTH TO DATE  196                       177     19      137
  SINCE JUN 1    648                       690    -42      718
  SINCE JAN 1    694                       731    -37      807
..................................................................

WIND (MPH)
  HIGHEST WIND SPEED    29   HIGHEST WIND DIRECTION    NE (40)
  HIGHEST GUST SPEED    36   HIGHEST GUST DIRECTION    NE (40)
  AVERAGE WIND SPEED     9.8


SKY COVER
  AVERAGE SKY COVER 0.0


WEATHER CONDITIONS
 THE FOLLOWING WEATHER WAS RECORDED YESTERDAY.
  THUNDERSTORM


RELATIVE HUMIDITY (PERCENT)
 HIGHEST    90
 LOWEST     18
 AVERAGE    54

..........................................................


THE GOODLAND KS CLIMATE NORMALS FOR TODAY
                         NORMAL    RECORD    YEAR
 MAXIMUM TEMPERATURE (F)   87       101      1952
 MINIMUM TEMPERATURE (F)   60        44      2012
                                             1960
                                             1927


SUNRISE AND SUNSET
AUGUST 19 2014........SUNRISE   603 AM MDT   SUNSET   737 PM MDT
AUGUST 20 2014........SUNRISE   604 AM MDT   SUNSET   735 PM MDT


-  INDICATES NEGATIVE NUMBERS.
R  INDICATES RECORD WAS SET OR TIED.
MM INDICATES DATA IS MISSING.
T  INDICATES TRACE AMOUNT.

&&

THE AVERAGE SOIL TEMPERATURE AT THE FOUR INCH DEPTH... 76

$$
