241
CDUS43 KGLD 260750
CLIGLD

CLIMATE REPORT
NATIONAL WEATHER SERVICE GOODLAND
140 AM MDT SUN MAR 26 2017

...................................

...THE GOODLAND KS CLIMATE SUMMARY FOR MARCH 25 2017...

CLIMATE NORMAL PERIOD 1981 TO 2010
CLIMATE RECORD PERIOD 1895 TO 2017

WEATHER ITEM   OBSERVED TIME   RECORD YEAR NORMAL DEPARTURE LAST
                VALUE   (LST)  VALUE       VALUE  FROM      YEAR
                                                  NORMAL
..................................................................
TEMPERATURE (F)
 YESTERDAY
  MAXIMUM         60    416 PM  85    1907  57      3       60
  MINIMUM         31    512 AM  -6    1965  29      2       34
  AVERAGE         46                        43      3       47

PRECIPITATION (IN)
  YESTERDAY        0.00          0.50 1959   0.04  -0.04     0.00
  MONTH TO DATE    0.70                      0.81  -0.11     0.55
  SINCE MAR 1      0.70                      0.81  -0.11     0.55
  SINCE JAN 1      1.63                      1.68  -0.05     1.41

SNOWFALL (IN)
  YESTERDAY        0.0                       0.3   -0.3      0.0
  MONTH TO DATE    T                         5.3   -5.3      4.4
  SINCE MAR 1      T                         5.3   -5.3      4.4
  SINCE JUL 1      9.4                      29.3  -19.9     27.8
  SNOW DEPTH       0

DEGREE DAYS
 HEATING
  YESTERDAY       19                        22     -3       18
  MONTH TO DATE  463                       632   -169      480
  SINCE MAR 1    463                       632   -169      480
  SINCE JUL 1   4348                      5049   -701     4326

 COOLING
  YESTERDAY        0                         0      0        0
  MONTH TO DATE    0                         0      0        0
  SINCE MAR 1      0                         0      0        0
  SINCE JAN 1      0                         0      0        0
..................................................................

WIND (MPH)
  HIGHEST WIND SPEED    16   HIGHEST WIND DIRECTION     E (110)
  HIGHEST GUST SPEED    19   HIGHEST GUST DIRECTION     E (110)
  AVERAGE WIND SPEED     7.8


SKY COVER
  AVERAGE SKY COVER 0.0


WEATHER CONDITIONS
 THE FOLLOWING WEATHER WAS RECORDED YESTERDAY.
  NO SIGNIFICANT WEATHER WAS OBSERVED.


RELATIVE HUMIDITY (PERCENT)
 HIGHEST   100
 LOWEST     28
 AVERAGE    64

..........................................................


THE GOODLAND KS CLIMATE NORMALS FOR TODAY
                         NORMAL    RECORD    YEAR
 MAXIMUM TEMPERATURE (F)   58        86      1907
 MINIMUM TEMPERATURE (F)   29        -1      1955
                                             1931


SUNRISE AND SUNSET
MARCH 26 2017.........SUNRISE   640 AM MDT   SUNSET   705 PM MDT
MARCH 27 2017.........SUNRISE   639 AM MDT   SUNSET   706 PM MDT


-  INDICATES NEGATIVE NUMBERS.
R  INDICATES RECORD WAS SET OR TIED.
MM INDICATES DATA IS MISSING.
T  INDICATES TRACE AMOUNT.

&&

THE AVERAGE SOIL TEMPERATURE AT THE FOUR INCH DEPTH... 48
THE CURRENT DEPTH OF FROST... 0 INCHES

$$
