000
CDUS43 KGLD 120749
CLIGLD

CLIMATE REPORT
NATIONAL WEATHER SERVICE GOODLAND
1245 AM MST SUN FEB 12 2017

...................................

...THE GOODLAND KS CLIMATE SUMMARY FOR FEBRUARY 11 2017...

CLIMATE NORMAL PERIOD 1981 TO 2010
CLIMATE RECORD PERIOD 1895 TO 2017

WEATHER ITEM   OBSERVED TIME   RECORD YEAR NORMAL DEPARTURE LAST
                VALUE   (LST)  VALUE       VALUE  FROM      YEAR
                                                  NORMAL
..................................................................
TEMPERATURE (F)
 YESTERDAY
  MAXIMUM         65   1258 PM  78    1962  44     21       61
  MINIMUM         33    644 AM -13    1981  19     14       26
  AVERAGE         49                        31     18       44

PRECIPITATION (IN)
  YESTERDAY        0.00          1.03 1950   0.02  -0.02     0.00
  MONTH TO DATE    T                         0.17  -0.17     0.81
  SINCE DEC 1      1.52                      1.01   0.51     1.01
  SINCE JAN 1      0.92                      0.55   0.37     0.85

SNOWFALL (IN)
  YESTERDAY        0.0                       0.2   -0.2      0.0
  MONTH TO DATE    T                         2.4   -2.4     13.3
  SINCE DEC 1      8.8                      13.8   -5.0     15.2
  SINCE JUL 1      9.4                      21.0  -11.6     23.4
  SNOW DEPTH       0

DEGREE DAYS
 HEATING
  YESTERDAY       16                        34    -18       21
  MONTH TO DATE  293                       380    -87      388
  SINCE DEC 1   2611                      2564     47     2389
  SINCE JUL 1   3474                      3883   -409     3449

 COOLING
  YESTERDAY        0                         0      0        0
  MONTH TO DATE    0                         0      0        0
  SINCE DEC 1      0                         0      0        0
  SINCE JAN 1      0                         0      0        0
..................................................................

WIND (MPH)
  HIGHEST WIND SPEED    32   HIGHEST WIND DIRECTION     N (20)
  HIGHEST GUST SPEED    43   HIGHEST GUST DIRECTION     N (10)
  AVERAGE WIND SPEED    12.2


SKY COVER
  AVERAGE SKY COVER 0.1


WEATHER CONDITIONS
 THE FOLLOWING WEATHER WAS RECORDED YESTERDAY.
  NO SIGNIFICANT WEATHER WAS OBSERVED.


RELATIVE HUMIDITY (PERCENT)
 HIGHEST    89
 LOWEST     36
 AVERAGE    63

..........................................................


THE GOODLAND KS CLIMATE NORMALS FOR TODAY
                         NORMAL    RECORD    YEAR
 MAXIMUM TEMPERATURE (F)   44        78      1962
 MINIMUM TEMPERATURE (F)   19       -11      1948


SUNRISE AND SUNSET
FEBRUARY 12 2017......SUNRISE   642 AM MST   SUNSET   521 PM MST
FEBRUARY 13 2017......SUNRISE   641 AM MST   SUNSET   522 PM MST


-  INDICATES NEGATIVE NUMBERS.
R  INDICATES RECORD WAS SET OR TIED.
MM INDICATES DATA IS MISSING.
T  INDICATES TRACE AMOUNT.

&&

THE AVERAGE SOIL TEMPERATURE AT THE FOUR INCH DEPTH... 42
THE CURRENT DEPTH OF FROST... 2 INCHES

$$
