000
CDUS43 KGLD 050741
CLIGLD

CLIMATE REPORT
NATIONAL WEATHER SERVICE GOODLAND
1238 AM MST FRI FEB 5 2016

...................................

...THE GOODLAND KS CLIMATE SUMMARY FOR FEBRUARY 4 2016...

CLIMATE NORMAL PERIOD 1981 TO 2010
CLIMATE RECORD PERIOD 1895 TO 2016

WEATHER ITEM   OBSERVED TIME   RECORD YEAR NORMAL DEPARTURE LAST
                VALUE   (LST)  VALUE       VALUE  FROM      YEAR
                                                  NORMAL
..................................................................
TEMPERATURE (F)
 YESTERDAY
  MAXIMUM         32    251 PM  68    1935  43    -11       31
  MINIMUM          6   1233 AM -15    1985  18    -12       15
  AVERAGE         19                        30    -11       23

PRECIPITATION (IN)
  YESTERDAY        0.00          0.79 1924   0.01  -0.01      T
  MONTH TO DATE    0.81                      0.06   0.75      T
  SINCE DEC 1      1.01                      0.90   0.11     1.74
  SINCE JAN 1      0.85                      0.44   0.41     0.28

SNOWFALL (IN)
  YESTERDAY        0.0                       0.2   -0.2       T
  MONTH TO DATE   13.3                       0.8   12.5       T
  SINCE DEC 1     15.2                      12.2    3.0     12.1
  SINCE JUL 1     23.4                      19.4    4.0     12.3
  SNOW DEPTH      11

DEGREE DAYS
 HEATING
  YESTERDAY       46                        35     11       42
  MONTH TO DATE  171                       140     31      143
  SINCE DEC 1   2172                      2324   -152     2218
  SINCE JUL 1   3232                      3643   -411     3473

 COOLING
  YESTERDAY        0                         0      0        0
  MONTH TO DATE    0                         0      0        0
  SINCE DEC 1      0                         0      0        0
  SINCE JAN 1      0                         0      0        0
..................................................................

WIND (MPH)
  HIGHEST WIND SPEED    18   HIGHEST WIND DIRECTION     W (260)
  HIGHEST GUST SPEED    21   HIGHEST GUST DIRECTION     W (250)
  AVERAGE WIND SPEED     9.2


SKY COVER
  AVERAGE SKY COVER 0.1


WEATHER CONDITIONS
 THE FOLLOWING WEATHER WAS RECORDED YESTERDAY.
  NO SIGNIFICANT WEATHER WAS OBSERVED.


RELATIVE HUMIDITY (PERCENT)
 HIGHEST    73
 LOWEST     43
 AVERAGE    58

..........................................................


THE GOODLAND KS CLIMATE NORMALS FOR TODAY
                         NORMAL    RECORD    YEAR
 MAXIMUM TEMPERATURE (F)   43        74      1963
 MINIMUM TEMPERATURE (F)   18       -22      1982


SUNRISE AND SUNSET
FEBRUARY  5 2016......SUNRISE   651 AM MST   SUNSET   511 PM MST
FEBRUARY  6 2016......SUNRISE   649 AM MST   SUNSET   513 PM MST


-  INDICATES NEGATIVE NUMBERS.
R  INDICATES RECORD WAS SET OR TIED.
MM INDICATES DATA IS MISSING.
T  INDICATES TRACE AMOUNT.

&&

THE AVERAGE SOIL TEMPERATURE AT THE FOUR INCH DEPTH... 32
THE CURRENT DEPTH OF FROST... 4 INCHES

$$
