000
CDUS43 KGLD 100050
CLIGLD

CLIMATE REPORT
NATIONAL WEATHER SERVICE GOODLAND
648 PM MDT MON OCT 9 2017

...................................

...THE GOODLAND KS CLIMATE SUMMARY FOR OCTOBER 9 2017...
VALID TODAY AS OF 0600 PM LOCAL TIME.

CLIMATE NORMAL PERIOD 1981 TO 2010
CLIMATE RECORD PERIOD 1895 TO 2017

WEATHER ITEM   OBSERVED TIME   RECORD YEAR NORMAL DEPARTURE LAST
                VALUE   (LST)  VALUE       VALUE  FROM      YEAR
                                                  NORMAL
..................................................................
TEMPERATURE (F)
 TODAY
  MAXIMUM         49   1203 AM  90    2003  69    -20       79
                                      1910
  MINIMUM         37    459 PM  23    2000  40     -3       41
  AVERAGE         43                        54    -11       60

PRECIPITATION (IN)
  TODAY            0.05          0.55 1949   0.04   0.01      T
  MONTH TO DATE    0.44                      0.42   0.02      T
  SINCE SEP 1      4.29                      1.64   2.65     2.49
  SINCE JAN 1     26.25                     17.54   8.71    16.53

SNOWFALL (IN)
  TODAY            T                         0.1   -0.1      0.0
  MONTH TO DATE    T                         0.3   -0.3      0.0
  SINCE SEP 1      T                         0.7   -0.7       T
  SINCE JUL 1      T                         0.7   -0.7       T
  SNOW DEPTH       0

DEGREE DAYS
 HEATING
  TODAY           22                        11     11        5
  MONTH TO DATE   76                        86    -10       78
  SINCE SEP 1    184                       198    -14      136
  SINCE JUL 1    184                       210    -26      143

 COOLING
  TODAY            0                         0      0        0
  MONTH TO DATE    0                         5     -5        6
  SINCE SEP 1    139                       105     34      128
  SINCE JAN 1    958                       938     20     1077
..................................................................

WIND (MPH)
  HIGHEST WIND SPEED    32   HIGHEST WIND DIRECTION     N (360)
  HIGHEST GUST SPEED    39   HIGHEST GUST DIRECTION     N (350)
  AVERAGE WIND SPEED    23.6


SKY COVER
  AVERAGE SKY COVER 1.0


WEATHER CONDITIONS
 THE FOLLOWING WEATHER WAS RECORDED TODAY.
  LIGHT RAIN
  LIGHT SNOW
  FOG


RELATIVE HUMIDITY (PERCENT)
 HIGHEST   100           400 PM
 LOWEST     53           200 AM
 AVERAGE    77

..........................................................


THE GOODLAND KS CLIMATE NORMALS FOR TOMORROW
                         NORMAL    RECORD    YEAR
 MAXIMUM TEMPERATURE (F)   69        90      1920
                                             1910
 MINIMUM TEMPERATURE (F)   40        20      2009


SUNRISE AND SUNSET
OCTOBER  9 2017.......SUNRISE   651 AM MDT   SUNSET   616 PM MDT
OCTOBER 10 2017.......SUNRISE   652 AM MDT   SUNSET   615 PM MDT


-  INDICATES NEGATIVE NUMBERS.
R  INDICATES RECORD WAS SET OR TIED.
MM INDICATES DATA IS MISSING.
T  INDICATES TRACE AMOUNT.

&&

THE AVERAGE SOIL TEMPERATURE AT THE FOUR INCH DEPTH... 57

$$
