000
CDUS43 KGLD 210742
CLIGLD

CLIMATE REPORT
NATIONAL WEATHER SERVICE GOODLAND
138 AM MDT SUN AUG 21 2016

...................................

...THE GOODLAND KS CLIMATE SUMMARY FOR AUGUST 20 2016...

CLIMATE NORMAL PERIOD 1981 TO 2010
CLIMATE RECORD PERIOD 1895 TO 2016

WEATHER ITEM   OBSERVED TIME   RECORD YEAR NORMAL DEPARTURE LAST
                VALUE   (LST)  VALUE       VALUE  FROM      YEAR
                                                  NORMAL
..................................................................
TEMPERATURE (F)
 YESTERDAY
  MAXIMUM         78    327 PM 104    1987  87     -9       87
  MINIMUM         47    503 AM  46    2004  60    -13       55
  AVERAGE         63                        73    -10       71

PRECIPITATION (IN)
  YESTERDAY        0.00          2.83 1993   0.08  -0.08     0.00
  MONTH TO DATE    0.79                      1.95  -1.16     0.33
  SINCE JUN 1      5.16                      8.67  -3.51     4.92
  SINCE JAN 1     12.52                     15.15  -2.63    16.71

SNOWFALL (IN)
  YESTERDAY        0.0                       0.0    0.0      0.0
  MONTH TO DATE    0.0                       0.0    0.0      0.0
  SINCE JUN 1      0.0                       0.0    0.0      0.0
  SINCE JUL 1      0.0                       0.0    0.0      0.0
  SNOW DEPTH       0

DEGREE DAYS
 HEATING
  YESTERDAY        2                         0      2        0
  MONTH TO DATE    2                         0      2        2
  SINCE JUN 1      4                        41    -37        8
  SINCE JUL 1      2                         4     -2        3

 COOLING
  YESTERDAY        0                         9     -9        6
  MONTH TO DATE  190                       195     -5      213
  SINCE JUN 1    881                       708    173      798
  SINCE JAN 1    905                       749    156      804
..................................................................

WIND (MPH)
  HIGHEST WIND SPEED    22   HIGHEST WIND DIRECTION     N (340)
  HIGHEST GUST SPEED    26   HIGHEST GUST DIRECTION     N (340)
  AVERAGE WIND SPEED     8.3


SKY COVER
  AVERAGE SKY COVER 0.1


WEATHER CONDITIONS
 THE FOLLOWING WEATHER WAS RECORDED YESTERDAY.
  NO SIGNIFICANT WEATHER WAS OBSERVED.


RELATIVE HUMIDITY (PERCENT)
 HIGHEST    93
 LOWEST     23
 AVERAGE    58

..........................................................


THE GOODLAND KS CLIMATE NORMALS FOR TODAY
                         NORMAL    RECORD    YEAR
 MAXIMUM TEMPERATURE (F)   87       102      1943
 MINIMUM TEMPERATURE (F)   60        46      1964


SUNRISE AND SUNSET
AUGUST 21 2016........SUNRISE   606 AM MDT   SUNSET   733 PM MDT
AUGUST 22 2016........SUNRISE   607 AM MDT   SUNSET   732 PM MDT


-  INDICATES NEGATIVE NUMBERS.
R  INDICATES RECORD WAS SET OR TIED.
MM INDICATES DATA IS MISSING.
T  INDICATES TRACE AMOUNT.

&&

THE AVERAGE SOIL TEMPERATURE AT THE FOUR INCH DEPTH... 74

$$
