000
CDUS43 KGLD 220744
CLIGLD

CLIMATE REPORT
NATIONAL WEATHER SERVICE GOODLAND
1239 AM MST SAT NOV 22 2014

...................................

...THE GOODLAND KS CLIMATE SUMMARY FOR NOVEMBER 21 2014...

CLIMATE NORMAL PERIOD 1981 TO 2010
CLIMATE RECORD PERIOD 1895 TO 2014

WEATHER ITEM   OBSERVED TIME   RECORD YEAR NORMAL DEPARTURE LAST
                VALUE   (LST)  VALUE       VALUE  FROM      YEAR
                                                  NORMAL
..................................................................
TEMPERATURE (F)
 YESTERDAY
  MAXIMUM         55    207 PM  75    2012  49      6       44
  MINIMUM         25    608 AM   4    1929  23      2       14
  AVERAGE         40                        36      4       29

PRECIPITATION (IN)
  YESTERDAY        0.00          0.50 1942   0.02  -0.02     0.01
  MONTH TO DATE    T                         0.54  -0.54     0.17
  SINCE SEP 1      2.49                      3.13  -0.64     7.90
  SINCE JAN 1     16.39                     19.03  -2.64    16.69

SNOWFALL (IN)
  YESTERDAY        0.0                       0.2   -0.2      0.3
  MONTH TO DATE    0.2                       3.0   -2.8      0.3
  SINCE SEP 1      0.2                       5.6   -5.4      4.3
  SINCE JUL 1      0.2                       5.6   -5.4      4.3
  SNOW DEPTH       0

DEGREE DAYS
 HEATING
  YESTERDAY       25                        29     -4       36
  MONTH TO DATE  611                       501    110      470
  SINCE SEP 1   1026                      1029     -3      974
  SINCE JUL 1   1039                      1041     -2      981

 COOLING
  YESTERDAY        0                         0      0        0
  MONTH TO DATE    0                         0      0        0
  SINCE SEP 1    118                       108     10      183
  SINCE JAN 1    920                       941    -21     1181
..................................................................

WIND (MPH)
  HIGHEST WIND SPEED    23   HIGHEST WIND DIRECTION     S (190)
  HIGHEST GUST SPEED    27   HIGHEST GUST DIRECTION     S (190)
  AVERAGE WIND SPEED    11.9


SKY COVER
  AVERAGE SKY COVER 0.2


WEATHER CONDITIONS
 THE FOLLOWING WEATHER WAS RECORDED YESTERDAY.
  FOG


RELATIVE HUMIDITY (PERCENT)
 HIGHEST    92
 LOWEST     41
 AVERAGE    67

..........................................................


THE GOODLAND KS CLIMATE NORMALS FOR TODAY
                         NORMAL    RECORD    YEAR
 MAXIMUM TEMPERATURE (F)   49        82      1998
 MINIMUM TEMPERATURE (F)   23        -4      1929


SUNRISE AND SUNSET
NOVEMBER 22 2014......SUNRISE   638 AM MST   SUNSET   427 PM MST
NOVEMBER 23 2014......SUNRISE   639 AM MST   SUNSET   427 PM MST


-  INDICATES NEGATIVE NUMBERS.
R  INDICATES RECORD WAS SET OR TIED.
MM INDICATES DATA IS MISSING.
T  INDICATES TRACE AMOUNT.

&&

THE AVERAGE SOIL TEMPERATURE AT THE FOUR INCH DEPTH... 34
THE CURRENT DEPTH OF FROST... 2 INCHES

$$
