000
CDUS43 KGLD 170053
CLIGLD

CLIMATE REPORT
NATIONAL WEATHER SERVICE GOODLAND
541 PM MST FRI FEB 16 2018

...................................

...THE GOODLAND KS CLIMATE SUMMARY FOR FEBRUARY 16 2018...
VALID TODAY AS OF 0500 PM LOCAL TIME.

CLIMATE NORMAL PERIOD 1981 TO 2010
CLIMATE RECORD PERIOD 1895 TO 2018

WEATHER ITEM   OBSERVED TIME   RECORD YEAR NORMAL DEPARTURE LAST
                VALUE   (LST)  VALUE       VALUE  FROM      YEAR
                                                  NORMAL
..................................................................
TEMPERATURE (F)
 TODAY
  MAXIMUM         41    254 PM  75    2017  45     -4       75
                                      2011
  MINIMUM         14    655 AM -17    1993  19     -5       32
  AVERAGE         28                        32     -4       54

PRECIPITATION (IN)
  TODAY            0.00          0.34 1911   0.02  -0.02     0.00
  MONTH TO DATE    0.56                      0.25   0.31      T
  SINCE DEC 1      1.33                      1.09   0.24     1.52
  SINCE JAN 1      1.24                      0.63   0.61     0.92

SNOWFALL (IN)
  TODAY            0.0                       0.2   -0.2      0.0
  MONTH TO DATE    8.7                       3.4    5.3       T
  SINCE DEC 1     19.2                      14.8    4.4      8.8
  SINCE JUL 1     19.3                      22.0   -2.7      9.4
  SNOW DEPTH       0

DEGREE DAYS
 HEATING
  TODAY           37                        33      4       11
  MONTH TO DATE  574                       546     28      409
  SINCE DEC 1   2676                      2730    -54     2727
  SINCE JUL 1   3827                      4049   -222     3590

 COOLING
  TODAY            0                         0      0        0
  MONTH TO DATE    0                         0      0        0
  SINCE DEC 1      0                         0      0        0
  SINCE JAN 1      0                         0      0        0
..................................................................

WIND (MPH)
  HIGHEST WIND SPEED    26   HIGHEST WIND DIRECTION     S (180)
  HIGHEST GUST SPEED    34   HIGHEST GUST DIRECTION     S (190)
  AVERAGE WIND SPEED    14.4


SKY COVER
  AVERAGE SKY COVER 0.3


WEATHER CONDITIONS
 THE FOLLOWING WEATHER WAS RECORDED TODAY.
  NO SIGNIFICANT WEATHER WAS OBSERVED.


RELATIVE HUMIDITY (PERCENT)
 HIGHEST    88           500 AM
 LOWEST     34           200 PM
 AVERAGE    61

..........................................................


THE GOODLAND KS CLIMATE NORMALS FOR TOMORROW
                         NORMAL    RECORD    YEAR
 MAXIMUM TEMPERATURE (F)   46        81      1970
 MINIMUM TEMPERATURE (F)   20       -15      1993


SUNRISE AND SUNSET
FEBRUARY 16 2018......SUNRISE   637 AM MST   SUNSET   525 PM MST
FEBRUARY 17 2018......SUNRISE   636 AM MST   SUNSET   526 PM MST


-  INDICATES NEGATIVE NUMBERS.
R  INDICATES RECORD WAS SET OR TIED.
MM INDICATES DATA IS MISSING.
T  INDICATES TRACE AMOUNT.

&&

THE AVERAGE SOIL TEMPERATURE AT THE FOUR INCH DEPTH... 31
THE CURRENT DEPTH OF FROST... 6 INCHES

$$
