000
CDUS43 KGLD 230738
CLIGLD

CLIMATE REPORT
NATIONAL WEATHER SERVICE GOODLAND
136 AM MDT FRI SEP 23 2016

...................................

...THE GOODLAND KS CLIMATE SUMMARY FOR SEPTEMBER 22 2016...

CLIMATE NORMAL PERIOD 1981 TO 2010
CLIMATE RECORD PERIOD 1895 TO 2016

WEATHER ITEM   OBSERVED TIME   RECORD YEAR NORMAL DEPARTURE LAST
                VALUE   (LST)  VALUE       VALUE  FROM      YEAR
                                                  NORMAL
..................................................................
TEMPERATURE (F)
 YESTERDAY
  MAXIMUM         86    346 PM  96    1939  76     10       92
                                      1937
  MINIMUM         50    533 AM  30    1995  47      3       59
                                      1983
  AVERAGE         68                        62      6       76

PRECIPITATION (IN)
  YESTERDAY        0.10          1.16 1895   0.04   0.06     0.79
  MONTH TO DATE    2.47                      0.91   1.56     0.88
  SINCE SEP 1      2.47                      0.91   1.56     0.88
  SINCE JAN 1     16.51                     16.81  -0.30    17.63

SNOWFALL (IN)
  YESTERDAY        0.0                       0.0    0.0      0.0
  MONTH TO DATE    T                         0.2   -0.2      0.0
  SINCE SEP 1      T                         0.2   -0.2      0.0
  SINCE JUL 1      T                         0.2   -0.2      0.0
  SNOW DEPTH       0

DEGREE DAYS
 HEATING
  YESTERDAY        0                         5     -5        0
  MONTH TO DATE   27                        58    -31       18
  SINCE SEP 1     27                        58    -31       18
  SINCE JUL 1     34                        70    -36       24

 COOLING
  YESTERDAY        3                         2      1       11
  MONTH TO DATE  112                        90     22      199
  SINCE SEP 1    112                        90     22      199
  SINCE JAN 1   1061                       923    138     1107
..................................................................

WIND (MPH)
  HIGHEST WIND SPEED    32   HIGHEST WIND DIRECTION     W (250)
  HIGHEST GUST SPEED    39   HIGHEST GUST DIRECTION     W (250)
  AVERAGE WIND SPEED     8.9


SKY COVER
  AVERAGE SKY COVER 0.3


WEATHER CONDITIONS
 THE FOLLOWING WEATHER WAS RECORDED YESTERDAY.
  THUNDERSTORM
  RAIN
  LIGHT RAIN
  FOG
  FOG W/VISIBILITY <= 1/4 MILE


RELATIVE HUMIDITY (PERCENT)
 HIGHEST   100
 LOWEST     40
 AVERAGE    70

..........................................................


THE GOODLAND KS CLIMATE NORMALS FOR TODAY
                         NORMAL    RECORD    YEAR
 MAXIMUM TEMPERATURE (F)   76        95      2003
                                             1954
 MINIMUM TEMPERATURE (F)   47        29      1946


SUNRISE AND SUNSET
SEPTEMBER 23 2016.....SUNRISE   636 AM MDT   SUNSET   641 PM MDT
SEPTEMBER 24 2016.....SUNRISE   637 AM MDT   SUNSET   640 PM MDT


-  INDICATES NEGATIVE NUMBERS.
R  INDICATES RECORD WAS SET OR TIED.
MM INDICATES DATA IS MISSING.
T  INDICATES TRACE AMOUNT.

&&

THE AVERAGE SOIL TEMPERATURE AT THE FOUR INCH DEPTH... 70

$$
