000
CDUS43 KGLD 280808
CLIGLD

CLIMATE REPORT
NATIONAL WEATHER SERVICE GOODLAND
203 AM MDT SAT MAY 28 2016

...................................

...THE GOODLAND KS CLIMATE SUMMARY FOR MAY 27 2016...

CLIMATE NORMAL PERIOD 1981 TO 2010
CLIMATE RECORD PERIOD 1895 TO 2016

WEATHER ITEM   OBSERVED TIME   RECORD YEAR NORMAL DEPARTURE LAST
                VALUE   (LST)  VALUE       VALUE  FROM      YEAR
                                                  NORMAL
..................................................................
TEMPERATURE (F)
 TODAY
  MAXIMUM         48   1200 AM  98    1998  77    -29       76
                                      1934
  MINIMUM         47   1100 PM  33    1947  50     -3       52
  AVERAGE         48                        63    -15       64

PRECIPITATION (IN)
  TODAY            0.07          2.36 1975   0.11  -0.04     0.09
  MONTH TO DATE    1.75                      2.59  -0.84     5.76
  SINCE MAR 1      6.29                      5.25   1.04    10.71
  SINCE JAN 1      7.15                      6.12   1.03    11.79

SNOWFALL (IN)
  TODAY            0.0                       0.0    0.0      0.0
  MONTH TO DATE    T                         0.5   -0.5       T
  SINCE MAR 1      6.7                      11.5   -4.8      2.6
  SINCE JUL 1     30.1                      35.5   -5.4     24.7
  SNOW DEPTH       0

DEGREE DAYS
 HEATING
  TODAY           17                         4     13        1
  MONTH TO DATE  242                       201     41      236
  SINCE MAR 1   1282                      1439   -157     1197
  SINCE JUL 1   5128                      5856   -728     5412

 COOLING
  TODAY            0                         2     -2        0
  MONTH TO DATE   20                        33    -13        6
  SINCE MAR 1     20                        37    -17        6
  SINCE JAN 1     20                        37    -17        6
..................................................................

WIND (MPH)
  HIGHEST WIND SPEED     9   HIGHEST WIND DIRECTION    NW (300)
  HIGHEST GUST SPEED    MM   HIGHEST GUST DIRECTION    MM
  AVERAGE WIND SPEED     9.2


SKY COVER
  AVERAGE SKY COVER 0.0


WEATHER CONDITIONS
 THE FOLLOWING WEATHER WAS RECORDED TODAY.
  NO SIGNIFICANT WEATHER WAS OBSERVED.


RELATIVE HUMIDITY (PERCENT)
 HIGHEST    93          1200 AM
 LOWEST     93          1200 AM
 AVERAGE    93

..........................................................


THE GOODLAND KS CLIMATE NORMALS FOR TOMORROW
                         NORMAL    RECORD    YEAR
 MAXIMUM TEMPERATURE (F)   77       104      2003
 MINIMUM TEMPERATURE (F)   50        30      1947


SUNRISE AND SUNSET
MAY 28 2016...........SUNRISE   524 AM MDT   SUNSET   805 PM MDT
MAY 29 2016...........SUNRISE   523 AM MDT   SUNSET   806 PM MDT


-  INDICATES NEGATIVE NUMBERS.
R  INDICATES RECORD WAS SET OR TIED.
MM INDICATES DATA IS MISSING.
T  INDICATES TRACE AMOUNT.

&&

THE AVERAGE SOIL TEMPERATURE AT THE FOUR INCH DEPTH... 66

$$
