000
CDUS43 KGLD 240757
CLIGLD

CLIMATE REPORT
NATIONAL WEATHER SERVICE GOODLAND
155 AM MDT FRI JUL 24 2015

...................................

...THE GOODLAND KS CLIMATE SUMMARY FOR JULY 23 2015...

CLIMATE NORMAL PERIOD 1981 TO 2010
CLIMATE RECORD PERIOD 1895 TO 2015

WEATHER ITEM   OBSERVED TIME   RECORD YEAR NORMAL DEPARTURE LAST
                VALUE   (LST)  VALUE       VALUE  FROM      YEAR
                                                  NORMAL
..................................................................
TEMPERATURE (F)
 YESTERDAY
  MAXIMUM         94    252 PM 110    1936  90      4       91
  MINIMUM         65   1152 PM  51    1950  62      3       67
  AVERAGE         80                        76      4       79

PRECIPITATION (IN)
  YESTERDAY        0.00          2.11 1980   0.11  -0.11     0.00
  MONTH TO DATE    1.27                      2.57  -1.30     1.73
  SINCE JUN 1      3.58                      5.82  -2.24     7.26
  SINCE JAN 1     15.37                     12.30   3.07    10.80

SNOWFALL (IN)
  YESTERDAY        0.0                       0.0    0.0      0.0
  MONTH TO DATE    0.0                       0.0    0.0      0.0
  SINCE JUN 1      0.0                       0.0    0.0      0.0
  SINCE JUL 1      0.0                       0.0    0.0      0.0
  SNOW DEPTH       0

DEGREE DAYS
 HEATING
  YESTERDAY        0                         0      0        0
  MONTH TO DATE    1                         0      1       13
  SINCE JUN 1      6                        37    -31       51
  SINCE JUL 1      1                         0      1       13

 COOLING
  YESTERDAY       15                        11      4       14
  MONTH TO DATE  252                       246      6      222
  SINCE JUN 1    494                       425     69      371
  SINCE JAN 1    500                       466     34      417
..................................................................

WIND (MPH)
  HIGHEST WIND SPEED    18   HIGHEST WIND DIRECTION     S (180)
  HIGHEST GUST SPEED    22   HIGHEST GUST DIRECTION     S (180)
  AVERAGE WIND SPEED     9.4


SKY COVER
  AVERAGE SKY COVER 0.2


WEATHER CONDITIONS
 THE FOLLOWING WEATHER WAS RECORDED YESTERDAY.
  FOG
  HAZE


RELATIVE HUMIDITY (PERCENT)
 HIGHEST    97
 LOWEST     36
 AVERAGE    67

..........................................................


THE GOODLAND KS CLIMATE NORMALS FOR TODAY
                         NORMAL    RECORD    YEAR
 MAXIMUM TEMPERATURE (F)   90       110      1940
                                             1936
 MINIMUM TEMPERATURE (F)   62        53      2004


SUNRISE AND SUNSET
JULY 24 2015..........SUNRISE   539 AM MDT   SUNSET   807 PM MDT
JULY 25 2015..........SUNRISE   540 AM MDT   SUNSET   806 PM MDT


-  INDICATES NEGATIVE NUMBERS.
R  INDICATES RECORD WAS SET OR TIED.
MM INDICATES DATA IS MISSING.
T  INDICATES TRACE AMOUNT.

&&

THE AVERAGE SOIL TEMPERATURE AT THE FOUR INCH DEPTH... 81

$$
