347
CDUS43 KGLD 210804
CLIGLD

WRKCLIGLD 000
TTAA00 KGLD 210751

CLIMATE REPORT
NATIONAL WEATHER SERVICE GOODLAND
147 AM MDT FRI APR 21 2017

...................................

...THE GOODLAND KS CLIMATE SUMMARY FOR APRIL 20 2017...

CLIMATE NORMAL PERIOD 1981 TO 2010
CLIMATE RECORD PERIOD 1895 TO 2017

WEATHER ITEM   OBSERVED TIME   RECORD YEAR NORMAL DEPARTURE LAST
                VALUE   (LST)  VALUE       VALUE  FROM      YEAR
                                                  NORMAL
..................................................................
TEMPERATURE (F)
 YESTERDAY
  MAXIMUM         68    257 PM  89    1962  65      3       61
  MINIMUM         39    529 AM  20    1953  36      3       36
  AVERAGE         54                        50      4       49

PRECIPITATION (IN)
  YESTERDAY        0.17          1.40 1929   0.06   0.11     0.01
  MONTH TO DATE    0.55                      0.96  -0.41     2.75
  SINCE MAR 1      2.23                      2.03   0.20     3.30
  SINCE JAN 1      3.16                      2.90   0.26     4.16

SNOWFALL (IN)
  YESTERDAY        0.0                       0.1   -0.1      0.0
  MONTH TO DATE    0.0                       3.4   -3.4      0.0
  SINCE MAR 1      T                        10.2  -10.2      4.4
  SINCE JUL 1      9.4                      34.2  -24.8     27.8
  SNOW DEPTH       0

DEGREE DAYS
 HEATING
  YESTERDAY       11                        15     -4       16
  MONTH TO DATE  224                       351   -127      294
  SINCE MAR 1    819                      1109   -290      899
  SINCE JUL 1   4704                      5526   -822     4745

 COOLING
  YESTERDAY        0                         0      0        0
  MONTH TO DATE    7                         0      7        0
  SINCE MAR 1      7                         0      7        0
  SINCE JAN 1      7                         0      7        0
..................................................................

WIND (MPH)
  HIGHEST WIND SPEED    20   HIGHEST WIND DIRECTION     S (160)
  HIGHEST GUST SPEED    26   HIGHEST GUST DIRECTION     N (360)
  AVERAGE WIND SPEED     8.8


SKY COVER
  AVERAGE SKY COVER 0.5


WEATHER CONDITIONS
 THE FOLLOWING WEATHER WAS RECORDED YESTERDAY.
  RAIN
  LIGHT RAIN
  FOG


RELATIVE HUMIDITY (PERCENT)
 HIGHEST    86
 LOWEST     20
 AVERAGE    53

..........................................................


THE GOODLAND KS CLIMATE NORMALS FOR TODAY
                         NORMAL    RECORD    YEAR
 MAXIMUM TEMPERATURE (F)   65        93      1989
 MINIMUM TEMPERATURE (F)   36        20      1931
                                             1907


SUNRISE AND SUNSET
APRIL 21 2017.........SUNRISE   601 AM MDT   SUNSET   731 PM MDT
APRIL 22 2017.........SUNRISE   559 AM MDT   SUNSET   732 PM MDT


-  INDICATES NEGATIVE NUMBERS.
R  INDICATES RECORD WAS SET OR TIED.
MM INDICATES DATA IS MISSING.
T  INDICATES TRACE AMOUNT.

&&

THE AVERAGE SOIL TEMPERATURE AT THE FOUR INCH DEPTH... 60

$$
