000
CDUS43 KGLD 240746
CLIGLD

CLIMATE REPORT
NATIONAL WEATHER SERVICE GOODLAND
143 AM MDT SUN AUG 24 2014

...................................

...THE GOODLAND KS CLIMATE SUMMARY FOR AUGUST 23 2014...

CLIMATE NORMAL PERIOD 1981 TO 2010
CLIMATE RECORD PERIOD 1895 TO 2014

WEATHER ITEM   OBSERVED TIME   RECORD YEAR NORMAL DEPARTURE LAST
                VALUE   (LST)  VALUE       VALUE  FROM      YEAR
                                                  NORMAL
..................................................................
TEMPERATURE (F)
 YESTERDAY
  MAXIMUM         88    429 PM 107    1943  87      1       91
  MINIMUM         60   1159 PM  38    1964  59      1       65
  AVERAGE         74                        73      1       78

PRECIPITATION (IN)
  YESTERDAY        0.00          1.25 1965   0.07  -0.07      T
  MONTH TO DATE    1.81                      2.16  -0.35     0.79
  SINCE JUN 1      9.41                      8.88   0.53     4.28
  SINCE JAN 1     12.95                     15.36  -2.41     8.64

SNOWFALL (IN)
  YESTERDAY        0.0                       0.0    0.0      0.0
  MONTH TO DATE    0.0                       0.0    0.0      0.0
  SINCE JUN 1      0.0                       0.0    0.0      0.0
  SINCE JUL 1      0.0                       0.0    0.0      0.0
  SNOW DEPTH       0

DEGREE DAYS
 HEATING
  YESTERDAY        0                         0      0        0
  MONTH TO DATE    0                         0      0        0
  SINCE JUN 1     51                        41     10       38
  SINCE JUL 1     13                         4      9        7

 COOLING
  YESTERDAY        9                         8      1       13
  MONTH TO DATE  259                       219     40      201
  SINCE JUN 1    711                       732    -21      782
  SINCE JAN 1    757                       773    -16      871
..................................................................

WIND (MPH)
  HIGHEST WIND SPEED    26   HIGHEST WIND DIRECTION    NW (330)
  HIGHEST GUST SPEED    33   HIGHEST GUST DIRECTION    NW (330)
  AVERAGE WIND SPEED     6.9

SKY COVER
  AVERAGE SKY COVER 0.3

WEATHER CONDITIONS
 THE FOLLOWING WEATHER WAS RECORDED YESTERDAY.
  FOG

RELATIVE HUMIDITY (PERCENT)
 HIGHEST   100
 LOWEST     29
 AVERAGE    65

..........................................................

THE GOODLAND KS CLIMATE NORMALS FOR TODAY
                         NORMAL    RECORD    YEAR
 MAXIMUM TEMPERATURE (F)   87       105      1936
 MINIMUM TEMPERATURE (F)   59        43      1928

SUNRISE AND SUNSET
AUGUST 24 2014........SUNRISE   608 AM MDT   SUNSET   730 PM MDT
AUGUST 25 2014........SUNRISE   609 AM MDT   SUNSET   728 PM MDT

-  INDICATES NEGATIVE NUMBERS.
R  INDICATES RECORD WAS SET OR TIED.
MM INDICATES DATA IS MISSING.
T  INDICATES TRACE AMOUNT.

&&

THE AVERAGE SOIL TEMPERATURE AT THE FOUR INCH DEPTH... 74

$$
