000
CDUS43 KGLD 300748
CLIGLD

CLIMATE REPORT
NATIONAL WEATHER SERVICE GOODLAND
1241 AM MST WED NOV 30 2016

...................................

...THE GOODLAND KS CLIMATE SUMMARY FOR NOVEMBER 29 2016...

CLIMATE NORMAL PERIOD 1981 TO 2010
CLIMATE RECORD PERIOD 1895 TO 2016

WEATHER ITEM   OBSERVED TIME   RECORD YEAR NORMAL DEPARTURE LAST
                VALUE   (LST)  VALUE       VALUE  FROM      YEAR
                                                  NORMAL
..................................................................
TEMPERATURE (F)
 YESTERDAY
  MAXIMUM         39   1058 AM  75    2003  46     -7       33
  MINIMUM         22    636 AM  -3    1896  20      2       22
  AVERAGE         31                        33     -2       28

PRECIPITATION (IN)
  YESTERDAY        T             0.38 1981   0.02  -0.02      T
  MONTH TO DATE    0.21                      0.69  -0.48     0.80
  SINCE SEP 1      2.74                      3.28  -0.54     3.53
  SINCE JAN 1     16.78                     19.18  -2.40    20.28

SNOWFALL (IN)
  YESTERDAY        T                         0.2   -0.2       T
  MONTH TO DATE    0.6                       4.4   -3.8      6.9
  SINCE SEP 1      0.6                       7.0   -6.4      6.9
  SINCE JUL 1      0.6                       7.0   -6.4      6.9
  SNOW DEPTH       0

DEGREE DAYS
 HEATING
  YESTERDAY       34                        32      2       37
  MONTH TO DATE  543                       746   -203      707
  SINCE SEP 1    821                      1274   -453     1016
  SINCE JUL 1    828                      1286   -458     1022

 COOLING
  YESTERDAY        0                         0      0        0
  MONTH TO DATE    0                         0      0        0
  SINCE SEP 1    154                       108     46      237
  SINCE JAN 1   1103                       941    162     1145
..................................................................

WIND (MPH)
  HIGHEST WIND SPEED    39   HIGHEST WIND DIRECTION    NW (320)
  HIGHEST GUST SPEED    48   HIGHEST GUST DIRECTION    NW (320)
  AVERAGE WIND SPEED    21.7

SKY COVER
  AVERAGE SKY COVER 0.6

WEATHER CONDITIONS
 THE FOLLOWING WEATHER WAS RECORDED YESTERDAY.
  LIGHT SNOW

RELATIVE HUMIDITY (PERCENT)
 HIGHEST    74
 LOWEST     44
 AVERAGE    59

..........................................................

THE GOODLAND KS CLIMATE NORMALS FOR TODAY
                         NORMAL    RECORD    YEAR
 MAXIMUM TEMPERATURE (F)   45        73      1970
 MINIMUM TEMPERATURE (F)   20        -3      1985

SUNRISE AND SUNSET
NOVEMBER 30 2016......SUNRISE   647 AM MST   SUNSET   424 PM MST
DECEMBER  1 2016......SUNRISE   648 AM MST   SUNSET   424 PM MST

-  INDICATES NEGATIVE NUMBERS.
R  INDICATES RECORD WAS SET OR TIED.
MM INDICATES DATA IS MISSING.
T  INDICATES TRACE AMOUNT.

&&

THE AVERAGE SOIL TEMPERATURE AT THE FOUR INCH DEPTH... 41
THE CURRENT DEPTH OF FROST... 0 INCHES

$$
