224
CDUS43 KGLD 150742
CLIGLD

CLIMATE REPORT
NATIONAL WEATHER SERVICE GOODLAND
1236 AM MST MON JAN 15 2018

...................................

...THE GOODLAND KS CLIMATE SUMMARY FOR JANUARY 14 2018...

CLIMATE NORMAL PERIOD 1981 TO 2010
CLIMATE RECORD PERIOD 1895 TO 2018

WEATHER ITEM   OBSERVED TIME   RECORD YEAR NORMAL DEPARTURE LAST
                VALUE   (LST)  VALUE       VALUE  FROM      YEAR
                                                  NORMAL
..................................................................
TEMPERATURE (F)
 YESTERDAY
  MAXIMUM         52    316 PM  65    2006  43      9       42
  MINIMUM         26    915 PM -15    1979  17      9       17
  AVERAGE         39                        30      9       30

PRECIPITATION (IN)
  YESTERDAY        T             0.44 1960   0.01  -0.01     0.00
  MONTH TO DATE    0.13                      0.16  -0.03     0.21
  SINCE DEC 1      0.22                      0.62  -0.40     0.81
  SINCE JAN 1      0.13                      0.16  -0.03     0.21

SNOWFALL (IN)
  YESTERDAY        T                         0.2   -0.2      0.0
  MONTH TO DATE    0.6                       2.5   -1.9      2.5
  SINCE DEC 1      2.1                       8.0   -5.9      7.5
  SINCE JUL 1      2.2                      15.2  -13.0      8.1
  SNOW DEPTH       T

DEGREE DAYS
 HEATING
  YESTERDAY       26                        35     -9       35
  MONTH TO DATE  477                       492    -15      589
  SINCE DEC 1   1551                      1580    -29     1791
  SINCE JUL 1   2702                      2899   -197     2654

 COOLING
  YESTERDAY        0                         0      0        0
  MONTH TO DATE    0                         0      0        0
  SINCE DEC 1      0                         0      0        0
  SINCE JAN 1      0                         0      0        0
..................................................................

WIND (MPH)
  HIGHEST WIND SPEED    20   HIGHEST WIND DIRECTION    NW (300)
  HIGHEST GUST SPEED    27   HIGHEST GUST DIRECTION     W (280)
  AVERAGE WIND SPEED    10.3


SKY COVER
  AVERAGE SKY COVER 0.5


WEATHER CONDITIONS
 THE FOLLOWING WEATHER WAS RECORDED YESTERDAY.
  LIGHT SNOW


RELATIVE HUMIDITY (PERCENT)
 HIGHEST   100
 LOWEST     41
 AVERAGE    71

..........................................................


THE GOODLAND KS CLIMATE NORMALS FOR TODAY
                         NORMAL    RECORD    YEAR
 MAXIMUM TEMPERATURE (F)   43        68      1943
 MINIMUM TEMPERATURE (F)   17        -6      2007
                                             1930


SUNRISE AND SUNSET
JANUARY 15 2018.......SUNRISE   705 AM MST   SUNSET   448 PM MST
JANUARY 16 2018.......SUNRISE   705 AM MST   SUNSET   449 PM MST


-  INDICATES NEGATIVE NUMBERS.
R  INDICATES RECORD WAS SET OR TIED.
MM INDICATES DATA IS MISSING.
T  INDICATES TRACE AMOUNT.

&&

THE AVERAGE SOIL TEMPERATURE AT THE FOUR INCH DEPTH... 30
THE CURRENT DEPTH OF FROST... 2 INCHES

$$
