000
CDUS43 KGLD 270756
CLIGLD

CLIMATE REPORT
NATIONAL WEATHER SERVICE GOODLAND
151 AM MDT WED APR 27 2016
...................................

...THE GOODLAND KS CLIMATE SUMMARY FOR APRIL 26 2016...

CLIMATE NORMAL PERIOD 1981 TO 2010
CLIMATE RECORD PERIOD 1895 TO 2016

WEATHER ITEM   OBSERVED TIME   RECORD YEAR NORMAL DEPARTURE LAST
                VALUE   (LST)  VALUE       VALUE  FROM      YEAR
                                                  NORMAL
..................................................................
TEMPERATURE (F)
 YESTERDAY
  MAXIMUM         74    200 PM  89    1927  67      7       48
  MINIMUM         42   1159 PM  23    2006  38      4       42
                                      1953
                                      1924
  AVERAGE         58                        53      5       45

PRECIPITATION (IN)
  YESTERDAY        0.02          0.74 1923   0.06  -0.04     0.07
                                      1922
  MONTH TO DATE    2.77                      1.34   1.43     4.84
  SINCE MAR 1      3.32                      2.41   0.91     4.95
  SINCE JAN 1      4.18                      3.28   0.90     6.03

SNOWFALL (IN)
  YESTERDAY        0.0                       0.1   -0.1      0.0
  MONTH TO DATE    0.0                       4.0   -4.0      2.0
  SINCE MAR 1      4.4                      10.8   -6.4      2.6
  SINCE JUL 1     27.8                      34.8   -7.0     24.7
  SNOW DEPTH       0

DEGREE DAYS
 HEATING
  YESTERDAY        7                        13     -6       20
  MONTH TO DATE  337                       432    -95      354
  SINCE MAR 1    942                      1190   -248      919
  SINCE JUL 1   4788                      5607   -819     5134

 COOLING
  YESTERDAY        0                         0      0        0
  MONTH TO DATE    0                         0      0        0
  SINCE MAR 1      0                         0      0        0
  SINCE JAN 1      0                         0      0        0
..................................................................

WIND (MPH)
  HIGHEST WIND SPEED    29   HIGHEST WIND DIRECTION    NW (320)
  HIGHEST GUST SPEED    38   HIGHEST GUST DIRECTION     N (350)
  AVERAGE WIND SPEED    13.4


SKY COVER
  AVERAGE SKY COVER 0.4


WEATHER CONDITIONS
 THE FOLLOWING WEATHER WAS RECORDED YESTERDAY.
  THUNDERSTORM
  LIGHT RAIN
  FOG


RELATIVE HUMIDITY (PERCENT)
 HIGHEST   100
 LOWEST     12
 AVERAGE    56

..........................................................


THE GOODLAND KS CLIMATE NORMALS FOR TODAY
                         NORMAL    RECORD    YEAR
 MAXIMUM TEMPERATURE (F)   67        90      1953
 MINIMUM TEMPERATURE (F)   39        22      1994


SUNRISE AND SUNSET
APRIL 27 2016.........SUNRISE   552 AM MDT   SUNSET   737 PM MDT
APRIL 28 2016.........SUNRISE   551 AM MDT   SUNSET   738 PM MDT


-  INDICATES NEGATIVE NUMBERS.
R  INDICATES RECORD WAS SET OR TIED.
MM INDICATES DATA IS MISSING.
T  INDICATES TRACE AMOUNT.

&&

THE AVERAGE SOIL TEMPERATURE AT THE FOUR INCH DEPTH... 59

$$
