867
CDUS43 KGLD 190756
CLIGLD

CLIMATE REPORT
NATIONAL WEATHER SERVICE GOODLAND
151 AM MDT TUE SEP 19 2017

...................................

...THE GOODLAND KS CLIMATE SUMMARY FOR SEPTEMBER 18 2017...

CLIMATE NORMAL PERIOD 1981 TO 2010
CLIMATE RECORD PERIOD 1895 TO 2017

WEATHER ITEM   OBSERVED TIME   RECORD YEAR NORMAL DEPARTURE LAST
                VALUE   (LST)  VALUE       VALUE  FROM      YEAR
                                                  NORMAL
..................................................................
TEMPERATURE (F)
 YESTERDAY
  MAXIMUM         85    217 PM  99    1895  78      7       90
  MINIMUM         55    654 AM  34    1971  49      6       52
  AVERAGE         70                        64      6       71

PRECIPITATION (IN)
  YESTERDAY        0.00          2.01 1967   0.04  -0.04     0.00
  MONTH TO DATE    0.43                      0.75  -0.32     2.37
  SINCE SEP 1      0.43                      0.75  -0.32     2.37
  SINCE JAN 1     22.39                     16.65   5.74    16.41

SNOWFALL (IN)
  YESTERDAY        0.0                       0.0    0.0      0.0
  MONTH TO DATE    0.0                       0.1   -0.1       T
  SINCE SEP 1      0.0                       0.1   -0.1       T
  SINCE JUL 1      T                         0.1   -0.1       T
  SNOW DEPTH       0

DEGREE DAYS
 HEATING
  YESTERDAY        0                         4     -4        0
  MONTH TO DATE   26                        39    -13       27
  SINCE SEP 1     26                        39    -13       27
  SINCE JUL 1     26                        51    -25       34

 COOLING
  YESTERDAY        5                         3      2        6
  MONTH TO DATE  112                        81     31       77
  SINCE SEP 1    112                        81     31       77
  SINCE JAN 1    931                       914     17     1026
..................................................................

WIND (MPH)
  HIGHEST WIND SPEED    12   HIGHEST WIND DIRECTION     S (170)
  HIGHEST GUST SPEED    16   HIGHEST GUST DIRECTION     N (360)
  AVERAGE WIND SPEED     5.9


SKY COVER
  AVERAGE SKY COVER 0.3


WEATHER CONDITIONS
 THE FOLLOWING WEATHER WAS RECORDED YESTERDAY.
  FOG
  FOG W/VISIBILITY <= 1/4 MILE


RELATIVE HUMIDITY (PERCENT)
 HIGHEST   100
 LOWEST     24
 AVERAGE    62

..........................................................


THE GOODLAND KS CLIMATE NORMALS FOR TODAY
                         NORMAL    RECORD    YEAR
 MAXIMUM TEMPERATURE (F)   78        99      1935
 MINIMUM TEMPERATURE (F)   49        32      1971


SUNRISE AND SUNSET
SEPTEMBER 19 2017.....SUNRISE   632 AM MDT   SUNSET   648 PM MDT
SEPTEMBER 20 2017.....SUNRISE   633 AM MDT   SUNSET   647 PM MDT


-  INDICATES NEGATIVE NUMBERS.
R  INDICATES RECORD WAS SET OR TIED.
MM INDICATES DATA IS MISSING.
T  INDICATES TRACE AMOUNT.

&&

THE AVERAGE SOIL TEMPERATURE AT THE FOUR INCH DEPTH... 65

$$
