000
CDUS43 KGLD 240824
CLIGLD

CLIMATE REPORT
NATIONAL WEATHER SERVICE GOODLAND
122 AM MST FRI FEB 24 2017

...................................

...THE GOODLAND KS CLIMATE SUMMARY FOR FEBRUARY 23 2017...

CLIMATE NORMAL PERIOD 1981 TO 2010
CLIMATE RECORD PERIOD 1895 TO 2017

WEATHER ITEM   OBSERVED TIME   RECORD YEAR NORMAL DEPARTURE LAST
                VALUE   (LST)  VALUE       VALUE  FROM      YEAR
                                                  NORMAL
..................................................................
TEMPERATURE (F)
 YESTERDAY
  MAXIMUM         42   1257 AM  75    1936  48     -6       46
                                      1918
  MINIMUM         23   1159 PM -11    1960  21      2       21
  AVERAGE         33                        34     -1       34

PRECIPITATION (IN)
  YESTERDAY        0.01          0.47 1997   0.03  -0.02     0.00
  MONTH TO DATE    0.01                      0.39  -0.38     0.82
  SINCE DEC 1      1.53                      1.23   0.30     1.02
  SINCE JAN 1      0.93                      0.77   0.16     0.86

SNOWFALL (IN)
  YESTERDAY        T                         0.2   -0.2      0.0
  MONTH TO DATE    T                         4.6   -4.6     13.3
  SINCE DEC 1      8.8                      16.0   -7.2     15.2
  SINCE JUL 1      9.4                      23.2  -13.8     23.4
  SNOW DEPTH       0

DEGREE DAYS
 HEATING
  YESTERDAY       32                        31      1       31
  MONTH TO DATE  525                       767   -242      658
  SINCE DEC 1   2843                      2951   -108     2659
  SINCE JUL 1   3706                      4270   -564     3719

 COOLING
  YESTERDAY        0                         0      0        0
  MONTH TO DATE    0                         0      0        0
  SINCE DEC 1      0                         0      0        0
  SINCE JAN 1      0                         0      0        0
..................................................................

WIND (MPH)
  HIGHEST WIND SPEED    28   HIGHEST WIND DIRECTION     N (350)
  HIGHEST GUST SPEED    35   HIGHEST GUST DIRECTION     E (90)
  AVERAGE WIND SPEED    18.5


SKY COVER
  AVERAGE SKY COVER 0.7


WEATHER CONDITIONS
 THE FOLLOWING WEATHER WAS RECORDED YESTERDAY.
  LT FREEZING RAIN
  LIGHT SNOW


RELATIVE HUMIDITY (PERCENT)
 HIGHEST   100
 LOWEST     43
 AVERAGE    72

..........................................................


THE GOODLAND KS CLIMATE NORMALS FOR TODAY
                         NORMAL    RECORD    YEAR
 MAXIMUM TEMPERATURE (F)   48        80      1918
 MINIMUM TEMPERATURE (F)   21       -16      1960


SUNRISE AND SUNSET
FEBRUARY 24 2017......SUNRISE   626 AM MST   SUNSET   534 PM MST
FEBRUARY 25 2017......SUNRISE   625 AM MST   SUNSET   535 PM MST


-  INDICATES NEGATIVE NUMBERS.
R  INDICATES RECORD WAS SET OR TIED.
MM INDICATES DATA IS MISSING.
T  INDICATES TRACE AMOUNT.

&&

THE AVERAGE SOIL TEMPERATURE AT THE FOUR INCH DEPTH... 49
THE CURRENT DEPTH OF FROST... 00 INCHES

$$
