000
CDUS43 KGLD 210039
CLIGLD

CLIMATE REPORT
NATIONAL WEATHER SERVICE GOODLAND
638 PM MDT SUN JUL 20 2014

...................................

...THE GOODLAND KS CLIMATE SUMMARY FOR JULY 20 2014...
VALID TODAY AS OF 0600 PM LOCAL TIME.

CLIMATE NORMAL PERIOD 1981 TO 2010
CLIMATE RECORD PERIOD 1895 TO 2014

WEATHER ITEM   OBSERVED TIME   RECORD YEAR NORMAL DEPARTURE LAST
                VALUE   (LST)  VALUE       VALUE  FROM      YEAR
                                                  NORMAL
..................................................................
TEMPERATURE (F)
 TODAY
  MAXIMUM        101    450 PM 109    2005  90     11       86
                                      1939
  MINIMUM         63    417 AM  50    1897  62      1       61
  AVERAGE         82                        76      6       74

PRECIPITATION (IN)
  TODAY            0.00          1.60 1942   0.12  -0.12     0.00
  MONTH TO DATE    1.73                      2.23  -0.50     0.16
  SINCE JUN 1      7.26                      5.48   1.78     3.20
  SINCE JAN 1     10.80                     11.96  -1.16     7.56

SNOWFALL (IN)
  TODAY            0.0                       0.0    0.0      0.0
  MONTH TO DATE    0.0                       0.0    0.0      0.0
  SINCE JUN 1      0.0                       0.0    0.0      0.0
  SINCE JUL 1      0.0                       0.0    0.0      0.0
  SNOW DEPTH       0

DEGREE DAYS
 HEATING
  TODAY            0                         0      0        0
  MONTH TO DATE   13                         0     13        0
  SINCE JUN 1     51                        37     14       31
  SINCE JUL 1     13                         0     13        0

 COOLING
  TODAY           17                        11      6        9
  MONTH TO DATE  172                       213    -41      234
  SINCE JUN 1    321                       392    -71      491
  SINCE JAN 1    367                       433    -66      580
..................................................................

WIND (MPH)
  HIGHEST WIND SPEED    16   HIGHEST WIND DIRECTION    SW (240)
  HIGHEST GUST SPEED    21   HIGHEST GUST DIRECTION    SW (240)
  AVERAGE WIND SPEED     8.9

SKY COVER
  AVERAGE SKY COVER 0.0

WEATHER CONDITIONS
 THE FOLLOWING WEATHER WAS RECORDED TODAY.
  NO SIGNIFICANT WEATHER WAS OBSERVED.

RELATIVE HUMIDITY (PERCENT)
 HIGHEST    84          1200 AM
 LOWEST     15          1200 PM
 AVERAGE    50

..........................................................

THE GOODLAND KS CLIMATE NORMALS FOR TOMORROW
                         NORMAL    RECORD    YEAR
 MAXIMUM TEMPERATURE (F)   90       105      2012
                                             2005
                                             1934
 MINIMUM TEMPERATURE (F)   62        50      1958

SUNRISE AND SUNSET
JULY 20 2014..........SUNRISE   536 AM MDT   SUNSET   810 PM MDT
JULY 21 2014..........SUNRISE   537 AM MDT   SUNSET   809 PM MDT

-  INDICATES NEGATIVE NUMBERS.
R  INDICATES RECORD WAS SET OR TIED.
MM INDICATES DATA IS MISSING.
T  INDICATES TRACE AMOUNT.

&&

THE AVERAGE SOIL TEMPERATURE AT THE FOUR INCH DEPTH... 70

$$
