000
CDUS43 KGLD 070751
CLIGLD

CLIMATE REPORT
NATIONAL WEATHER SERVICE GOODLAND
1246 AM MST SAT JAN 7 2017

...................................

...THE GOODLAND KS CLIMATE SUMMARY FOR JANUARY 6 2017...

CLIMATE NORMAL PERIOD 1981 TO 2010
CLIMATE RECORD PERIOD 1895 TO 2017

WEATHER ITEM   OBSERVED TIME   RECORD YEAR NORMAL DEPARTURE LAST
                VALUE   (LST)  VALUE       VALUE  FROM      YEAR
                                                  NORMAL
..................................................................
TEMPERATURE (F)
 YESTERDAY
  MAXIMUM         22    311 PM  68    1965  42    -20       48
  MINIMUM         -5    744 AM -21    1912  17    -22       16
  AVERAGE          9                        30    -21       32

PRECIPITATION (IN)
  YESTERDAY        0.00          0.26 1940   0.01  -0.01     0.00
  MONTH TO DATE    0.15                      0.07   0.08     0.00
  SINCE DEC 1      0.75                      0.53   0.22     0.16
  SINCE JAN 1      0.15                      0.07   0.08     0.00

SNOWFALL (IN)
  YESTERDAY        0.0                       0.2   -0.2      0.0
  MONTH TO DATE    2.5                       1.1    1.4      0.0
  SINCE DEC 1      7.5                       6.6    0.9      1.7
  SINCE JUL 1      8.1                      13.8   -5.7      9.9
  SNOW DEPTH       0

DEGREE DAYS
 HEATING
  YESTERDAY       56                        35     21       33
  MONTH TO DATE  301                       212     89      200
  SINCE DEC 1   1503                      1300    203     1182
  SINCE JUL 1   2366                      2619   -253     2242

 COOLING
  YESTERDAY        0                         0      0        0
  MONTH TO DATE    0                         0      0        0
  SINCE DEC 1      0                         0      0        0
  SINCE JAN 1      0                         0      0        0
..................................................................

WIND (MPH)
  HIGHEST WIND SPEED    13   HIGHEST WIND DIRECTION     W (270)
  HIGHEST GUST SPEED    15   HIGHEST GUST DIRECTION     W (250)
  AVERAGE WIND SPEED     8.5


SKY COVER
  AVERAGE SKY COVER 0.0


WEATHER CONDITIONS
 THE FOLLOWING WEATHER WAS RECORDED YESTERDAY.
  NO SIGNIFICANT WEATHER WAS OBSERVED.


RELATIVE HUMIDITY (PERCENT)
 HIGHEST    79
 LOWEST     33
 AVERAGE    56

..........................................................


THE GOODLAND KS CLIMATE NORMALS FOR TODAY
                         NORMAL    RECORD    YEAR
 MAXIMUM TEMPERATURE (F)   42        72      1965
 MINIMUM TEMPERATURE (F)   17       -17      1912


SUNRISE AND SUNSET
JANUARY  7 2017.......SUNRISE   707 AM MST   SUNSET   440 PM MST
JANUARY  8 2017.......SUNRISE   707 AM MST   SUNSET   441 PM MST


-  INDICATES NEGATIVE NUMBERS.
R  INDICATES RECORD WAS SET OR TIED.
MM INDICATES DATA IS MISSING.
T  INDICATES TRACE AMOUNT.

&&

THE AVERAGE SOIL TEMPERATURE AT THE FOUR INCH DEPTH... 26
THE CURRENT DEPTH OF FROST... 15 INCHES

$$
