000
CDUS43 KGLD 250739
CLIGLD

CLIMATE REPORT
NATIONAL WEATHER SERVICE GOODLAND
136 AM MDT THU SEP 25 2014

...................................

...THE GOODLAND KS CLIMATE SUMMARY FOR SEPTEMBER 24 2014...

CLIMATE NORMAL PERIOD 1981 TO 2010
CLIMATE RECORD PERIOD 1895 TO 2014

WEATHER ITEM   OBSERVED TIME   RECORD YEAR NORMAL DEPARTURE LAST
                VALUE   (LST)  VALUE       VALUE  FROM      YEAR
                                                  NORMAL
..................................................................
TEMPERATURE (F)
 YESTERDAY
  MAXIMUM         86    328 PM  96    1966  75     11       77
                                      1908
  MINIMUM         55    241 AM  30    2000  46      9       47
                                      1926
  AVERAGE         71                        61     10       62

PRECIPITATION (IN)
  YESTERDAY        0.00          0.87 1959   0.03  -0.03     0.00
  MONTH TO DATE    1.69                      0.98   0.71     6.27
  SINCE SEP 1      1.69                      0.98   0.71     6.27
  SINCE JAN 1     15.59                     16.88  -1.29    15.06

SNOWFALL (IN)
  YESTERDAY        0.0                       0.1   -0.1      0.0
  MONTH TO DATE    T                         0.3   -0.3      0.0
  SINCE SEP 1      T                         0.3   -0.3      0.0
  SINCE JUL 1      T                         0.3   -0.3      0.0
  SNOW DEPTH       0

DEGREE DAYS
 HEATING
  YESTERDAY        0                         6     -6        3
  MONTH TO DATE   95                        70     25       29
  SINCE SEP 1     95                        70     25       29
  SINCE JUL 1    108                        82     26       36

 COOLING
  YESTERDAY        6                         2      4        0
  MONTH TO DATE   94                        94      0      180
  SINCE SEP 1     94                        94      0      180
  SINCE JAN 1    896                       927    -31     1178
..................................................................

WIND (MPH)
  HIGHEST WIND SPEED    13   HIGHEST WIND DIRECTION    SW (210)
  HIGHEST GUST SPEED    16   HIGHEST GUST DIRECTION     S (200)
  AVERAGE WIND SPEED     6.8


SKY COVER
  AVERAGE SKY COVER 0.0


WEATHER CONDITIONS
THE FOLLOWING WEATHER WAS RECORDED YESTERDAY.
  NO SIGNIFICANT WEATHER WAS OBSERVED.


RELATIVE HUMIDITY (PERCENT)
 HIGHEST    93
 LOWEST     27
 AVERAGE    60

..........................................................


THE GOODLAND KS CLIMATE NORMALS FOR TODAY
                         NORMAL    RECORD    YEAR
 MAXIMUM TEMPERATURE (F)   75        97      1998
 MINIMUM TEMPERATURE (F)   46        21      1926


SUNRISE AND SUNSET
SEPTEMBER 25 2014.....SUNRISE   637 AM MDT   SUNSET   639 PM MDT
SEPTEMBER 26 2014.....SUNRISE   638 AM MDT   SUNSET   637 PM MDT


-  INDICATES NEGATIVE NUMBERS.
R  INDICATES RECORD WAS SET OR TIED.
MM INDICATES DATA IS MISSING.
T  INDICATES TRACE AMOUNT.

&&

THE AVERAGE SOIL TEMPERATURE AT THE FOUR INCH DEPTH... 66

$$
