000
CDUS43 KGLD 240740
CLIGLD

CLIMATE REPORT
NATIONAL WEATHER SERVICE GOODLAND
138 AM MDT WED SEP 24 2014

...................................

...THE GOODLAND KS CLIMATE SUMMARY FOR SEPTEMBER 23 2014...

CLIMATE NORMAL PERIOD 1981 TO 2010
CLIMATE RECORD PERIOD 1895 TO 2014

WEATHER ITEM   OBSERVED TIME   RECORD YEAR NORMAL DEPARTURE LAST
                VALUE   (LST)  VALUE       VALUE  FROM      YEAR
                                                  NORMAL
..................................................................
TEMPERATURE (F)
 YESTERDAY
  MAXIMUM         84    257 PM  95    2003  76      8       70
                                      1954
  MINIMUM         56    630 AM  29    1946  47      9       51
  AVERAGE         70                        61      9       61

PRECIPITATION (IN)
  YESTERDAY        0.00          1.46 2010   0.04  -0.04      T
  MONTH TO DATE    1.69                      0.95   0.74     6.27
  SINCE SEP 1      1.69                      0.95   0.74     6.27
  SINCE JAN 1     15.59                     16.85  -1.26    15.06

SNOWFALL (IN)
  YESTERDAY        0.0                       0.0    0.0      0.0
  MONTH TO DATE    T                         0.2   -0.2      0.0
  SINCE SEP 1      T                         0.2   -0.2      0.0
  SINCE JUL 1      T                         0.2   -0.2      0.0
  SNOW DEPTH       0

DEGREE DAYS
 HEATING
  YESTERDAY        0                         6     -6        4
  MONTH TO DATE   95                        64     31       26
  SINCE SEP 1     95                        64     31       26
  SINCE JUL 1    108                        76     32       33

 COOLING
  YESTERDAY        5                         2      3        0
  MONTH TO DATE   88                        92     -4      180
  SINCE SEP 1     88                        92     -4      180
  SINCE JAN 1    890                       925    -35     1178
..................................................................

WIND (MPH)
  HIGHEST WIND SPEED    20   HIGHEST WIND DIRECTION     S (160)
  HIGHEST GUST SPEED    25   HIGHEST GUST DIRECTION    SE (150)
  AVERAGE WIND SPEED     6.7


SKY COVER
  AVERAGE SKY COVER 0.0


WEATHER CONDITIONS
THE FOLLOWING WEATHER WAS RECORDED YESTERDAY.
  NO SIGNIFICANT WEATHER WAS OBSERVED.


RELATIVE HUMIDITY (PERCENT)
 HIGHEST   100
 LOWEST     32
 AVERAGE    66

..........................................................


THE GOODLAND KS CLIMATE NORMALS FOR TODAY
                         NORMAL    RECORD    YEAR
 MAXIMUM TEMPERATURE (F)   75        96      1966
                                             1908
 MINIMUM TEMPERATURE (F)   46        30      2000
                                             1926


SUNRISE AND SUNSET
SEPTEMBER 24 2014.....SUNRISE   636 AM MDT   SUNSET   641 PM MDT
SEPTEMBER 25 2014.....SUNRISE   637 AM MDT   SUNSET   639 PM MDT


-  INDICATES NEGATIVE NUMBERS.
R  INDICATES RECORD WAS SET OR TIED.
MM INDICATES DATA IS MISSING.
T  INDICATES TRACE AMOUNT.

&&

THE AVERAGE SOIL TEMPERATURE AT THE FOUR INCH DEPTH... 63

$$
