000
CDUS43 KGLD 060738
CLIGLD

CLIMATE REPORT
NATIONAL WEATHER SERVICE GOODLAND
136 AM MDT SUN AUG 6 2017

...................................

...THE GOODLAND KS CLIMATE SUMMARY FOR AUGUST 5 2017...

CLIMATE NORMAL PERIOD 1981 TO 2010
CLIMATE RECORD PERIOD 1895 TO 2017

WEATHER ITEM   OBSERVED TIME   RECORD YEAR NORMAL DEPARTURE LAST
                VALUE   (LST)  VALUE       VALUE  FROM      YEAR
                                                  NORMAL
..................................................................
TEMPERATURE (F)
 YESTERDAY
  MAXIMUM         82    121 PM 107    1934  89     -7       74
  MINIMUM         61   1127 PM  47    1974  62     -1       61
  AVERAGE         72                        75     -3       68

PRECIPITATION (IN)
  YESTERDAY        T             1.20 1897   0.10  -0.10     0.02
  MONTH TO DATE    T                         0.53  -0.53     0.02
  SINCE JUN 1      7.82                      7.25   0.57     4.39
  SINCE JAN 1     20.21                     13.73   6.48    11.75

SNOWFALL (IN)
  YESTERDAY        0.0                       0.0    0.0      0.0
  MONTH TO DATE    0.0                       0.0    0.0      0.0
  SINCE JUN 1      T                         0.0    0.0      0.0
  SINCE JUL 1      0.0                       0.0    0.0      0.0
  SNOW DEPTH       0

DEGREE DAYS
 HEATING
  YESTERDAY        0                         0      0        0
  MONTH TO DATE    0                         0      0        0
  SINCE JUN 1     13                        41    -28        2
  SINCE JUL 1      0                         4     -4        0

 COOLING
  YESTERDAY        7                        10     -3        3
  MONTH TO DATE   25                        52    -27       56
  SINCE JUN 1    616                       565     51      747
  SINCE JAN 1    654                       606     48      771
..................................................................

WIND (MPH)
  HIGHEST WIND SPEED    21   HIGHEST WIND DIRECTION     S (170)
  HIGHEST GUST SPEED    24   HIGHEST GUST DIRECTION     S (170)
  AVERAGE WIND SPEED     8.1


SKY COVER
  AVERAGE SKY COVER 0.1


WEATHER CONDITIONS
 THE FOLLOWING WEATHER WAS RECORDED YESTERDAY.
  LIGHT RAIN
  FOG


RELATIVE HUMIDITY (PERCENT)
 HIGHEST    90
 LOWEST     51
 AVERAGE    71

..........................................................


THE GOODLAND KS CLIMATE NORMALS FOR TODAY
                         NORMAL    RECORD    YEAR
 MAXIMUM TEMPERATURE (F)   89       108      1970
 MINIMUM TEMPERATURE (F)   62        42      1974


SUNRISE AND SUNSET
AUGUST  6 2017........SUNRISE   552 AM MDT   SUNSET   753 PM MDT
AUGUST  7 2017........SUNRISE   552 AM MDT   SUNSET   752 PM MDT


-  INDICATES NEGATIVE NUMBERS.
R  INDICATES RECORD WAS SET OR TIED.
MM INDICATES DATA IS MISSING.
T  INDICATES TRACE AMOUNT.

&&

THE AVERAGE SOIL TEMPERATURE AT THE FOUR INCH DEPTH... 71

$$
