000
CDUS43 KGLD 110042
CLIGLD

CLIMATE REPORT
NATIONAL WEATHER SERVICE GOODLAND
540 PM MST SAT FEB 10 2018

...................................

...THE GOODLAND KS CLIMATE SUMMARY FOR FEBRUARY 10 2018...
VALID TODAY AS OF 0500 PM LOCAL TIME.

CLIMATE NORMAL PERIOD 1981 TO 2010
CLIMATE RECORD PERIOD 1895 TO 2018

WEATHER ITEM   OBSERVED TIME   RECORD YEAR NORMAL DEPARTURE LAST
                VALUE   (LST)  VALUE       VALUE  FROM      YEAR
                                                  NORMAL
..................................................................
TEMPERATURE (F)
 TODAY
  MAXIMUM         12    132 PM  87    2017  44    -32       87
  MINIMUM          4    441 AM -17    1981  18    -14       39
  AVERAGE          8                        31    -23       63

PRECIPITATION (IN)
  TODAY            0.12          0.50 1993   0.01   0.11     0.00
  MONTH TO DATE    0.45                      0.15   0.30      T
  SINCE DEC 1      1.22                      0.99   0.23     1.52
  SINCE JAN 1      1.13                      0.53   0.60     0.92

SNOWFALL (IN)
  TODAY            2.0                       0.3    1.7      0.0
  MONTH TO DATE    7.3                       2.2    5.1       T
  SINCE DEC 1     17.8                      13.6    4.2      8.8
  SINCE JUL 1     17.9                      20.8   -2.9      9.4
  SNOW DEPTH       T

DEGREE DAYS
 HEATING
  TODAY           57                        34     23        2
  MONTH TO DATE  376                       346     30      277
  SINCE DEC 1   2478                      2530    -52     2595
  SINCE JUL 1   3629                      3849   -220     3458

 COOLING
  TODAY            0                         0      0        0
  MONTH TO DATE    0                         0      0        0
  SINCE DEC 1      0                         0      0        0
  SINCE JAN 1      0                         0      0        0
..................................................................

WIND (MPH)
  HIGHEST WIND SPEED    13   HIGHEST WIND DIRECTION     N (10)
  HIGHEST GUST SPEED    16   HIGHEST GUST DIRECTION     N (10)
  AVERAGE WIND SPEED     6.8


SKY COVER
  AVERAGE SKY COVER 0.8


WEATHER CONDITIONS
 THE FOLLOWING WEATHER WAS RECORDED TODAY.
  SNOW
  LIGHT SNOW
  FOG


RELATIVE HUMIDITY (PERCENT)
 HIGHEST    91           400 AM
 LOWEST     73          1100 AM
 AVERAGE    82

..........................................................


THE GOODLAND KS CLIMATE NORMALS FOR TOMORROW
                         NORMAL    RECORD    YEAR
 MAXIMUM TEMPERATURE (F)   44        78      1962
 MINIMUM TEMPERATURE (F)   19       -13      1981


SUNRISE AND SUNSET
FEBRUARY 10 2018......SUNRISE   645 AM MST   SUNSET   518 PM MST
FEBRUARY 11 2018......SUNRISE   643 AM MST   SUNSET   519 PM MST


-  INDICATES NEGATIVE NUMBERS.
R  INDICATES RECORD WAS SET OR TIED.
MM INDICATES DATA IS MISSING.
T  INDICATES TRACE AMOUNT.

&&

THE AVERAGE SOIL TEMPERATURE AT THE FOUR INCH DEPTH... 32
THE CURRENT DEPTH OF FROST... 3 INCHES

$$
