000
CDUS43 KGLD 160751
CLIGLD

CLIMATE REPORT
NATIONAL WEATHER SERVICE GOODLAND
1249 AM MST THU FEB 16 2017

...................................

...THE GOODLAND KS CLIMATE SUMMARY FOR FEBRUARY 15 2017...

CLIMATE NORMAL PERIOD 1981 TO 2010
CLIMATE RECORD PERIOD 1895 TO 2017

WEATHER ITEM   OBSERVED TIME   RECORD YEAR NORMAL DEPARTURE LAST
                VALUE   (LST)  VALUE       VALUE  FROM      YEAR
                                                  NORMAL
..................................................................
TEMPERATURE (F)
 YESTERDAY
  MAXIMUM         63    342 PM  68    2011  45     18       61
                                      1947
  MINIMUM         23    546 AM -13    2007  19      4       28
  AVERAGE         43                        32     11       45

PRECIPITATION (IN)
  YESTERDAY        0.00          0.50 1984   0.01  -0.01     0.00
  MONTH TO DATE    T                         0.23  -0.23     0.82
  SINCE DEC 1      1.52                      1.07   0.45     1.02
  SINCE JAN 1      0.92                      0.61   0.31     0.86

SNOWFALL (IN)
  YESTERDAY        0.0                       0.2   -0.2      0.0
  MONTH TO DATE    T                         3.2   -3.2     13.3
  SINCE DEC 1      8.8                      14.6   -5.8     15.2
  SINCE JUL 1      9.4                      21.8  -12.4     23.4
  SNOW DEPTH       0

DEGREE DAYS
 HEATING
  YESTERDAY       22                        33    -11       20
  MONTH TO DATE  398                       513   -115      501
  SINCE DEC 1   2716                      2697     19     2502
  SINCE JUL 1   3579                      4016   -437     3562

 COOLING
  YESTERDAY        0                         0      0        0
  MONTH TO DATE    0                         0      0        0
  SINCE DEC 1      0                         0      0        0
  SINCE JAN 1      0                         0      0        0
..................................................................

WIND (MPH)
  HIGHEST WIND SPEED    23   HIGHEST WIND DIRECTION    SW (230)
  HIGHEST GUST SPEED    26   HIGHEST GUST DIRECTION    SW (230)
  AVERAGE WIND SPEED    12.3


SKY COVER
  AVERAGE SKY COVER 0.0


WEATHER CONDITIONS
 THE FOLLOWING WEATHER WAS RECORDED YESTERDAY.
  NO SIGNIFICANT WEATHER WAS OBSERVED.


RELATIVE HUMIDITY (PERCENT)
 HIGHEST    81
 LOWEST     19
 AVERAGE    50

..........................................................


THE GOODLAND KS CLIMATE NORMALS FOR TODAY
                         NORMAL    RECORD    YEAR
 MAXIMUM TEMPERATURE (F)   45        75      2011
 MINIMUM TEMPERATURE (F)   19       -17      1993


SUNRISE AND SUNSET
FEBRUARY 16 2017......SUNRISE   637 AM MST   SUNSET   525 PM MST
FEBRUARY 17 2017......SUNRISE   636 AM MST   SUNSET   526 PM MST


-  INDICATES NEGATIVE NUMBERS.
R  INDICATES RECORD WAS SET OR TIED.
MM INDICATES DATA IS MISSING.
T  INDICATES TRACE AMOUNT.

&&

THE AVERAGE SOIL TEMPERATURE AT THE FOUR INCH DEPTH... 37
THE CURRENT DEPTH OF FROST... 0 INCHES

$$
