000
CDUS43 KGLD 130043
CLIGLD

CLIMATE REPORT
NATIONAL WEATHER SERVICE GOODLAND
637 PM MDT WED JUL 12 2017

...................................

...THE GOODLAND KS CLIMATE SUMMARY FOR JULY 12 2017...
VALID TODAY AS OF 0600 PM LOCAL TIME.

CLIMATE NORMAL PERIOD 1981 TO 2010
CLIMATE RECORD PERIOD 1895 TO 2017

WEATHER ITEM   OBSERVED TIME   RECORD YEAR NORMAL DEPARTURE LAST
                VALUE   (LST)  VALUE       VALUE  FROM      YEAR
                                                  NORMAL
..................................................................
TEMPERATURE (F)
 TODAY
  MAXIMUM         92    141 PM 106    1954  90      2       91
  MINIMUM         70    425 AM  44    1895  61      9       56
  AVERAGE         81                        76      5       74

PRECIPITATION (IN)
  TODAY            T             1.73 2001   0.12  -0.12     0.00
  MONTH TO DATE    0.17                      1.33  -1.16     0.69
  SINCE JUN 1      4.61                      4.58   0.03     2.31
  SINCE JAN 1     17.00                     11.06   5.94     9.67

SNOWFALL (IN)
  TODAY            0.0                       0.0    0.0      0.0
  MONTH TO DATE    0.0                       0.0    0.0      0.0
  SINCE JUN 1      T                         0.0    0.0      0.0
  SINCE JUL 1      0.0                       0.0    0.0      0.0
  SNOW DEPTH       0

DEGREE DAYS
 HEATING
  TODAY            0                         0      0        0
  MONTH TO DATE    0                         0      0        0
  SINCE JUN 1     13                        37    -24        2
  SINCE JUL 1      0                         0      0        0

 COOLING
  TODAY           16                        11      5        9
  MONTH TO DATE  149                       125     24      146
  SINCE JUN 1    364                       304     60      435
  SINCE JAN 1    402                       345     57      459
..................................................................

WIND (MPH)
  HIGHEST WIND SPEED    28   HIGHEST WIND DIRECTION    NE (60)
  HIGHEST GUST SPEED    35   HIGHEST GUST DIRECTION    NE (50)
  AVERAGE WIND SPEED    13.1


SKY COVER
  AVERAGE SKY COVER 0.1


WEATHER CONDITIONS
 THE FOLLOWING WEATHER WAS RECORDED TODAY.
  NO SIGNIFICANT WEATHER WAS OBSERVED.


RELATIVE HUMIDITY (PERCENT)
 HIGHEST    79           600 AM
 LOWEST     41          1200 PM
 AVERAGE    60

..........................................................


THE GOODLAND KS CLIMATE NORMALS FOR TOMORROW
                         NORMAL    RECORD    YEAR
 MAXIMUM TEMPERATURE (F)   91       108      1934
 MINIMUM TEMPERATURE (F)   61        43      1990


SUNRISE AND SUNSET
JULY 12 2017..........SUNRISE   530 AM MDT   SUNSET   814 PM MDT
JULY 13 2017..........SUNRISE   531 AM MDT   SUNSET   814 PM MDT


-  INDICATES NEGATIVE NUMBERS.
R  INDICATES RECORD WAS SET OR TIED.
MM INDICATES DATA IS MISSING.
T  INDICATES TRACE AMOUNT.

&&

THE AVERAGE SOIL TEMPERATURE AT THE FOUR INCH DEPTH... 81

$$
