000
CDUS43 KGLD 060941
CLIGLD

CLIMATE REPORT
NATIONAL WEATHER SERVICE GOODLAND
238 AM MST FRI JAN 6 2017

...................................

...THE GOODLAND KS CLIMATE SUMMARY FOR JANUARY 5 2017...

CLIMATE NORMAL PERIOD 1981 TO 2010
CLIMATE RECORD PERIOD 1895 TO 2017

WEATHER ITEM   OBSERVED TIME   RECORD YEAR NORMAL DEPARTURE LAST
                VALUE   (LST)  VALUE       VALUE  FROM      YEAR
                                                  NORMAL
..................................................................
TEMPERATURE (F)
 YESTERDAY
  MAXIMUM         12    148 PM  73    2012  42    -30       46
  MINIMUM         -8   1013 PM -14    1942  17    -25       23
  AVERAGE          2                        30    -28       35

PRECIPITATION (IN)
  YESTERDAY        0.15          0.33 1955   0.01   0.14     0.00
  MONTH TO DATE    0.15                      0.06   0.09     0.00
  SINCE DEC 1      0.75                      0.52   0.23     0.16
  SINCE JAN 1      0.15                      0.06   0.09     0.00

SNOWFALL (IN)
  YESTERDAY        2.5                       0.2    2.3      0.0
  MONTH TO DATE    2.5                       0.9    1.6      0.0
  SINCE DEC 1      7.5                       6.4    1.1      1.7
  SINCE JUL 1      8.1                      13.6   -5.5      9.9
  SNOW DEPTH       3

DEGREE DAYS
 HEATING
  YESTERDAY       63                        35     28       30
  MONTH TO DATE  245                       177     68      167
  SINCE DEC 1   1447                      1265    182     1149
  SINCE JUL 1   2310                      2584   -274     2209

 COOLING
  YESTERDAY        0                         0      0        0
  MONTH TO DATE    0                         0      0        0
  SINCE DEC 1      0                         0      0        0
  SINCE JAN 1      0                         0      0        0
..................................................................

WIND (MPH)
  HIGHEST WIND SPEED    22   HIGHEST WIND DIRECTION     N (340)
  HIGHEST GUST SPEED    29   HIGHEST GUST DIRECTION     N (350)
  AVERAGE WIND SPEED    10.7


SKY COVER
  AVERAGE SKY COVER 0.5


WEATHER CONDITIONS
 THE FOLLOWING WEATHER WAS RECORDED YESTERDAY.
  LIGHT SNOW
  FOG


RELATIVE HUMIDITY (PERCENT)
 HIGHEST    88
 LOWEST     58
 AVERAGE    73

..........................................................


THE GOODLAND KS CLIMATE NORMALS FOR TODAY
                         NORMAL    RECORD    YEAR
 MAXIMUM TEMPERATURE (F)   42        68      1965
 MINIMUM TEMPERATURE (F)   17       -21      1912


SUNRISE AND SUNSET
JANUARY  6 2017.......SUNRISE   707 AM MST   SUNSET   439 PM MST
JANUARY  7 2017.......SUNRISE   707 AM MST   SUNSET   440 PM MST


-  INDICATES NEGATIVE NUMBERS.
R  INDICATES RECORD WAS SET OR TIED.
MM INDICATES DATA IS MISSING.
T  INDICATES TRACE AMOUNT.

&&

THE AVERAGE SOIL TEMPERATURE AT THE FOUR INCH DEPTH... 25
THE CURRENT DEPTH OF FROST... 15 INCHES

$$
