000
CDUS43 KGLD 280756
CLIGLD

CLIMATE REPORT
NATIONAL WEATHER SERVICE GOODLAND
153 AM MDT THU APR 28 2016
...................................

...THE GOODLAND KS CLIMATE SUMMARY FOR APRIL 27 2016...

CLIMATE NORMAL PERIOD 1981 TO 2010
CLIMATE RECORD PERIOD 1895 TO 2016

WEATHER ITEM   OBSERVED TIME   RECORD YEAR NORMAL DEPARTURE LAST
                VALUE   (LST)  VALUE       VALUE  FROM      YEAR
                                                  NORMAL
..................................................................
TEMPERATURE (F)
 YESTERDAY
  MAXIMUM         57    344 PM  90    1953  67    -10       60
  MINIMUM         35   1153 PM  22    1994  39     -4       38
  AVERAGE         46                        53     -7       49

PRECIPITATION (IN)
  YESTERDAY        0.09          0.84 1922   0.06   0.03     0.00
  MONTH TO DATE    2.86                      1.40   1.46     4.84
  SINCE MAR 1      3.41                      2.47   0.94     4.95
  SINCE JAN 1      4.27                      3.34   0.93     6.03

SNOWFALL (IN)
  YESTERDAY        0.0                       0.1   -0.1      0.0
  MONTH TO DATE    0.0                       4.1   -4.1      2.0
  SINCE MAR 1      4.4                      10.9   -6.5      2.6
  SINCE JUL 1     27.8                      34.9   -7.1     24.7
  SNOW DEPTH       0

DEGREE DAYS
 HEATING
  YESTERDAY       19                        12      7       16
  MONTH TO DATE  356                       444    -88      370
  SINCE MAR 1    961                      1202   -241      935
  SINCE JUL 1   4807                      5619   -812     5150

 COOLING
  YESTERDAY        0                         0      0        0
  MONTH TO DATE    0                         0      0        0
  SINCE MAR 1      0                         0      0        0
  SINCE JAN 1      0                         0      0        0
..................................................................

WIND (MPH)
  HIGHEST WIND SPEED    31   HIGHEST WIND DIRECTION     N (340)
  HIGHEST GUST SPEED    38   HIGHEST GUST DIRECTION    NW (330)
  AVERAGE WIND SPEED    20.3


SKY COVER
  AVERAGE SKY COVER 0.5


WEATHER CONDITIONS
 THE FOLLOWING WEATHER WAS RECORDED YESTERDAY.
  LIGHT RAIN
  FOG


RELATIVE HUMIDITY (PERCENT)
 HIGHEST    93
 LOWEST     38
 AVERAGE    66

..........................................................


THE GOODLAND KS CLIMATE NORMALS FOR TODAY
                         NORMAL    RECORD    YEAR
 MAXIMUM TEMPERATURE (F)   68        87      2013
                                             1967
                                             1915
 MINIMUM TEMPERATURE (F)   39        23      1908


SUNRISE AND SUNSET
APRIL 28 2016.........SUNRISE   551 AM MDT   SUNSET   738 PM MDT
APRIL 29 2016.........SUNRISE   550 AM MDT   SUNSET   739 PM MDT


-  INDICATES NEGATIVE NUMBERS.
R  INDICATES RECORD WAS SET OR TIED.
MM INDICATES DATA IS MISSING.
T  INDICATES TRACE AMOUNT.

&&

THE AVERAGE SOIL TEMPERATURE AT THE FOUR INCH DEPTH... 60

$$
