000
CDUS43 KGLD 110748
CLIGLD

CLIMATE REPORT
NATIONAL WEATHER SERVICE GOODLAND
1243 AM MST SAT NOV 11 2017

...................................

...THE GOODLAND KS CLIMATE SUMMARY FOR NOVEMBER 10 2017...

CLIMATE NORMAL PERIOD 1981 TO 2010
CLIMATE RECORD PERIOD 1895 TO 2017

WEATHER ITEM   OBSERVED TIME   RECORD YEAR NORMAL DEPARTURE LAST
                VALUE   (LST)  VALUE       VALUE  FROM      YEAR
                                                  NORMAL
..................................................................
TEMPERATURE (F)
 YESTERDAY
  MAXIMUM         41   1159 PM  87    1927  55    -14       76
  MINIMUM         18    327 AM   1    1950  28    -10       34
  AVERAGE         30                        42    -12       55

PRECIPITATION (IN)
  YESTERDAY        0.00          1.08 2004   0.02  -0.02     0.00
  MONTH TO DATE    0.00                      0.29  -0.29      T
  SINCE SEP 1      4.29                      2.88   1.41     2.53
  SINCE JAN 1     26.25                     18.78   7.47    16.57

SNOWFALL (IN)
  YESTERDAY        0.0                       0.1   -0.1      0.0
  MONTH TO DATE    0.0                       1.2   -1.2      0.0
  SINCE SEP 1      0.1                       3.8   -3.7       T
  SINCE JUL 1      0.1                       3.8   -3.7       T
  SNOW DEPTH       0

DEGREE DAYS
 HEATING
  YESTERDAY       35                        23     12       10
  MONTH TO DATE  266                       212     54      117
  SINCE SEP 1    777                       740     37      395
  SINCE JUL 1    777                       752     25      402

 COOLING
  YESTERDAY        0                         0      0        0
  MONTH TO DATE    0                         0      0        0
  SINCE SEP 1    140                       108     32      154
  SINCE JAN 1    959                       941     18     1103
..................................................................

WIND (MPH)
  HIGHEST WIND SPEED    17   HIGHEST WIND DIRECTION     S (160)
  HIGHEST GUST SPEED    22   HIGHEST GUST DIRECTION    SE (150)
  AVERAGE WIND SPEED    10.5


SKY COVER
  AVERAGE SKY COVER 0.8


WEATHER CONDITIONS
 THE FOLLOWING WEATHER WAS RECORDED YESTERDAY.
  FOG
  FOG W/VISIBILITY <= 1/4 MILE


RELATIVE HUMIDITY (PERCENT)
 HIGHEST   100
 LOWEST     84
 AVERAGE    92

..........................................................


THE GOODLAND KS CLIMATE NORMALS FOR TODAY
                         NORMAL    RECORD    YEAR
 MAXIMUM TEMPERATURE (F)   55        80      2005
 MINIMUM TEMPERATURE (F)   28         3      1940
                                             1911


SUNRISE AND SUNSET
NOVEMBER 11 2017......SUNRISE   626 AM MST   SUNSET   435 PM MST
NOVEMBER 12 2017......SUNRISE   627 AM MST   SUNSET   434 PM MST


-  INDICATES NEGATIVE NUMBERS.
R  INDICATES RECORD WAS SET OR TIED.
MM INDICATES DATA IS MISSING.
T  INDICATES TRACE AMOUNT.

&&

THE AVERAGE SOIL TEMPERATURE AT THE FOUR INCH DEPTH... 39
THE CURRENT DEPTH OF FROST... 0 INCHES

$$
