000
CDUS43 KGLD 230741
CLIGLD

CLIMATE REPORT
NATIONAL WEATHER SERVICE GOODLAND
139 AM MDT TUE SEP 23 2014

...................................

...THE GOODLAND KS CLIMATE SUMMARY FOR SEPTEMBER 22 2014...

CLIMATE NORMAL PERIOD 1981 TO 2010
CLIMATE RECORD PERIOD 1895 TO 2014

WEATHER ITEM   OBSERVED TIME   RECORD YEAR NORMAL DEPARTURE LAST
                VALUE   (LST)  VALUE       VALUE  FROM      YEAR
                                                  NORMAL
..................................................................
TEMPERATURE (F)
 YESTERDAY
  MAXIMUM         77    149 PM  96    1939  76      1       88
                                      1937
  MINIMUM         49    541 AM  30    1995  47      2       55
                                      1983
  AVERAGE         63                        62      1       72

PRECIPITATION (IN)
  YESTERDAY        0.61          1.16 1895   0.04   0.57     0.00
  MONTH TO DATE    1.69                      0.91   0.78     6.27
  SINCE SEP 1      1.69                      0.91   0.78     6.27
  SINCE JAN 1     15.59                     16.81  -1.22    15.06

SNOWFALL (IN)
  YESTERDAY        0.0                       0.0    0.0      0.0
  MONTH TO DATE    T                         0.2   -0.2      0.0
  SINCE SEP 1      T                         0.2   -0.2      0.0
  SINCE JUL 1      T                         0.2   -0.2      0.0
  SNOW DEPTH       0

DEGREE DAYS
 HEATING
  YESTERDAY        2                         5     -3        0
  MONTH TO DATE   95                        58     37       22
  SINCE SEP 1     95                        58     37       22
  SINCE JUL 1    108                        70     38       29

 COOLING
  YESTERDAY        0                         2     -2        7
  MONTH TO DATE   83                        90     -7      180
  SINCE SEP 1     83                        90     -7      180
  SINCE JAN 1    885                       923    -38     1178
..................................................................

WIND (MPH)
  HIGHEST WIND SPEED    31   HIGHEST WIND DIRECTION     S (180)
  HIGHEST GUST SPEED    37   HIGHEST GUST DIRECTION     S (170)
  AVERAGE WIND SPEED    18.1


SKY COVER
  AVERAGE SKY COVER 0.3


WEATHER CONDITIONS
THE FOLLOWING WEATHER WAS RECORDED YESTERDAY.
  THUNDERSTORM
  HEAVY RAIN
  RAIN
  LIGHT RAIN
  FOG


RELATIVE HUMIDITY (PERCENT)
 HIGHEST    90
 LOWEST     35
 AVERAGE    63

..........................................................


THE GOODLAND KS CLIMATE NORMALS FOR TODAY
                         NORMAL    RECORD    YEAR
 MAXIMUM TEMPERATURE (F)   76        95      2003
                                             1954
 MINIMUM TEMPERATURE (F)   47        29      1946


SUNRISE AND SUNSET
SEPTEMBER 23 2014.....SUNRISE   635 AM MDT   SUNSET   642 PM MDT
SEPTEMBER 24 2014.....SUNRISE   636 AM MDT   SUNSET   641 PM MDT


-  INDICATES NEGATIVE NUMBERS.
R  INDICATES RECORD WAS SET OR TIED.
MM INDICATES DATA IS MISSING.
T  INDICATES TRACE AMOUNT.

&&

THE AVERAGE SOIL TEMPERATURE AT THE FOUR INCH DEPTH... 65

$$
