000
CDUS43 KGLD 240738
CLIGLD

CLIMATE REPORT
NATIONAL WEATHER SERVICE GOODLAND
136 AM MDT MON AUG 24 2015

...................................

...THE GOODLAND KS CLIMATE SUMMARY FOR AUGUST 23 2015...

CLIMATE NORMAL PERIOD 1981 TO 2010
CLIMATE RECORD PERIOD 1895 TO 2015

WEATHER ITEM   OBSERVED TIME   RECORD YEAR NORMAL DEPARTURE LAST
                VALUE   (LST)  VALUE       VALUE  FROM      YEAR
                                                  NORMAL
..................................................................
TEMPERATURE (F)
 YESTERDAY
  MAXIMUM         76    409 PM 107    1943  87    -11       88
  MINIMUM         47    532 AM  38    1964  59    -12       60
  AVERAGE         62                        73    -11       74

PRECIPITATION (IN)
  YESTERDAY        0.00          1.25 1965   0.07  -0.07     0.00
  MONTH TO DATE    0.33                      2.16  -1.83     1.81
  SINCE JUN 1      4.92                      8.88  -3.96     9.41
  SINCE JAN 1     16.71                     15.36   1.35    12.95

SNOWFALL (IN)
  YESTERDAY        0.0                       0.0    0.0      0.0
  MONTH TO DATE    0.0                       0.0    0.0      0.0
  SINCE JUN 1      0.0                       0.0    0.0      0.0
  SINCE JUL 1      0.0                       0.0    0.0      0.0
  SNOW DEPTH       0

DEGREE DAYS
 HEATING
  YESTERDAY        3                         0      3        0
  MONTH TO DATE    5                         0      5        0
  SINCE JUN 1     11                        41    -30       51
  SINCE JUL 1      6                         4      2       13

 COOLING
  YESTERDAY        0                         8     -8        9
  MONTH TO DATE  236                       219     17      259
  SINCE JUN 1    821                       732     89      711
  SINCE JAN 1    827                       773     54      757
..................................................................

WIND (MPH)
  HIGHEST WIND SPEED    17   HIGHEST WIND DIRECTION     N (10)
  HIGHEST GUST SPEED    22   HIGHEST GUST DIRECTION     N (20)
  AVERAGE WIND SPEED     5.9


SKY COVER
  AVERAGE SKY COVER 0.1


WEATHER CONDITIONS
 THE FOLLOWING WEATHER WAS RECORDED YESTERDAY.
  NO SIGNIFICANT WEATHER WAS OBSERVED.


RELATIVE HUMIDITY (PERCENT)
 HIGHEST    71
 LOWEST     23
 AVERAGE    47

..........................................................


THE GOODLAND KS CLIMATE NORMALS FOR TODAY
                         NORMAL    RECORD    YEAR
 MAXIMUM TEMPERATURE (F)   87       105      1936
 MINIMUM TEMPERATURE (F)   59        43      1928


SUNRISE AND SUNSET
AUGUST 24 2015........SUNRISE   608 AM MDT   SUNSET   730 PM MDT
AUGUST 25 2015........SUNRISE   609 AM MDT   SUNSET   729 PM MDT


-  INDICATES NEGATIVE NUMBERS.
R  INDICATES RECORD WAS SET OR TIED.
MM INDICATES DATA IS MISSING.
T  INDICATES TRACE AMOUNT.

&&

THE AVERAGE SOIL TEMPERATURE AT THE FOUR INCH DEPTH... 73

$$
