000
CDUS43 KGLD 110750
CLIGLD

CLIMATE REPORT
NATIONAL WEATHER SERVICE GOODLAND
1244 AM MST THU JAN 11 2018

...................................

...THE GOODLAND KS CLIMATE SUMMARY FOR JANUARY 10 2018...

CLIMATE NORMAL PERIOD 1981 TO 2010
CLIMATE RECORD PERIOD 1895 TO 2018

WEATHER ITEM   OBSERVED TIME   RECORD YEAR NORMAL DEPARTURE LAST
                VALUE   (LST)  VALUE       VALUE  FROM      YEAR
                                                  NORMAL
..................................................................
TEMPERATURE (F)
 YESTERDAY
  MAXIMUM         70    254 PM  74    1990  43     27       60
  MINIMUM         20   1159 PM -14    1962  17      3       31
  AVERAGE         45                        30     15       46

PRECIPITATION (IN)
  YESTERDAY        0.10          0.32 1918   0.01   0.09     0.06
  MONTH TO DATE    0.10                      0.12  -0.02     0.21
  SINCE DEC 1      0.19                      0.58  -0.39     0.81
  SINCE JAN 1      0.10                      0.12  -0.02     0.21

SNOWFALL (IN)
  YESTERDAY        0.4                       0.1    0.3      0.0
  MONTH TO DATE    0.4                       1.8   -1.4      2.5
  SINCE DEC 1      1.9                       7.3   -5.4      7.5
  SINCE JUL 1      2.0                      14.5  -12.5      8.1
  SNOW DEPTH       0

DEGREE DAYS
 HEATING
  YESTERDAY       20                        35    -15       19
  MONTH TO DATE  319                       352    -33      431
  SINCE DEC 1   1393                      1440    -47     1633
  SINCE JUL 1   2544                      2759   -215     2496

 COOLING
  YESTERDAY        0                         0      0        0
  MONTH TO DATE    0                         0      0        0
  SINCE DEC 1      0                         0      0        0
  SINCE JAN 1      0                         0      0        0
..................................................................

WIND (MPH)
  HIGHEST WIND SPEED    39   HIGHEST WIND DIRECTION     N (360)
  HIGHEST GUST SPEED    54   HIGHEST GUST DIRECTION     N (360)
  AVERAGE WIND SPEED    11.7


SKY COVER
  AVERAGE SKY COVER 0.2


WEATHER CONDITIONS
 THE FOLLOWING WEATHER WAS RECORDED YESTERDAY.
  RAIN
  LIGHT RAIN
  LIGHT SNOW
  FOG
  BLOWING SNOW


RELATIVE HUMIDITY (PERCENT)
 HIGHEST    92
 LOWEST     25
 AVERAGE    59

..........................................................


THE GOODLAND KS CLIMATE NORMALS FOR TODAY
                         NORMAL    RECORD    YEAR
 MAXIMUM TEMPERATURE (F)   43        70      2006
                                             1999
 MINIMUM TEMPERATURE (F)   17       -17      1963
                                             1918


SUNRISE AND SUNSET
JANUARY 11 2018.......SUNRISE   706 AM MST   SUNSET   444 PM MST
JANUARY 12 2018.......SUNRISE   706 AM MST   SUNSET   445 PM MST


-  INDICATES NEGATIVE NUMBERS.
R  INDICATES RECORD WAS SET OR TIED.
MM INDICATES DATA IS MISSING.
T  INDICATES TRACE AMOUNT.

&&

THE AVERAGE SOIL TEMPERATURE AT THE FOUR INCH DEPTH... 35
THE CURRENT DEPTH OF FROST... 14 INCHES

$$
