000
CDUS43 KGLD 180755
CLIGLD

CLIMATE REPORT
NATIONAL WEATHER SERVICE GOODLAND
1246 AM MST FRI NOV 18 2016

...................................

...THE GOODLAND KS CLIMATE SUMMARY FOR NOVEMBER 17 2016...

CLIMATE NORMAL PERIOD 1981 TO 2010
CLIMATE RECORD PERIOD 1895 TO 2016

WEATHER ITEM   OBSERVED TIME   RECORD YEAR NORMAL DEPARTURE LAST
                VALUE   (LST)  VALUE       VALUE  FROM      YEAR
                                                  NORMAL
..................................................................
TEMPERATURE (F)
 YESTERDAY
  MAXIMUM         48    133 PM  79    1943  52     -4       40
  MINIMUM         30   1159 PM   3    2014  25      5       29
                                      1955
  AVERAGE         39                        38      1       35

PRECIPITATION (IN)
  YESTERDAY        0.10          0.53 1971   0.02   0.08     0.28
  MONTH TO DATE    0.10                      0.46  -0.36     0.77
  SINCE SEP 1      2.63                      3.05  -0.42     3.50
  SINCE JAN 1     16.67                     18.95  -2.28    20.25

SNOWFALL (IN)
  YESTERDAY        0.5                       0.2    0.3      4.0
  MONTH TO DATE    0.5                       2.4   -1.9      6.7
  SINCE SEP 1      0.5                       5.0   -4.5      6.7
  SINCE JUL 1      0.5                       5.0   -4.5      6.7
  SNOW DEPTH       0

DEGREE DAYS
 HEATING
  YESTERDAY       26                        27     -1       30
  MONTH TO DATE  223                       389   -166      319
  SINCE SEP 1    501                       917   -416      628
  SINCE JUL 1    508                       929   -421      634

 COOLING
  YESTERDAY        0                         0      0        0
  MONTH TO DATE    0                         0      0        0
  SINCE SEP 1    154                       108     46      237
  SINCE JAN 1   1103                       941    162     1145
..................................................................

WIND (MPH)
  HIGHEST WIND SPEED    32   HIGHEST WIND DIRECTION    NW (330)
  HIGHEST GUST SPEED    39   HIGHEST GUST DIRECTION    NW (320)
  AVERAGE WIND SPEED    16.2


SKY COVER
  AVERAGE SKY COVER 0.5


WEATHER CONDITIONS
 THE FOLLOWING WEATHER WAS RECORDED YESTERDAY.
  LIGHT RAIN
  LIGHT SNOW
  FOG


RELATIVE HUMIDITY (PERCENT)
 HIGHEST    92
 LOWEST     53
 AVERAGE    73

..........................................................


THE GOODLAND KS CLIMATE NORMALS FOR TODAY
                         NORMAL    RECORD    YEAR
 MAXIMUM TEMPERATURE (F)   51        77      2008
                                             1995
 MINIMUM TEMPERATURE (F)   25        11      1937
                                             1926


SUNRISE AND SUNSET
NOVEMBER 18 2016......SUNRISE   634 AM MST   SUNSET   429 PM MST
NOVEMBER 19 2016......SUNRISE   636 AM MST   SUNSET   429 PM MST


-  INDICATES NEGATIVE NUMBERS.
R  INDICATES RECORD WAS SET OR TIED.
MM INDICATES DATA IS MISSING.
T  INDICATES TRACE AMOUNT.

&&

THE AVERAGE SOIL TEMPERATURE AT THE FOUR INCH DEPTH... 55
THE CURRENT DEPTH OF FROST... 0 INCHES

$$
