000
CDUS43 KGLD 210752
CLIGLD

CLIMATE REPORT
NATIONAL WEATHER SERVICE GOODLAND
1248 AM MST TUE NOV 21 2017

...................................

...THE GOODLAND KS CLIMATE SUMMARY FOR NOVEMBER 20 2017...

CLIMATE NORMAL PERIOD 1981 TO 2010
CLIMATE RECORD PERIOD 1895 TO 2017

WEATHER ITEM   OBSERVED TIME   RECORD YEAR NORMAL DEPARTURE LAST
                VALUE   (LST)  VALUE       VALUE  FROM      YEAR
                                                  NORMAL
..................................................................
TEMPERATURE (F)
 YESTERDAY
  MAXIMUM         73    228 PM  75    1955  50     23       71
  MINIMUM         29    448 AM   4    1929  24      5       19
  AVERAGE         51                        37     14       45

PRECIPITATION (IN)
  YESTERDAY        0.00          0.90 1930   0.02  -0.02     0.00
  MONTH TO DATE    0.03                      0.52  -0.49     0.10
  SINCE SEP 1      4.32                      3.11   1.21     2.63
  SINCE JAN 1     26.28                     19.01   7.27    16.67

SNOWFALL (IN)
  YESTERDAY        0.0                       0.1   -0.1      0.0
  MONTH TO DATE    0.0                       2.8   -2.8      0.6
  SINCE SEP 1      0.1                       5.4   -5.3      0.6
  SINCE JUL 1      0.1                       5.4   -5.3      0.6
  SNOW DEPTH       0

DEGREE DAYS
 HEATING
  YESTERDAY       14                        28    -14       20
  MONTH TO DATE  471                       472     -1      317
  SINCE SEP 1    982                      1000    -18      595
  SINCE JUL 1    982                      1012    -30      602

 COOLING
  YESTERDAY        0                         0      0        0
  MONTH TO DATE    0                         0      0        0
  SINCE SEP 1    140                       108     32      154
  SINCE JAN 1    959                       941     18     1103
..................................................................

WIND (MPH)
  HIGHEST WIND SPEED    20   HIGHEST WIND DIRECTION     W (260)
  HIGHEST GUST SPEED    27   HIGHEST GUST DIRECTION     W (250)
  AVERAGE WIND SPEED     9.2


SKY COVER
  AVERAGE SKY COVER 0.0


WEATHER CONDITIONS
 THE FOLLOWING WEATHER WAS RECORDED YESTERDAY.
  NO SIGNIFICANT WEATHER WAS OBSERVED.


RELATIVE HUMIDITY (PERCENT)
 HIGHEST    53
 LOWEST      5
 AVERAGE    29

..........................................................


THE GOODLAND KS CLIMATE NORMALS FOR TODAY
                         NORMAL    RECORD    YEAR
 MAXIMUM TEMPERATURE (F)   49        75      2012
 MINIMUM TEMPERATURE (F)   23         4      1929


SUNRISE AND SUNSET
NOVEMBER 21 2017......SUNRISE   637 AM MST   SUNSET   428 PM MST
NOVEMBER 22 2017......SUNRISE   639 AM MST   SUNSET   427 PM MST


-  INDICATES NEGATIVE NUMBERS.
R  INDICATES RECORD WAS SET OR TIED.
MM INDICATES DATA IS MISSING.
T  INDICATES TRACE AMOUNT.

&&

THE AVERAGE SOIL TEMPERATURE AT THE FOUR INCH DEPTH... 40
THE CURRENT DEPTH OF FROST... 0 INCHES

$$
