044
CDUS43 KGLD 300744
CLIGLD

CLIMATE REPORT
NATIONAL WEATHER SERVICE GOODLAND
141 AM MDT THU MAR 30 2017

...................................

...THE GOODLAND KS CLIMATE SUMMARY FOR MARCH 29 2017...

CLIMATE NORMAL PERIOD 1981 TO 2010
CLIMATE RECORD PERIOD 1895 TO 2017

WEATHER ITEM   OBSERVED TIME   RECORD YEAR NORMAL DEPARTURE LAST
                VALUE   (LST)  VALUE       VALUE  FROM      YEAR
                                                  NORMAL
..................................................................
TEMPERATURE (F)
 YESTERDAY
  MAXIMUM         44    510 PM  88    1943  59    -15       76
  MINIMUM         34   1155 PM   2    1987  30      4       44
  AVERAGE         39                        44     -5       60

PRECIPITATION (IN)
  YESTERDAY        0.09          0.33 2011   0.05   0.04     0.00
  MONTH TO DATE    1.68                      0.98   0.70     0.55
  SINCE MAR 1      1.68                      0.98   0.70     0.55
  SINCE JAN 1      2.61                      1.85   0.76     1.41

SNOWFALL (IN)
  YESTERDAY        0.0                       0.3   -0.3      0.0
  MONTH TO DATE    T                         6.3   -6.3      4.4
  SINCE MAR 1      T                         6.3   -6.3      4.4
  SINCE JUL 1      9.4                      30.3  -20.9     27.8
  SNOW DEPTH       0

DEGREE DAYS
 HEATING
  YESTERDAY       26                        21      5        5
  MONTH TO DATE  550                       717   -167      562
  SINCE MAR 1    550                       717   -167      562
  SINCE JUL 1   4435                      5134   -699     4408

 COOLING
  YESTERDAY        0                         0      0        0
  MONTH TO DATE    0                         0      0        0
  SINCE MAR 1      0                         0      0        0
  SINCE JAN 1      0                         0      0        0
..................................................................

WIND (MPH)
  HIGHEST WIND SPEED    31   HIGHEST WIND DIRECTION     N (360)
  HIGHEST GUST SPEED    36   HIGHEST GUST DIRECTION     N (360)
  AVERAGE WIND SPEED    18.4


SKY COVER
  AVERAGE SKY COVER 0.8


WEATHER CONDITIONS
 THE FOLLOWING WEATHER WAS RECORDED YESTERDAY.
  LIGHT RAIN
  FOG


RELATIVE HUMIDITY (PERCENT)
 HIGHEST   100
 LOWEST     82
 AVERAGE    91

..........................................................


THE GOODLAND KS CLIMATE NORMALS FOR TODAY
                         NORMAL    RECORD    YEAR
 MAXIMUM TEMPERATURE (F)   59        88      2010
 MINIMUM TEMPERATURE (F)   30         2      1987


SUNRISE AND SUNSET
MARCH 30 2017.........SUNRISE   634 AM MDT   SUNSET   709 PM MDT
MARCH 31 2017.........SUNRISE   632 AM MDT   SUNSET   710 PM MDT


-  INDICATES NEGATIVE NUMBERS.
R  INDICATES RECORD WAS SET OR TIED.
MM INDICATES DATA IS MISSING.
T  INDICATES TRACE AMOUNT.

&&

THE AVERAGE SOIL TEMPERATURE AT THE FOUR INCH DEPTH... 45
THE CURRENT DEPTH OF FROST... 0 INCHES

$$
