000
CDUS43 KGLD 240743
CLIGLD

CLIMATE REPORT
NATIONAL WEATHER SERVICE GOODLAND
1241 AM MST SAT JAN 24 2015

...................................

...THE GOODLAND KS CLIMATE SUMMARY FOR JANUARY 23 2015...

CLIMATE NORMAL PERIOD 1981 TO 2010
CLIMATE RECORD PERIOD 1895 TO 2015

WEATHER ITEM   OBSERVED TIME   RECORD YEAR NORMAL DEPARTURE LAST
                VALUE   (LST)  VALUE       VALUE  FROM      YEAR
                                                  NORMAL
..................................................................
TEMPERATURE (F)
 YESTERDAY
  MAXIMUM         51    156 PM  69    1981  42      9       15
  MINIMUM         18    427 AM  -9    1963  17      1        4
  AVERAGE         35                        30      5       10

PRECIPITATION (IN)
  YESTERDAY        0.00          1.12 1921   0.01  -0.01     0.06
  MONTH TO DATE    0.21                      0.27  -0.06     0.20
  SINCE DEC 1      1.67                      0.73   0.94     0.25
  SINCE JAN 1      0.21                      0.27  -0.06     0.20

SNOWFALL (IN)
  YESTERDAY        0.0                       0.2   -0.2      1.0
  MONTH TO DATE    2.0                       4.2   -2.2      4.5
  SINCE DEC 1     11.7                       9.7    2.0      7.0
  SINCE JUL 1     11.9                      16.9   -5.0     11.3
  SNOW DEPTH       0

DEGREE DAYS
 HEATING
  YESTERDAY       30                        35     -5       55
  MONTH TO DATE  848                       807     41      784
  SINCE DEC 1   1907                      1895     12     1877
  SINCE JUL 1   3162                      3214    -52     3150

 COOLING
  YESTERDAY        0                         0      0        0
  MONTH TO DATE    0                         0      0        0
  SINCE DEC 1      0                         0      0        0
  SINCE JAN 1      0                         0      0        0
..................................................................

WIND (MPH)
  HIGHEST WIND SPEED    26   HIGHEST WIND DIRECTION     N (340)
  HIGHEST GUST SPEED    33   HIGHEST GUST DIRECTION     N (340)
  AVERAGE WIND SPEED    14.7


SKY COVER
  AVERAGE SKY COVER 0.2


WEATHER CONDITIONS
 THE FOLLOWING WEATHER WAS RECORDED YESTERDAY.
  NO SIGNIFICANT WEATHER WAS OBSERVED.


RELATIVE HUMIDITY (PERCENT)
 HIGHEST    84
 LOWEST     36
 AVERAGE    60

..........................................................


THE GOODLAND KS CLIMATE NORMALS FOR TODAY
                         NORMAL    RECORD    YEAR
 MAXIMUM TEMPERATURE (F)   42        71      1970
 MINIMUM TEMPERATURE (F)   17       -10      1897


SUNRISE AND SUNSET
JANUARY 24 2015.......SUNRISE   700 AM MST   SUNSET   458 PM MST
JANUARY 25 2015.......SUNRISE   700 AM MST   SUNSET   459 PM MST


-  INDICATES NEGATIVE NUMBERS.
R  INDICATES RECORD WAS SET OR TIED.
MM INDICATES DATA IS MISSING.
T  INDICATES TRACE AMOUNT.

&&

THE AVERAGE SOIL TEMPERATURE AT THE FOUR INCH DEPTH... 31
THE CURRENT DEPTH OF FROST... 2 INCHES

$$
