000
CDUS43 KGLD 130044
CLIGLD

CLIMATE REPORT
NATIONAL WEATHER SERVICE GOODLAND
642 PM MDT TUE SEP 12 2017

...................................

...THE GOODLAND KS CLIMATE SUMMARY FOR SEPTEMBER 12 2017...
VALID TODAY AS OF 0600 PM LOCAL TIME.

CLIMATE NORMAL PERIOD 1981 TO 2010
CLIMATE RECORD PERIOD 1895 TO 2017

WEATHER ITEM   OBSERVED TIME   RECORD YEAR NORMAL DEPARTURE LAST
                VALUE   (LST)  VALUE       VALUE  FROM      YEAR
                                                  NORMAL
..................................................................
TEMPERATURE (F)
 TODAY
  MAXIMUM         90    335 PM 100    1931  81      9       77
  MINIMUM         55    541 AM  34    2014  52      3       52
  AVERAGE         73                        66      7       65

PRECIPITATION (IN)
  TODAY            0.00          4.11 2013   0.04  -0.04     0.00
  MONTH TO DATE    0.00                      0.53  -0.53     1.67
  SINCE SEP 1      0.00                      0.53  -0.53     1.67
  SINCE JAN 1     21.96                     16.43   5.53    15.71

SNOWFALL (IN)
  TODAY            0.0                       0.1   -0.1      0.0
  MONTH TO DATE    0.0                       0.1   -0.1       T
  SINCE SEP 1      0.0                       0.1   -0.1       T
  SINCE JUL 1      T                         0.1   -0.1       T
  SNOW DEPTH       0

DEGREE DAYS
 HEATING
  TODAY            0                         2     -2        0
  MONTH TO DATE   11                        18     -7        8
  SINCE SEP 1     11                        18     -7        8
  SINCE JUL 1     11                        30    -19       15

 COOLING
  TODAY            8                         4      4        0
  MONTH TO DATE   74                        62     12       69
  SINCE SEP 1     74                        62     12       69
  SINCE JAN 1    893                       895     -2     1018
..................................................................

WIND (MPH)
  HIGHEST WIND SPEED    16   HIGHEST WIND DIRECTION     S (170)
  HIGHEST GUST SPEED    26   HIGHEST GUST DIRECTION    SE (150)
  AVERAGE WIND SPEED     8.1


SKY COVER
  AVERAGE SKY COVER 0.0


WEATHER CONDITIONS
 THE FOLLOWING WEATHER WAS RECORDED TODAY.
  NO SIGNIFICANT WEATHER WAS OBSERVED.


RELATIVE HUMIDITY (PERCENT)
 HIGHEST    86           600 AM
 LOWEST     24           400 PM
 AVERAGE    55

..........................................................


THE GOODLAND KS CLIMATE NORMALS FOR TOMORROW
                         NORMAL    RECORD    YEAR
 MAXIMUM TEMPERATURE (F)   80        98      2000
                                             1955
                                             1953
 MINIMUM TEMPERATURE (F)   51        34      1974


SUNRISE AND SUNSET
SEPTEMBER 12 2017.....SUNRISE   626 AM MDT   SUNSET   700 PM MDT
SEPTEMBER 13 2017.....SUNRISE   626 AM MDT   SUNSET   658 PM MDT


-  INDICATES NEGATIVE NUMBERS.
R  INDICATES RECORD WAS SET OR TIED.
MM INDICATES DATA IS MISSING.
T  INDICATES TRACE AMOUNT.

&&

THE AVERAGE SOIL TEMPERATURE AT THE FOUR INCH DEPTH... 75

$$
