000
CDUS43 KGLD 100748
CLIGLD

CLIMATE REPORT
NATIONAL WEATHER SERVICE GOODLAND
1245 AM MST FRI NOV 10 2017

...................................

...THE GOODLAND KS CLIMATE SUMMARY FOR NOVEMBER 9 2017...

CLIMATE NORMAL PERIOD 1981 TO 2010
CLIMATE RECORD PERIOD 1895 TO 2017

WEATHER ITEM   OBSERVED TIME   RECORD YEAR NORMAL DEPARTURE LAST
                VALUE   (LST)  VALUE       VALUE  FROM      YEAR
                                                  NORMAL
..................................................................
TEMPERATURE (F)
 YESTERDAY
  MAXIMUM         40    301 PM  82    1912  56    -16       69
  MINIMUM         20    644 AM   5    1950  29     -9       33
  AVERAGE         30                        42    -12       51

PRECIPITATION (IN)
  YESTERDAY        0.00          0.49 1919   0.03  -0.03     0.00
  MONTH TO DATE    0.00                      0.27  -0.27      T
  SINCE SEP 1      4.29                      2.86   1.43     2.53
  SINCE JAN 1     26.25                     18.76   7.49    16.57

SNOWFALL (IN)
  YESTERDAY        0.0                       0.1   -0.1      0.0
  MONTH TO DATE    0.0                       1.1   -1.1      0.0
  SINCE SEP 1      0.1                       3.7   -3.6       T
  SINCE JUL 1      0.1                       3.7   -3.6       T
  SNOW DEPTH       0

DEGREE DAYS
 HEATING
  YESTERDAY       35                        23     12       14
  MONTH TO DATE  231                       189     42      107
  SINCE SEP 1    742                       717     25      385
  SINCE JUL 1    742                       729     13      392

 COOLING
  YESTERDAY        0                         0      0        0
  MONTH TO DATE    0                         0      0        0
  SINCE SEP 1    140                       108     32      154
  SINCE JAN 1    959                       941     18     1103
..................................................................

WIND (MPH)
  HIGHEST WIND SPEED    17   HIGHEST WIND DIRECTION    SE (120)
  HIGHEST GUST SPEED    23   HIGHEST GUST DIRECTION     E (110)
  AVERAGE WIND SPEED     9.1


SKY COVER
  AVERAGE SKY COVER 0.1


WEATHER CONDITIONS
 THE FOLLOWING WEATHER WAS RECORDED YESTERDAY.
  NO SIGNIFICANT WEATHER WAS OBSERVED.


RELATIVE HUMIDITY (PERCENT)
 HIGHEST   100
 LOWEST     54
 AVERAGE    77

..........................................................


THE GOODLAND KS CLIMATE NORMALS FOR TODAY
                         NORMAL    RECORD    YEAR
 MAXIMUM TEMPERATURE (F)   55        87      1927
 MINIMUM TEMPERATURE (F)   28         1      1950


SUNRISE AND SUNSET
NOVEMBER 10 2017......SUNRISE   625 AM MST   SUNSET   436 PM MST
NOVEMBER 11 2017......SUNRISE   626 AM MST   SUNSET   435 PM MST


-  INDICATES NEGATIVE NUMBERS.
R  INDICATES RECORD WAS SET OR TIED.
MM INDICATES DATA IS MISSING.
T  INDICATES TRACE AMOUNT.

&&

THE AVERAGE SOIL TEMPERATURE AT THE FOUR INCH DEPTH... 43
THE CURRENT DEPTH OF FROST... 0 INCHES

$$
