928
CDUS43 KGLD 180753
CLIGLD

CLIMATE REPORT
NATIONAL WEATHER SERVICE GOODLAND
1248 AM MST SAT FEB 18 2017

...................................

...THE GOODLAND KS CLIMATE SUMMARY FOR FEBRUARY 17 2017...

CLIMATE NORMAL PERIOD 1981 TO 2010
CLIMATE RECORD PERIOD 1895 TO 2017

WEATHER ITEM   OBSERVED TIME   RECORD YEAR NORMAL DEPARTURE LAST
                VALUE   (LST)  VALUE       VALUE  FROM      YEAR
                                                  NORMAL
..................................................................
TEMPERATURE (F)
 YESTERDAY
  MAXIMUM         69    220 PM  81    1970  46     23       67
  MINIMUM         28    334 AM -15    1993  20      8       31
  AVERAGE         49                        33     16       49

PRECIPITATION (IN)
  YESTERDAY        0.00          0.42 1984   0.02  -0.02     0.00
  MONTH TO DATE    T                         0.27  -0.27     0.82
  SINCE DEC 1      1.52                      1.11   0.41     1.02
  SINCE JAN 1      0.92                      0.65   0.27     0.86

SNOWFALL (IN)
  YESTERDAY        0.0                       0.2   -0.2      0.0
  MONTH TO DATE    T                         3.6   -3.6     13.3
  SINCE DEC 1      8.8                      15.0   -6.2     15.2
  SINCE JUL 1      9.4                      22.2  -12.8     23.4
  SNOW DEPTH       0

DEGREE DAYS
 HEATING
  YESTERDAY       16                        32    -16       16
  MONTH TO DATE  425                       578   -153      538
  SINCE DEC 1   2743                      2762    -19     2539
  SINCE JUL 1   3606                      4081   -475     3599

 COOLING
  YESTERDAY        0                         0      0        0
  MONTH TO DATE    0                         0      0        0
  SINCE DEC 1      0                         0      0        0
  SINCE JAN 1      0                         0      0        0
..................................................................

WIND (MPH)
  HIGHEST WIND SPEED    29   HIGHEST WIND DIRECTION     N (350)
  HIGHEST GUST SPEED    35   HIGHEST GUST DIRECTION     N (350)
  AVERAGE WIND SPEED    11.4


SKY COVER
  AVERAGE SKY COVER 0.0


WEATHER CONDITIONS
 THE FOLLOWING WEATHER WAS RECORDED YESTERDAY.
  NO SIGNIFICANT WEATHER WAS OBSERVED.


RELATIVE HUMIDITY (PERCENT)
 HIGHEST    64
 LOWEST     14
 AVERAGE    39

..........................................................


THE GOODLAND KS CLIMATE NORMALS FOR TODAY
                         NORMAL    RECORD    YEAR
 MAXIMUM TEMPERATURE (F)   46        82      2016
 MINIMUM TEMPERATURE (F)   20        -4      2006
                                             1942


SUNRISE AND SUNSET
FEBRUARY 18 2017......SUNRISE   634 AM MST   SUNSET   527 PM MST
FEBRUARY 19 2017......SUNRISE   633 AM MST   SUNSET   529 PM MST


-  INDICATES NEGATIVE NUMBERS.
R  INDICATES RECORD WAS SET OR TIED.
MM INDICATES DATA IS MISSING.
T  INDICATES TRACE AMOUNT.

&&

THE AVERAGE SOIL TEMPERATURE AT THE FOUR INCH DEPTH... 43
THE CURRENT DEPTH OF FROST... 0 INCHES

$$
