000
CDUS43 KGLD 110046
CLIGLD

CLIMATE REPORT
NATIONAL WEATHER SERVICE GOODLAND
638 PM MDT SAT SEP 10 2016

...................................

...THE GOODLAND KS CLIMATE SUMMARY FOR SEPTEMBER 10 2016...
VALID TODAY AS OF 0600 PM LOCAL TIME.

CLIMATE NORMAL PERIOD 1981 TO 2010
CLIMATE RECORD PERIOD 1895 TO 2016

WEATHER ITEM   OBSERVED TIME   RECORD YEAR NORMAL DEPARTURE LAST
                VALUE   (LST)  VALUE       VALUE  FROM      YEAR
                                                  NORMAL
..................................................................
TEMPERATURE (F)
 TODAY
  MAXIMUM         78    258 PM 100    1936  82     -4       92
                                      1895
  MINIMUM         42    552 AM  34    1907  53    -11       50
  AVERAGE         60                        67     -7       71

PRECIPITATION (IN)
  TODAY            0.00          0.71 1967   0.04  -0.04     0.00
  MONTH TO DATE    1.67                      0.45   1.22     0.09
  SINCE SEP 1      1.67                      0.45   1.22     0.09
  SINCE JAN 1     15.71                     16.35  -0.64    16.84

SNOWFALL (IN)
  TODAY            0.0                       0.0    0.0      0.0
  MONTH TO DATE    T                         0.0    0.0      0.0
  SINCE SEP 1      T                         0.0    0.0      0.0
  SINCE JUL 1      T                         0.0    0.0      0.0
  SNOW DEPTH       0

DEGREE DAYS
 HEATING
  TODAY            5                         2      3        0
  MONTH TO DATE    8                        14     -6        0
  SINCE SEP 1      8                        14     -6        0
  SINCE JUL 1     15                        26    -11        6

 COOLING
  TODAY            0                         4     -4        6
  MONTH TO DATE   64                        54     10      114
  SINCE SEP 1     64                        54     10      114
  SINCE JAN 1   1013                       887    126     1022
..................................................................

WIND (MPH)
  HIGHEST WIND SPEED    20   HIGHEST WIND DIRECTION     S (190)
  HIGHEST GUST SPEED    24   HIGHEST GUST DIRECTION     S (200)
  AVERAGE WIND SPEED     9.8


SKY COVER
  AVERAGE SKY COVER 0.0


WEATHER CONDITIONS
 THE FOLLOWING WEATHER WAS RECORDED TODAY.
  NO SIGNIFICANT WEATHER WAS OBSERVED.


RELATIVE HUMIDITY (PERCENT)
 HIGHEST    82           100 AM
 LOWEST     20           100 PM
 AVERAGE    51

..........................................................


THE GOODLAND KS CLIMATE NORMALS FOR TOMORROW
                         NORMAL    RECORD    YEAR
 MAXIMUM TEMPERATURE (F)   81        99      1895
 MINIMUM TEMPERATURE (F)   52        37      1989


SUNRISE AND SUNSET
SEPTEMBER 10 2016.....SUNRISE   624 AM MDT   SUNSET   702 PM MDT
SEPTEMBER 11 2016.....SUNRISE   625 AM MDT   SUNSET   701 PM MDT


-  INDICATES NEGATIVE NUMBERS.
R  INDICATES RECORD WAS SET OR TIED.
MM INDICATES DATA IS MISSING.
T  INDICATES TRACE AMOUNT.

&&

THE AVERAGE SOIL TEMPERATURE AT THE FOUR INCH DEPTH... 66

$$
