000
CDUS43 KGLD 290743
CLIGLD

CLIMATE REPORT
NATIONAL WEATHER SERVICE GOODLAND
139 AM MDT MON JUN 29 2015

...................................

...THE GOODLAND KS CLIMATE SUMMARY FOR JUNE 28 2015...

CLIMATE NORMAL PERIOD 1981 TO 2010
CLIMATE RECORD PERIOD 1895 TO 2015

WEATHER ITEM   OBSERVED TIME   RECORD YEAR NORMAL DEPARTURE LAST
                VALUE   (LST)  VALUE       VALUE  FROM      YEAR
                                                  NORMAL
..................................................................
TEMPERATURE (F)
 YESTERDAY
  MAXIMUM         92    326 PM 106    1970  88      4       83
  MINIMUM         56    435 AM  43    1985  59     -3       55
  AVERAGE         74                        74      0       69

PRECIPITATION (IN)
  YESTERDAY        0.00          4.15 1989   0.11  -0.11     0.00
  MONTH TO DATE    2.31                      3.05  -0.74     5.05
  SINCE JUN 1      2.31                      3.05  -0.74     5.05
  SINCE JAN 1     14.10                      9.53   4.57     8.59

SNOWFALL (IN)
  YESTERDAY        0.0                       0.0    0.0      0.0
  MONTH TO DATE    0.0                       0.0    0.0      0.0
  SINCE JUN 1      0.0                       0.0    0.0      0.0
  SINCE JUL 1     24.7                      35.5  -10.8     29.1
  SNOW DEPTH       0

DEGREE DAYS
 HEATING
  YESTERDAY        0                         0      0        0
  MONTH TO DATE    5                        36    -31       38
  SINCE JUN 1      5                        36    -31       38
  SINCE JUL 1   5432                      5902   -470     5996

 COOLING
  YESTERDAY        9                         9      0        4
  MONTH TO DATE  219                       161     58      130
  SINCE JUN 1    219                       161     58      130
  SINCE JAN 1    225                       202     23      176
..................................................................

WIND (MPH)
  HIGHEST WIND SPEED    15   HIGHEST WIND DIRECTION    NE (60)
  HIGHEST GUST SPEED    20   HIGHEST GUST DIRECTION    NE (40)
  AVERAGE WIND SPEED     6.9


SKY COVER
  AVERAGE SKY COVER 0.0


WEATHER CONDITIONS
 THE FOLLOWING WEATHER WAS RECORDED YESTERDAY.
  NO SIGNIFICANT WEATHER WAS OBSERVED.


RELATIVE HUMIDITY (PERCENT)
 HIGHEST    86
 LOWEST     21
 AVERAGE    54

..........................................................


THE GOODLAND KS CLIMATE NORMALS FOR TODAY
                         NORMAL    RECORD    YEAR
 MAXIMUM TEMPERATURE (F)   89       107      1963
 MINIMUM TEMPERATURE (F)   59        45      1908


SUNRISE AND SUNSET
JUNE 29 2015..........SUNRISE   523 AM MDT   SUNSET   818 PM MDT
JUNE 30 2015..........SUNRISE   523 AM MDT   SUNSET   818 PM MDT


-  INDICATES NEGATIVE NUMBERS.
R  INDICATES RECORD WAS SET OR TIED.
MM INDICATES DATA IS MISSING.
T  INDICATES TRACE AMOUNT.

&&

THE AVERAGE SOIL TEMPERATURE AT THE FOUR INCH DEPTH... 75

$$
